{"id":22,"date":"2017-05-19T10:00:34","date_gmt":"2017-05-19T10:00:34","guid":{"rendered":"http:\/\/physics.uwb.edu.pl\/wf\/figiel\/?page_id=22"},"modified":"2017-05-19T10:12:47","modified_gmt":"2017-05-19T10:12:47","slug":"kontakt","status":"publish","type":"page","link":"https:\/\/physics.uwb.edu.pl\/wf\/figiel\/kontakt\/","title":{"rendered":"Kontakt"},"content":{"rendered":"<p>Aktualnie ko\u0142o prowadzone jest przez <a href=\"http:\/\/physics.uwb.edu.pl\/wf\/?pracownik=tomasz-karpiuk\" target=\"_blank\" rel=\"noopener noreferrer\">dr hab. Tomasza Karpiuka<\/a>.<\/p>\n<p>Wydzia\u0142 Fizyki,<br \/>\nUniwersytet w Bia\u0142ymstoku,<br \/>\nul. Cio\u0142kowskiego 1L<br \/>\n15-245 Bia\u0142ystok<\/p>\n<p>Pok\u00f3j: 2044<br \/>\nTelefon: 48-85-738-8197<br \/>\nE-mail: <a href=\"mailto:t.karpiuk@uwb.edu.pl\">t.karpiuk@uwb.edu.pl<\/a><\/p>\n","protected":false},"excerpt":{"rendered":"<p>Aktualnie ko\u0142o prowadzone jest przez dr hab. Tomasza Karpiuka. Wydzia\u0142 Fizyki, Uniwersytet w Bia\u0142ymstoku, ul. Cio\u0142kowskiego 1L 15-245 Bia\u0142ystok Pok\u00f3j: 2044 Telefon: 48-85-738-8197 E-mail: t.karpiuk@uwb.edu.pl<\/p>\n","protected":false},"author":6,"featured_media":0,"parent":0,"menu_order":0,"comment_status":"closed","ping_status":"closed","template":"","meta":{"ngg_post_thumbnail":0,"footnotes":""},"class_list":["post-22","page","type-page","status-publish","hentry"],"_links":{"self":[{"href":"https:\/\/physics.uwb.edu.pl\/wf\/figiel\/wp-json\/wp\/v2\/pages\/22","targetHints":{"allow":["GET"]}}],"collection":[{"href":"https:\/\/physics.uwb.edu.pl\/wf\/figiel\/wp-json\/wp\/v2\/pages"}],"about":[{"href":"https:\/\/physics.uwb.edu.pl\/wf\/figiel\/wp-json\/wp\/v2\/types\/page"}],"author":[{"embeddable":true,"href":"https:\/\/physics.uwb.edu.pl\/wf\/figiel\/wp-json\/wp\/v2\/users\/6"}],"replies":[{"embeddable":true,"href":"https:\/\/physics.uwb.edu.pl\/wf\/figiel\/wp-json\/wp\/v2\/comments?post=22"}],"version-history":[{"count":4,"href":"https:\/\/physics.uwb.edu.pl\/wf\/figiel\/wp-json\/wp\/v2\/pages\/22\/revisions"}],"predecessor-version":[{"id":27,"href":"https:\/\/physics.uwb.edu.pl\/wf\/figiel\/wp-json\/wp\/v2\/pages\/22\/revisions\/27"}],"wp:attachment":[{"href":"https:\/\/physics.uwb.edu.pl\/wf\/figiel\/wp-json\/wp\/v2\/media?parent=22"}],"curies":[{"name":"wp","href":"https:\/\/api.w.org\/{rel}","templated":true}]}}