{"id":10138,"date":"2019-09-20T14:35:11","date_gmt":"2019-09-20T12:35:11","guid":{"rendered":"http:\/\/physics.uwb.edu.pl\/wf\/?page_id=10138"},"modified":"2019-09-20T14:35:11","modified_gmt":"2019-09-20T12:35:11","slug":"fizycy-uwb-zademonstrowali-nowa-ultraszybka-metode-zapisu-informacji-2-2-2-2-4","status":"publish","type":"page","link":"https:\/\/physics.uwb.edu.pl\/wf\/?page_id=10138","title":{"rendered":"Inauguracja Roku Akademickiego 2019\/20"},"content":{"rendered":"<p style=\"text-align: center\"><strong>UROCZYSTA INAUGURACJA <\/strong><strong>ROKU AKADEMICKIEGO 2019\/20 <\/strong><\/p>\n<p style=\"text-align: center\"><strong>NA WYDZIALE FIZYKI <\/strong><strong>UNIWERSYTETU W BIA\u0141YMSTOKU<\/strong><\/p>\n<p><strong>&nbsp;<\/strong><\/p>\n<p><strong>&nbsp;<\/strong>Inauguracja odb\u0119dzie si\u0119 <strong>1 pa\u017adziernika 2019 r. (wtorek) <\/strong><strong>o godzinie 12.15 w auli (sala nr 2011) <\/strong>Wydzia\u0142u Fizyki w kampusie UwB, ul. K. Cio\u0142kowskiego 1L.<\/p>\n<p><strong>Program uroczysto\u015bci<\/strong><\/p>\n<ul>\n<li>Powitanie Go\u015bci, student\u00f3w oraz pracownik\u00f3w.<\/li>\n<li>Wyst\u0105pienie Dziekana Wydzia\u0142u Fizyki.<\/li>\n<li>Wr\u0119czenie pracownikom Wydzia\u0142u Fizyki dyplom\u00f3w jubileuszowych za d\u0142ugoletni\u0105 prac\u0119 w uczelni.<\/li>\n<li>Wyst\u0105pienia zaproszonych Go\u015bci.<\/li>\n<li>Immatrykulacja student\u00f3w.<\/li>\n<li>Wyk\u0142ad inauguracyjny dr hab. Katarzyny Re\u0107ko<\/li>\n<\/ul>\n<p><em>Wybrane w\u0142asno\u015bci nanocz\u0105stek ferrytowych o potencjalnych zastosowaniach biomedycznych.<\/em><\/p>\n<p>&nbsp;<\/p>\n<p style=\"text-align: center\"><em>Serdecznie zapraszam wszystkich student\u00f3w, doktorant\u00f3w <\/em><em>i pracownik\u00f3w do wzi\u0119cia udzia\u0142u w uroczysto\u015bci.<\/em><\/p>\n<p>&nbsp;<\/p>\n<p style=\"text-align: right\"><em>Dziekan Wydzia\u0142u Fizyki<\/em><\/p>\n<p style=\"text-align: right\"><em>prof. dr hab. Piotr Jaranowski<\/em><\/p>\n<p>&nbsp;<\/p>\n<p><strong>Z okazji uroczystej inauguracji roku akademickiego 2019\/20 w dn. 1 pa\u017adziernika br. zaj\u0119cia dydaktyczne <\/strong><strong>na Wydziale Fizyki nie b\u0119d\u0105 si\u0119 odbywa\u0107.<\/strong><\/p>\n<p><strong>&nbsp;<\/strong>Po zako\u0144czeniu uroczysto\u015bci odb\u0119dzie si\u0119&nbsp; w auli spotkanie student\u00f3w I lat studi\u00f3w I i II stopnia, na kt\u00f3rym zostan\u0105 przekazane dodatkowe informacje.<\/p>\n","protected":false},"excerpt":{"rendered":"<p>UROCZYSTA INAUGURACJA ROKU AKADEMICKIEGO 2019\/20 NA WYDZIALE FIZYKI UNIWERSYTETU W BIA\u0141YMSTOKU &nbsp; &nbsp;Inauguracja odb\u0119dzie si\u0119 1 pa\u017adziernika 2019 r. (wtorek) o godzinie 12.15 w auli (sala nr 2011) Wydzia\u0142u Fizyki <a href=\"https:\/\/physics.uwb.edu.pl\/wf\/?page_id=10138\" class=\"more-link\">[&hellip;]<\/a><\/p>\n","protected":false},"author":14,"featured_media":8320,"parent":713,"menu_order":0,"comment_status":"closed","ping_status":"closed","template":"","meta":{"ngg_post_thumbnail":0,"Layout":"1c","footnotes":""},"categories":[27,3],"tags":[],"class_list":["entry","author-ulag","post-10138","page","type-page","status-publish","has-post-thumbnail","category-post_news_pl","category-wydzialowe_pl"],"jetpack_sharing_enabled":true,"jetpack_shortlink":"https:\/\/wp.me\/P7nvcn-2Dw","_links":{"self":[{"href":"https:\/\/physics.uwb.edu.pl\/wf\/index.php?rest_route=\/wp\/v2\/pages\/10138","targetHints":{"allow":["GET"]}}],"collection":[{"href":"https:\/\/physics.uwb.edu.pl\/wf\/index.php?rest_route=\/wp\/v2\/pages"}],"about":[{"href":"https:\/\/physics.uwb.edu.pl\/wf\/index.php?rest_route=\/wp\/v2\/types\/page"}],"author":[{"embeddable":true,"href":"https:\/\/physics.uwb.edu.pl\/wf\/index.php?rest_route=\/wp\/v2\/users\/14"}],"replies":[{"embeddable":true,"href":"https:\/\/physics.uwb.edu.pl\/wf\/index.php?rest_route=%2Fwp%2Fv2%2Fcomments&post=10138"}],"version-history":[{"count":2,"href":"https:\/\/physics.uwb.edu.pl\/wf\/index.php?rest_route=\/wp\/v2\/pages\/10138\/revisions"}],"predecessor-version":[{"id":11418,"href":"https:\/\/physics.uwb.edu.pl\/wf\/index.php?rest_route=\/wp\/v2\/pages\/10138\/revisions\/11418"}],"up":[{"embeddable":true,"href":"https:\/\/physics.uwb.edu.pl\/wf\/index.php?rest_route=\/wp\/v2\/pages\/713"}],"wp:featuredmedia":[{"embeddable":true,"href":"https:\/\/physics.uwb.edu.pl\/wf\/index.php?rest_route=\/wp\/v2\/media\/8320"}],"wp:attachment":[{"href":"https:\/\/physics.uwb.edu.pl\/wf\/index.php?rest_route=%2Fwp%2Fv2%2Fmedia&parent=10138"}],"wp:term":[{"taxonomy":"category","embeddable":true,"href":"https:\/\/physics.uwb.edu.pl\/wf\/index.php?rest_route=%2Fwp%2Fv2%2Fcategories&post=10138"},{"taxonomy":"post_tag","embeddable":true,"href":"https:\/\/physics.uwb.edu.pl\/wf\/index.php?rest_route=%2Fwp%2Fv2%2Ftags&post=10138"}],"curies":[{"name":"wp","href":"https:\/\/api.w.org\/{rel}","templated":true}]}}

<p style="text-align: center"><strong>UROCZYSTA INAUGURACJA </strong><strong>ROKU AKADEMICKIEGO 2019/20 </strong></p>
<p style="text-align: center"><strong>NA WYDZIALE FIZYKI </strong><strong>UNIWERSYTETU W BIAŁYMSTOKU</strong></p>
<p><strong>&nbsp;</strong></p>
<p><strong>&nbsp;</strong>Inauguracja odbędzie się <strong>1 października 2019 r. (wtorek) </strong><strong>o godzinie 12.15 w auli (sala nr 2011) </strong>Wydziału Fizyki w kampusie UwB, ul. K. Ciołkowskiego 1L.</p>
<p><strong>Program uroczystości</strong></p>
<ul>
<li>Powitanie Gości, studentów oraz pracowników.</li>
<li>Wystąpienie Dziekana Wydziału Fizyki.</li>
<li>Wręczenie pracownikom Wydziału Fizyki dyplomów jubileuszowych za długoletnią pracę w uczelni.</li>
<li>Wystąpienia zaproszonych Gości.</li>
<li>Immatrykulacja studentów.</li>
<li>Wykład inauguracyjny dr hab. Katarzyny Rećko</li>
</ul>
<p><em>Wybrane własności nanocząstek ferrytowych o potencjalnych zastosowaniach biomedycznych.</em></p>
<p>&nbsp;</p>
<p style="text-align: center"><em>Serdecznie zapraszam wszystkich studentów, doktorantów </em><em>i pracowników do wzięcia udziału w uroczystości.</em></p>
<p>&nbsp;</p>
<p style="text-align: right"><em>Dziekan Wydziału Fizyki</em></p>
<p style="text-align: right"><em>prof. dr hab. Piotr Jaranowski</em></p>
<p>&nbsp;</p>
<p><strong>Z okazji uroczystej inauguracji roku akademickiego 2019/20 w dn. 1 października br. zajęcia dydaktyczne </strong><strong>na Wydziale Fizyki nie będą się odbywać.</strong></p>
<p><strong>&nbsp;</strong>Po zakończeniu uroczystości odbędzie się&nbsp; w auli spotkanie studentów I lat studiów I i II stopnia, na którym zostaną przekazane dodatkowe informacje.</p>

<p>UROCZYSTA INAUGURACJA ROKU AKADEMICKIEGO 2019/20 NA WYDZIALE FIZYKI UNIWERSYTETU W BIAŁYMSTOKU &nbsp; &nbsp;Inauguracja odbędzie się 1 października 2019 r. (wtorek) o godzinie 12.15 w auli (sala nr 2011) Wydziału Fizyki <a href="https://physics.uwb.edu.pl/wf/?page_id=10138" class="more-link">[&hellip;]</a></p>
