{"id":10396,"date":"2019-11-07T09:30:07","date_gmt":"2019-11-07T08:30:07","guid":{"rendered":"http:\/\/physics.uwb.edu.pl\/wf\/?page_id=10396"},"modified":"2019-11-12T12:28:27","modified_gmt":"2019-11-12T11:28:27","slug":"o-marianie-smoluchowskim-w-setna-rocznice-smierci-2-2-2-2-2-4-3-2-2-2-2-2-2-2-3-3-2-3-2-2-2-2-3-2-2-2-2-2-2-3-2-2-2-2-2-2-2-2-2-2-2-2-2","status":"publish","type":"page","link":"https:\/\/physics.uwb.edu.pl\/wf\/?page_id=10396","title":{"rendered":"Osi\u0105gni\u0119cia pracownik\u00f3w Wydzia\u0142u Fizyki w latach 2017-19 w \u015bwietle rozporz\u0105dzenia MNiSW o ewaluacji jako\u015bci dzia\u0142alno\u015bci naukowej"},"content":{"rendered":"\r\n<h3 class=\"wp-block-heading\"><strong>Konwersatorium wydzia\u0142owe<br><\/strong><\/h3>\r\n\r\n\r\n\r\n<p>Dnia 2019-11-12 o godzinie 13:15 w sali 2011 Wydzia\u0142u Fizyki UwB odb\u0119dzie si\u0119 wyk\u0142ad, na kt\u00f3rym <strong>prof. dr hab. Izabela \u015awi\u0119cicka prorektor ds. nauki UwB<\/strong> wyg\u0142osi wyk\u0142ad pt:<\/p>\r\n\r\n\r\n\r\n<p class=\"has-large-font-size\" style=\"text-align: center;\">&#8220;<strong>Osi\u0105gni\u0119cia pracownik\u00f3w Wydzia\u0142u Fizyki w latach 2017-19 w \u015bwietle rozporz\u0105dzenia MNiSW o ewaluacji jako\u015bci dzia\u0142alno\u015bci naukowej<\/strong>&#8220;<\/p>\r\n\r\n<p>&nbsp;<\/p>\r\n\r\n<p style=\"text-align: right;\">Serdecznie zapraszamy<\/p>\r\n\r\n\r\n\r\n<p style=\"text-align: right;\">Andrzej Maziewski<\/p>\r\n\r\n\r\n\r\n<p style=\"text-align: right;\">Jerzy Przeszowski<\/p>\r\n\r\n\r\n\r\n<p>&nbsp;&nbsp;&nbsp;&nbsp;<\/p>\r\n<p style=\"text-align: justify;\">Podczas wyst\u0105pienia zostan\u0105 przedstawione najwa\u017cniejsze aspekty Rozporz\u0105dzenia Ministra Nauki i Szkolnictwa Wy\u017cszego z dnia 22 lutego 2019 r. w sprawie ewaluacji jako\u015bci dzia\u0142alno\u015bci naukowej, takie jak kryteria oceny, udzia\u0142y jednostkowe autora w publikacji, punktacje prac jednoautorskich i wieloautorskich. W drugiej cz\u0119\u015bci wyst\u0105pienia zostan\u0105 zaprezentowane osi\u0105gni\u0119cia Wydzia\u0142u Fizyki w kontek\u015bcie ewaluacji dyscypliny nauki fizyczne w 2021 roku.<\/p>\r\n","protected":false},"excerpt":{"rendered":"<p>Konwersatorium wydzia\u0142owe Dnia 2019-11-12 o godzinie 13:15 w sali 2011 Wydzia\u0142u Fizyki UwB odb\u0119dzie si\u0119 wyk\u0142ad, na kt\u00f3rym prof. dr hab. Izabela \u015awi\u0119cicka prorektor ds. nauki UwB wyg\u0142osi wyk\u0142ad pt: <a href=\"https:\/\/physics.uwb.edu.pl\/wf\/?page_id=10396\" class=\"more-link\">[&hellip;]<\/a><\/p>\n","protected":false},"author":14,"featured_media":8413,"parent":822,"menu_order":0,"comment_status":"closed","ping_status":"closed","template":"","meta":{"ngg_post_thumbnail":0,"Layout":"1c","footnotes":""},"categories":[69],"tags":[],"class_list":["entry","author-ulag","post-10396","page","type-page","status-publish","has-post-thumbnail","category-seminarium_pl"],"jetpack_sharing_enabled":true,"jetpack_shortlink":"https:\/\/wp.me\/P7nvcn-2HG","_links":{"self":[{"href":"https:\/\/physics.uwb.edu.pl\/wf\/index.php?rest_route=\/wp\/v2\/pages\/10396","targetHints":{"allow":["GET"]}}],"collection":[{"href":"https:\/\/physics.uwb.edu.pl\/wf\/index.php?rest_route=\/wp\/v2\/pages"}],"about":[{"href":"https:\/\/physics.uwb.edu.pl\/wf\/index.php?rest_route=\/wp\/v2\/types\/page"}],"author":[{"embeddable":true,"href":"https:\/\/physics.uwb.edu.pl\/wf\/index.php?rest_route=\/wp\/v2\/users\/14"}],"replies":[{"embeddable":true,"href":"https:\/\/physics.uwb.edu.pl\/wf\/index.php?rest_route=%2Fwp%2Fv2%2Fcomments&post=10396"}],"version-history":[{"count":2,"href":"https:\/\/physics.uwb.edu.pl\/wf\/index.php?rest_route=\/wp\/v2\/pages\/10396\/revisions"}],"predecessor-version":[{"id":10402,"href":"https:\/\/physics.uwb.edu.pl\/wf\/index.php?rest_route=\/wp\/v2\/pages\/10396\/revisions\/10402"}],"up":[{"embeddable":true,"href":"https:\/\/physics.uwb.edu.pl\/wf\/index.php?rest_route=\/wp\/v2\/pages\/822"}],"wp:featuredmedia":[{"embeddable":true,"href":"https:\/\/physics.uwb.edu.pl\/wf\/index.php?rest_route=\/wp\/v2\/media\/8413"}],"wp:attachment":[{"href":"https:\/\/physics.uwb.edu.pl\/wf\/index.php?rest_route=%2Fwp%2Fv2%2Fmedia&parent=10396"}],"wp:term":[{"taxonomy":"category","embeddable":true,"href":"https:\/\/physics.uwb.edu.pl\/wf\/index.php?rest_route=%2Fwp%2Fv2%2Fcategories&post=10396"},{"taxonomy":"post_tag","embeddable":true,"href":"https:\/\/physics.uwb.edu.pl\/wf\/index.php?rest_route=%2Fwp%2Fv2%2Ftags&post=10396"}],"curies":[{"name":"wp","href":"https:\/\/api.w.org\/{rel}","templated":true}]}}

Osiągnięcia pracowników Wydziału Fizyki w latach 2017-19 w świetle rozporządzenia MNiSW o ewaluacji jakości działalności naukowej

<h3 class="wp-block-heading"><strong>Konwersatorium wydziałowe<br></strong></h3>



<p>Dnia 2019-11-12 o godzinie 13:15 w sali 2011 Wydziału Fizyki UwB odbędzie się wykład, na którym <strong>prof. dr hab. Izabela Święcicka prorektor ds. nauki UwB</strong> wygłosi wykład pt:</p>



<p class="has-large-font-size" style="text-align: center;">&#8220;<strong>Osiągnięcia pracowników Wydziału Fizyki w latach 2017-19 w świetle rozporządzenia MNiSW o ewaluacji jakości działalności naukowej</strong>&#8220;</p>

<p>&nbsp;</p>

<p style="text-align: right;">Serdecznie zapraszamy</p>



<p style="text-align: right;">Andrzej Maziewski</p>



<p style="text-align: right;">Jerzy Przeszowski</p>



<p>&nbsp;&nbsp;&nbsp;&nbsp;</p>
<p style="text-align: justify;">Podczas wystąpienia zostaną przedstawione najważniejsze aspekty Rozporządzenia Ministra Nauki i Szkolnictwa Wyższego z dnia 22 lutego 2019 r. w sprawie ewaluacji jakości działalności naukowej, takie jak kryteria oceny, udziały jednostkowe autora w publikacji, punktacje prac jednoautorskich i wieloautorskich. W drugiej części wystąpienia zostaną zaprezentowane osiągnięcia Wydziału Fizyki w kontekście ewaluacji dyscypliny nauki fizyczne w 2021 roku.</p>

<p>Konwersatorium wydziałowe Dnia 2019-11-12 o godzinie 13:15 w sali 2011 Wydziału Fizyki UwB odbędzie się wykład, na którym prof. dr hab. Izabela Święcicka prorektor ds. nauki UwB wygłosi wykład pt: <a href="https://physics.uwb.edu.pl/wf/?page_id=10396" class="more-link">[&hellip;]</a></p>
