{"id":12305,"date":"2021-06-15T13:55:58","date_gmt":"2021-06-15T11:55:58","guid":{"rendered":"https:\/\/physics.uwb.edu.pl\/wf\/?page_id=12305"},"modified":"2021-06-15T13:59:35","modified_gmt":"2021-06-15T11:59:35","slug":"east-games-united-2-2-3-3-2-2-4-2-2-2","status":"publish","type":"page","link":"https:\/\/physics.uwb.edu.pl\/wf\/?page_id=12305","title":{"rendered":"Wystawa: Fizycy stulecia PTF"},"content":{"rendered":"<div class=\"entry-content\">\n<div class=\"entry-content\">\n<h2 class=\"pull-left news-header font-headlines\">Fizycy stulecia Polskiego Towarzystwa Fizycznego \u2013 to wyj\u0105tkowa wystawa w kampusie Uniwersytetu w Bia\u0142ymstoku<\/h2>\n<p>10 wybitnych polskich fizyk\u00f3w, kt\u00f3rych dokonania i odkrycia przyczyni\u0142y si\u0119 do rozwoju tej dyscypliny naukowej nie tylko w naszym kraju, ale te\u017c na \u015bwiecie. Niekt\u00f3rzy z nich byli nominowani do Nagrody Nobla. Taka wystawa zosta\u0142a otwarta na Wydziale Fizyki Uniwersytetu w Bia\u0142ymstoku z okazji 100-lecia Polskiego Towarzystwa Fizycznego. Ju\u017c mo\u017cna j\u0105 zwiedza\u0107.<\/p>\n<p><em>\u2013 W ubieg\u0142ym roku min\u0119\u0142a setna rocznica za\u0142o\u017cenia Polskiego Towarzystwa Fizycznego. Fenomenem tamtych trudnych czas\u00f3w formowania si\u0119 pa\u0144stwa polskiego, czas\u00f3w naznaczonych wojn\u0105 20. i 39. roku, a p\u00f3\u017aniej dominacj\u0105 radzieck\u0105 by\u0142 niesamowicie wysoki, \u015bwiatowy wr\u0119cz poziom fizyki polskiej. Chc\u0105c ten fenomen przybli\u017cy\u0107, prezentujemy sylwetki dziesi\u0119ciu fizyk\u00f3w, kt\u00f3rzy tworzyli w okresie aktywno\u015bci Polskiego Towarzystwa Fizycznego<\/em>&nbsp;\u2013 m\u00f3wi prof. dr hab. Krzysztof Szyma\u0144ski, kierownik Katedry Fizyki Materii Skondensowanej na Wydziale Fizyki UwB oraz przewodnicz\u0105cy bia\u0142ostockiego oddzia\u0142u PTF.<\/p>\n<p><a class=\"img-hyperlink\" href=\"https:\/\/www.youtube.com\/watch?v=LVyO2Kz6f5Y\" target=\"_blank\" rel=\"noopener\"><img loading=\"lazy\" decoding=\"async\" class=\"size-full wp-image-12303 aligncenter\" src=\"http:\/\/physics.uwb.edu.pl\/wf\/wp-content\/uploads\/2021\/06\/wystawa1.png\" sizes=\"auto, (max-width: 749px) 100vw, 749px\" srcset=\"https:\/\/physics.uwb.edu.pl\/wf\/wp-content\/uploads\/2021\/06\/wystawa1.png 749w, https:\/\/physics.uwb.edu.pl\/wf\/wp-content\/uploads\/2021\/06\/wystawa1-300x168.png 300w, https:\/\/physics.uwb.edu.pl\/wf\/wp-content\/uploads\/2021\/06\/wystawa1-150x84.png 150w\" alt=\"\" width=\"749\" height=\"420\"><\/a><\/p>\n<p>Wystawa znajduje si\u0119 w holu Wydzia\u0142u Fizyki w kampusie Uniwersytetu w Bia\u0142ymstoku przy ul. Cio\u0142kowskiego. Prezentowane s\u0105 tu portrety i kr\u00f3tkie opisy dokona\u0144 wybitnych naukowc\u00f3w, kt\u00f3rzy przyczynili si\u0119 do rozwoju fizyki w Polsce i na \u015bwiecie. To m.in. Aleksander Jab\u0142o\u0144ski, Leonard Sosnowski, Mieczys\u0142aw Wolfke, czy Leopold Infeld, kt\u00f3ry wsp\u00f3\u0142pracowa\u0142 z Albertem Einsteinem.<\/p>\n<p><em>\u2013 Bohaterowie naszej wystawy rozwijali fizyk\u0119 kwantow\u0105, fizyk\u0119 cia\u0142a sta\u0142ego, teori\u0119 pola, fizyk\u0119 cz\u0105stek elementarnych i j\u0105dra atomowego. Niekt\u00f3rzy z nich byli nominowani do Nagrody Nobla. Zapraszamy wszystkich do zwiedzenia wystawy<\/em>&nbsp;\u2013 dodaje prof. Krzysztof Szyma\u0144ski.<\/p>\n<p>Wystawa b\u0119dzie otwarta przez miesi\u0105c. Mog\u0105 j\u0105 zwiedza\u0107 wszyscy ch\u0119tni przy zachowaniu obostrze\u0144 pandemicznych.<\/p>\n<p><em>\u2013 Dzi\u0119kuj\u0119 dr. Wojciechowi Olszewskiemu z Wydzia\u0142u Fizyki za przygotowanie wystawy<\/em>&nbsp;\u2013 dodaje przewodnicz\u0105cy bia\u0142ostockiego oddzia\u0142u Polskiego Towarzystwa Fizycznego.<\/p>\n<p style=\"text-align: right;\"><a href=\"https:\/\/uwb.edu.pl\/nowosci\/aktualnosci\/fizycy-stulecia-polskiego-towarzystwa-fizycznego-wyjatkowa-wystawa-w-kampusie-uniwersytetu-w-bialymstoku\/e8d6f64b\" target=\"_blank\" rel=\"noopener\">(c) Promocja UwB, 2021<\/a><\/p>\n<\/div>\n<\/div>\n","protected":false},"excerpt":{"rendered":"<p>Fizycy stulecia Polskiego Towarzystwa Fizycznego \u2013 to wyj\u0105tkowa wystawa w kampusie Uniwersytetu w Bia\u0142ymstoku 10 wybitnych polskich fizyk\u00f3w, kt\u00f3rych dokonania i odkrycia przyczyni\u0142y si\u0119 do rozwoju tej dyscypliny naukowej nie <a href=\"https:\/\/physics.uwb.edu.pl\/wf\/?page_id=12305\" class=\"more-link\">[&hellip;]<\/a><\/p>\n","protected":false},"author":5,"featured_media":12303,"parent":2744,"menu_order":0,"comment_status":"closed","ping_status":"closed","template":"","meta":{"ngg_post_thumbnail":0,"Layout":"1c","footnotes":""},"categories":[131,35],"tags":[],"class_list":["entry","author-gawryl","post-12305","page","type-page","status-publish","has-post-thumbnail","category-galeria_foto","category-popularyzacja_pl"],"jetpack_sharing_enabled":true,"jetpack_shortlink":"https:\/\/wp.me\/P7nvcn-3ct","_links":{"self":[{"href":"https:\/\/physics.uwb.edu.pl\/wf\/index.php?rest_route=\/wp\/v2\/pages\/12305","targetHints":{"allow":["GET"]}}],"collection":[{"href":"https:\/\/physics.uwb.edu.pl\/wf\/index.php?rest_route=\/wp\/v2\/pages"}],"about":[{"href":"https:\/\/physics.uwb.edu.pl\/wf\/index.php?rest_route=\/wp\/v2\/types\/page"}],"author":[{"embeddable":true,"href":"https:\/\/physics.uwb.edu.pl\/wf\/index.php?rest_route=\/wp\/v2\/users\/5"}],"replies":[{"embeddable":true,"href":"https:\/\/physics.uwb.edu.pl\/wf\/index.php?rest_route=%2Fwp%2Fv2%2Fcomments&post=12305"}],"version-history":[{"count":2,"href":"https:\/\/physics.uwb.edu.pl\/wf\/index.php?rest_route=\/wp\/v2\/pages\/12305\/revisions"}],"predecessor-version":[{"id":12308,"href":"https:\/\/physics.uwb.edu.pl\/wf\/index.php?rest_route=\/wp\/v2\/pages\/12305\/revisions\/12308"}],"up":[{"embeddable":true,"href":"https:\/\/physics.uwb.edu.pl\/wf\/index.php?rest_route=\/wp\/v2\/pages\/2744"}],"wp:featuredmedia":[{"embeddable":true,"href":"https:\/\/physics.uwb.edu.pl\/wf\/index.php?rest_route=\/wp\/v2\/media\/12303"}],"wp:attachment":[{"href":"https:\/\/physics.uwb.edu.pl\/wf\/index.php?rest_route=%2Fwp%2Fv2%2Fmedia&parent=12305"}],"wp:term":[{"taxonomy":"category","embeddable":true,"href":"https:\/\/physics.uwb.edu.pl\/wf\/index.php?rest_route=%2Fwp%2Fv2%2Fcategories&post=12305"},{"taxonomy":"post_tag","embeddable":true,"href":"https:\/\/physics.uwb.edu.pl\/wf\/index.php?rest_route=%2Fwp%2Fv2%2Ftags&post=12305"}],"curies":[{"name":"wp","href":"https:\/\/api.w.org\/{rel}","templated":true}]}}

<div class="entry-content">
<div class="entry-content">
<h2 class="pull-left news-header font-headlines">Fizycy stulecia Polskiego Towarzystwa Fizycznego – to wyjątkowa wystawa w kampusie Uniwersytetu w Białymstoku</h2>
<p>10 wybitnych polskich fizyków, których dokonania i odkrycia przyczyniły się do rozwoju tej dyscypliny naukowej nie tylko w naszym kraju, ale też na świecie. Niektórzy z nich byli nominowani do Nagrody Nobla. Taka wystawa została otwarta na Wydziale Fizyki Uniwersytetu w Białymstoku z okazji 100-lecia Polskiego Towarzystwa Fizycznego. Już można ją zwiedzać.</p>
<p><em>– W ubiegłym roku minęła setna rocznica założenia Polskiego Towarzystwa Fizycznego. Fenomenem tamtych trudnych czasów formowania się państwa polskiego, czasów naznaczonych wojną 20. i 39. roku, a później dominacją radziecką był niesamowicie wysoki, światowy wręcz poziom fizyki polskiej. Chcąc ten fenomen przybliżyć, prezentujemy sylwetki dziesięciu fizyków, którzy tworzyli w okresie aktywności Polskiego Towarzystwa Fizycznego</em>&nbsp;– mówi prof. dr hab. Krzysztof Szymański, kierownik Katedry Fizyki Materii Skondensowanej na Wydziale Fizyki UwB oraz przewodniczący białostockiego oddziału PTF.</p>
<p><a class="img-hyperlink" href="https://www.youtube.com/watch?v=LVyO2Kz6f5Y" target="_blank" rel="noopener"><img loading="lazy" decoding="async" class="size-full wp-image-12303 aligncenter" src="http://physics.uwb.edu.pl/wf/wp-content/uploads/2021/06/wystawa1.png" sizes="auto, (max-width: 749px) 100vw, 749px" srcset="https://physics.uwb.edu.pl/wf/wp-content/uploads/2021/06/wystawa1.png 749w, https://physics.uwb.edu.pl/wf/wp-content/uploads/2021/06/wystawa1-300x168.png 300w, https://physics.uwb.edu.pl/wf/wp-content/uploads/2021/06/wystawa1-150x84.png 150w" alt="" width="749" height="420"></a></p>
<p>Wystawa znajduje się w holu Wydziału Fizyki w kampusie Uniwersytetu w Białymstoku przy ul. Ciołkowskiego. Prezentowane są tu portrety i krótkie opisy dokonań wybitnych naukowców, którzy przyczynili się do rozwoju fizyki w Polsce i na świecie. To m.in. Aleksander Jabłoński, Leonard Sosnowski, Mieczysław Wolfke, czy Leopold Infeld, który współpracował z Albertem Einsteinem.</p>
<p><em>– Bohaterowie naszej wystawy rozwijali fizykę kwantową, fizykę ciała stałego, teorię pola, fizykę cząstek elementarnych i jądra atomowego. Niektórzy z nich byli nominowani do Nagrody Nobla. Zapraszamy wszystkich do zwiedzenia wystawy</em>&nbsp;– dodaje prof. Krzysztof Szymański.</p>
<p>Wystawa będzie otwarta przez miesiąc. Mogą ją zwiedzać wszyscy chętni przy zachowaniu obostrzeń pandemicznych.</p>
<p><em>– Dziękuję dr. Wojciechowi Olszewskiemu z Wydziału Fizyki za przygotowanie wystawy</em>&nbsp;– dodaje przewodniczący białostockiego oddziału Polskiego Towarzystwa Fizycznego.</p>
<p style="text-align: right;"><a href="https://uwb.edu.pl/nowosci/aktualnosci/fizycy-stulecia-polskiego-towarzystwa-fizycznego-wyjatkowa-wystawa-w-kampusie-uniwersytetu-w-bialymstoku/e8d6f64b" target="_blank" rel="noopener">(c) Promocja UwB, 2021</a></p>
</div>
</div>

<p>Fizycy stulecia Polskiego Towarzystwa Fizycznego – to wyjątkowa wystawa w kampusie Uniwersytetu w Białymstoku 10 wybitnych polskich fizyków, których dokonania i odkrycia przyczyniły się do rozwoju tej dyscypliny naukowej nie <a href="https://physics.uwb.edu.pl/wf/?page_id=12305" class="more-link">[&hellip;]</a></p>
