{"id":1970,"date":"2016-04-01T13:09:57","date_gmt":"2016-04-01T11:09:57","guid":{"rendered":"http:\/\/physics.uwb.edu.pl\/wf\/?page_id=1970"},"modified":"2016-04-06T16:01:33","modified_gmt":"2016-04-06T14:01:33","slug":"prof-piotr-jaranowski-nagrodzony","status":"publish","type":"page","link":"https:\/\/physics.uwb.edu.pl\/wf\/?page_id=1970","title":{"rendered":"Prof. Piotr Jaranowski nagrodzony"},"content":{"rendered":"<p>Prof. dr hab. Piotr Jaranowski zosta\u0142 uhonorowany nagrod\u0105 indywidualn\u0105 I stopnia Rektora Uniwersytetu w Bia\u0142ymstoku za udzia\u0142 w pierwszej bezpo\u015bredniej detekcji fal grawitacyjnych.<\/p>\n<p>R\u00f3wnie\u017c w zwi\u0105zku z udzia\u0142em w pierwszej bezpo\u015bredniej detekcji fal grawitacyjnych, decyzj\u0105 Prezydium Polskiej Akademii Nauk z 15 marca br. Polski Zesp\u00f3\u0142 Badawczy POLGRAW, w pracach kt\u00f3rego uczestniczy prof. Jaranowski, zosta\u0142 odznaczony presti\u017cowym Medalem PAN im. Miko\u0142aja Kopernika.<\/p>\n","protected":false},"excerpt":{"rendered":"<p>Prof. dr hab. Piotr Jaranowski zosta\u0142 uhonorowany nagrod\u0105 indywidualn\u0105 I stopnia Rektora Uniwersytetu w Bia\u0142ymstoku za udzia\u0142 w pierwszej bezpo\u015bredniej detekcji fal grawitacyjnych. R\u00f3wnie\u017c w zwi\u0105zku z udzia\u0142em w pierwszej <a href=\"https:\/\/physics.uwb.edu.pl\/wf\/?page_id=1970\" class=\"more-link\">[&hellip;]<\/a><\/p>\n","protected":false},"author":1,"featured_media":1622,"parent":713,"menu_order":1,"comment_status":"closed","ping_status":"closed","template":"","meta":{"ngg_post_thumbnail":0,"Layout":"","footnotes":""},"categories":[27],"tags":[],"class_list":["entry","author-wp_admin","post-1970","page","type-page","status-publish","has-post-thumbnail","category-post_news_pl"],"jetpack_sharing_enabled":true,"jetpack_shortlink":"https:\/\/wp.me\/P7nvcn-vM","_links":{"self":[{"href":"https:\/\/physics.uwb.edu.pl\/wf\/index.php?rest_route=\/wp\/v2\/pages\/1970","targetHints":{"allow":["GET"]}}],"collection":[{"href":"https:\/\/physics.uwb.edu.pl\/wf\/index.php?rest_route=\/wp\/v2\/pages"}],"about":[{"href":"https:\/\/physics.uwb.edu.pl\/wf\/index.php?rest_route=\/wp\/v2\/types\/page"}],"author":[{"embeddable":true,"href":"https:\/\/physics.uwb.edu.pl\/wf\/index.php?rest_route=\/wp\/v2\/users\/1"}],"replies":[{"embeddable":true,"href":"https:\/\/physics.uwb.edu.pl\/wf\/index.php?rest_route=%2Fwp%2Fv2%2Fcomments&post=1970"}],"version-history":[{"count":3,"href":"https:\/\/physics.uwb.edu.pl\/wf\/index.php?rest_route=\/wp\/v2\/pages\/1970\/revisions"}],"predecessor-version":[{"id":2130,"href":"https:\/\/physics.uwb.edu.pl\/wf\/index.php?rest_route=\/wp\/v2\/pages\/1970\/revisions\/2130"}],"up":[{"embeddable":true,"href":"https:\/\/physics.uwb.edu.pl\/wf\/index.php?rest_route=\/wp\/v2\/pages\/713"}],"wp:featuredmedia":[{"embeddable":true,"href":"https:\/\/physics.uwb.edu.pl\/wf\/index.php?rest_route=\/wp\/v2\/media\/1622"}],"wp:attachment":[{"href":"https:\/\/physics.uwb.edu.pl\/wf\/index.php?rest_route=%2Fwp%2Fv2%2Fmedia&parent=1970"}],"wp:term":[{"taxonomy":"category","embeddable":true,"href":"https:\/\/physics.uwb.edu.pl\/wf\/index.php?rest_route=%2Fwp%2Fv2%2Fcategories&post=1970"},{"taxonomy":"post_tag","embeddable":true,"href":"https:\/\/physics.uwb.edu.pl\/wf\/index.php?rest_route=%2Fwp%2Fv2%2Ftags&post=1970"}],"curies":[{"name":"wp","href":"https:\/\/api.w.org\/{rel}","templated":true}]}}

<p>Prof. dr hab. Piotr Jaranowski został uhonorowany nagrodą indywidualną I stopnia Rektora Uniwersytetu w Białymstoku za udział w pierwszej bezpośredniej detekcji fal grawitacyjnych.</p>
<p>Również w związku z udziałem w pierwszej bezpośredniej detekcji fal grawitacyjnych, decyzją Prezydium Polskiej Akademii Nauk z 15 marca br. Polski Zespół Badawczy POLGRAW, w pracach którego uczestniczy prof. Jaranowski, został odznaczony prestiżowym Medalem PAN im. Mikołaja Kopernika.</p>

<p>Prof. dr hab. Piotr Jaranowski został uhonorowany nagrodą indywidualną I stopnia Rektora Uniwersytetu w Białymstoku za udział w pierwszej bezpośredniej detekcji fal grawitacyjnych. Również w związku z udziałem w pierwszej <a href="https://physics.uwb.edu.pl/wf/?page_id=1970" class="more-link">[&hellip;]</a></p>
