{"id":2188,"date":"2016-04-11T07:25:11","date_gmt":"2016-04-11T05:25:11","guid":{"rendered":"http:\/\/physics.uwb.edu.pl\/wf\/?page_id=2188"},"modified":"2016-04-11T07:29:49","modified_gmt":"2016-04-11T05:29:49","slug":"praktyki-erasmus","status":"publish","type":"page","link":"https:\/\/physics.uwb.edu.pl\/wf\/?page_id=2188","title":{"rendered":"Praktyki Erasmus+"},"content":{"rendered":"<p align=\"CENTER\"><span style=\"font-family: Times New Roman,serif;\"><span style=\"font-size: x-large;\"><b>OSTATNIA SZANSA<\/b><\/span><\/span><span style=\"font-family: Times New Roman,serif;\"><span style=\"font-size: xx-large;\"><b>!!!<\/b><\/span><\/span><\/p>\n<p align=\"CENTER\"><span style=\"font-family: Times New Roman,serif;\"><span style=\"font-size: large;\"><b>Wolne miejsca na praktyki w ramach programu ERASMUS+ !!!<\/b><\/span><\/span><\/p>\n<p align=\"CENTER\"><u> <span style=\"font-family: Times New Roman,serif;\"><span style=\"font-size: x-large;\"><b>Zosta\u0142o tylko 15 miejsc!<\/b><\/span><\/span><\/u><\/p>\n<p align=\"JUSTIFY\"><span style=\"font-family: Times New Roman,serif;\"><span style=\"font-size: large;\">Osoby zainteresowane <\/span><\/span><span style=\"font-family: Times New Roman,serif;\"><span style=\"font-size: large;\"><b>wyjazdem na praktyk\u0119 w czasie wakacji <\/b><\/span><\/span><span style=\"font-family: Times New Roman,serif;\"><span style=\"font-size: large;\">(lipiec, sierpie\u0144 i\/lub wrzesie\u0144 &#8211; musia\u0142aby zako\u0144czy\u0107 si\u0119 do 20.09.2016)<\/span><\/span><span style=\"font-family: Times New Roman,serif;\"><span style=\"font-size: large;\"><b> roku akademickiego 2015\/2016 <\/b><\/span><\/span><span style=\"font-family: Times New Roman,serif;\"><span style=\"font-size: large;\">w ramach programu Erasmus+ zapraszam do kontaktowania si\u0119 ze mn\u0105 osobi\u015bcie (pok.1065) lub mailowo (<a href=\"mailto:k.perzynska@uwb.edu.pl\">k.perzynska@uwb.edu.pl<\/a>.) w terminie <\/span><\/span><span style=\"font-family: Times New Roman,serif;\"><span style=\"font-size: large;\"><u><b>do 20.04.2016<\/b><\/u><\/span><\/span><span style=\"font-family: Times New Roman,serif;\"><span style=\"font-size: large;\">. <\/span><\/span><\/p>\n<p align=\"JUSTIFY\"><span style=\"font-family: Times New Roman,serif;\"><span style=\"font-size: large;\">Kto pierwszy, ten ma wi\u0119ksz\u0105 szans\u0119!<\/span><\/span><\/p>\n<p align=\"JUSTIFY\"><span style=\"font-family: Times New Roman,serif;\"><span style=\"font-size: large;\">Przypominam, \u017ce wyjazd na praktyki musi trwa\u0107 <\/span><\/span><span style=\"font-family: Times New Roman,serif;\"><span style=\"font-size: large;\"><u><b>minimum 2 miesi\u0105ce.<\/b><\/u><\/span><\/span><\/p>\n<p align=\"JUSTIFY\"><span style=\"font-family: Times New Roman,serif;\"><span style=\"font-size: large;\">Studenci III lub II roku, odpowiednio studi\u00f3w I i II stopnia, <\/span><\/span><span style=\"font-family: Times New Roman,serif;\"><span style=\"font-size: large;\"><u><b>mog\u0105 r\u00f3wnie\u017c<\/b><\/u><\/span><\/span><span style=\"font-family: Times New Roman,serif;\"><span style=\"font-size: large;\"> ubiega\u0107 si\u0119 o wyjazd na praktyk\u0119, kt\u00f3ra nast\u0105pi ju\u017c <\/span><\/span><span style=\"font-family: Times New Roman,serif;\"><span style=\"font-size: large;\"><u><b>po obronie pracy licencjackiej lub magisterskiej<\/b><\/u><\/span><\/span><span style=\"font-family: Times New Roman,serif;\"><span style=\"font-size: large;\">.<\/span><\/span><\/p>\n<p align=\"RIGHT\"><span style=\"font-family: Times New Roman,serif;\"><span style=\"font-size: large;\">Krystyna Perzy\u0144ska<br \/>\n\/koordynator wydzia\u0142owy Erasmus+\/<\/span><\/span><\/p>\n","protected":false},"excerpt":{"rendered":"<p>OSTATNIA SZANSA!!! Wolne miejsca na praktyki w ramach programu ERASMUS+ !!! Zosta\u0142o tylko 15 miejsc! Osoby zainteresowane wyjazdem na praktyk\u0119 w czasie wakacji (lipiec, sierpie\u0144 i\/lub wrzesie\u0144 &#8211; musia\u0142aby zako\u0144czy\u0107 <a href=\"https:\/\/physics.uwb.edu.pl\/wf\/?page_id=2188\" class=\"more-link\">[&hellip;]<\/a><\/p>\n","protected":false},"author":1,"featured_media":1622,"parent":713,"menu_order":1,"comment_status":"closed","ping_status":"closed","template":"","meta":{"ngg_post_thumbnail":0,"Layout":"","footnotes":""},"categories":[27],"tags":[],"class_list":["entry","author-wp_admin","post-2188","page","type-page","status-publish","has-post-thumbnail","category-post_news_pl"],"jetpack_sharing_enabled":true,"jetpack_shortlink":"https:\/\/wp.me\/P7nvcn-zi","_links":{"self":[{"href":"https:\/\/physics.uwb.edu.pl\/wf\/index.php?rest_route=\/wp\/v2\/pages\/2188","targetHints":{"allow":["GET"]}}],"collection":[{"href":"https:\/\/physics.uwb.edu.pl\/wf\/index.php?rest_route=\/wp\/v2\/pages"}],"about":[{"href":"https:\/\/physics.uwb.edu.pl\/wf\/index.php?rest_route=\/wp\/v2\/types\/page"}],"author":[{"embeddable":true,"href":"https:\/\/physics.uwb.edu.pl\/wf\/index.php?rest_route=\/wp\/v2\/users\/1"}],"replies":[{"embeddable":true,"href":"https:\/\/physics.uwb.edu.pl\/wf\/index.php?rest_route=%2Fwp%2Fv2%2Fcomments&post=2188"}],"version-history":[{"count":5,"href":"https:\/\/physics.uwb.edu.pl\/wf\/index.php?rest_route=\/wp\/v2\/pages\/2188\/revisions"}],"predecessor-version":[{"id":2193,"href":"https:\/\/physics.uwb.edu.pl\/wf\/index.php?rest_route=\/wp\/v2\/pages\/2188\/revisions\/2193"}],"up":[{"embeddable":true,"href":"https:\/\/physics.uwb.edu.pl\/wf\/index.php?rest_route=\/wp\/v2\/pages\/713"}],"wp:featuredmedia":[{"embeddable":true,"href":"https:\/\/physics.uwb.edu.pl\/wf\/index.php?rest_route=\/wp\/v2\/media\/1622"}],"wp:attachment":[{"href":"https:\/\/physics.uwb.edu.pl\/wf\/index.php?rest_route=%2Fwp%2Fv2%2Fmedia&parent=2188"}],"wp:term":[{"taxonomy":"category","embeddable":true,"href":"https:\/\/physics.uwb.edu.pl\/wf\/index.php?rest_route=%2Fwp%2Fv2%2Fcategories&post=2188"},{"taxonomy":"post_tag","embeddable":true,"href":"https:\/\/physics.uwb.edu.pl\/wf\/index.php?rest_route=%2Fwp%2Fv2%2Ftags&post=2188"}],"curies":[{"name":"wp","href":"https:\/\/api.w.org\/{rel}","templated":true}]}}

<p align="CENTER"><span style="font-family: Times New Roman,serif;"><span style="font-size: x-large;"><b>OSTATNIA SZANSA</b></span></span><span style="font-family: Times New Roman,serif;"><span style="font-size: xx-large;"><b>!!!</b></span></span></p>
<p align="CENTER"><span style="font-family: Times New Roman,serif;"><span style="font-size: large;"><b>Wolne miejsca na praktyki w ramach programu ERASMUS+ !!!</b></span></span></p>
<p align="CENTER"><u> <span style="font-family: Times New Roman,serif;"><span style="font-size: x-large;"><b>Zostało tylko 15 miejsc!</b></span></span></u></p>
<p align="JUSTIFY"><span style="font-family: Times New Roman,serif;"><span style="font-size: large;">Osoby zainteresowane </span></span><span style="font-family: Times New Roman,serif;"><span style="font-size: large;"><b>wyjazdem na praktykę w czasie wakacji </b></span></span><span style="font-family: Times New Roman,serif;"><span style="font-size: large;">(lipiec, sierpień i/lub wrzesień &#8211; musiałaby zakończyć się do 20.09.2016)</span></span><span style="font-family: Times New Roman,serif;"><span style="font-size: large;"><b> roku akademickiego 2015/2016 </b></span></span><span style="font-family: Times New Roman,serif;"><span style="font-size: large;">w ramach programu Erasmus+ zapraszam do kontaktowania się ze mną osobiście (pok.1065) lub mailowo (<a href="mailto:k.perzynska@uwb.edu.pl">k.perzynska@uwb.edu.pl</a>.) w terminie </span></span><span style="font-family: Times New Roman,serif;"><span style="font-size: large;"><u><b>do 20.04.2016</b></u></span></span><span style="font-family: Times New Roman,serif;"><span style="font-size: large;">. </span></span></p>
<p align="JUSTIFY"><span style="font-family: Times New Roman,serif;"><span style="font-size: large;">Kto pierwszy, ten ma większą szansę!</span></span></p>
<p align="JUSTIFY"><span style="font-family: Times New Roman,serif;"><span style="font-size: large;">Przypominam, że wyjazd na praktyki musi trwać </span></span><span style="font-family: Times New Roman,serif;"><span style="font-size: large;"><u><b>minimum 2 miesiące.</b></u></span></span></p>
<p align="JUSTIFY"><span style="font-family: Times New Roman,serif;"><span style="font-size: large;">Studenci III lub II roku, odpowiednio studiów I i II stopnia, </span></span><span style="font-family: Times New Roman,serif;"><span style="font-size: large;"><u><b>mogą również</b></u></span></span><span style="font-family: Times New Roman,serif;"><span style="font-size: large;"> ubiegać się o wyjazd na praktykę, która nastąpi już </span></span><span style="font-family: Times New Roman,serif;"><span style="font-size: large;"><u><b>po obronie pracy licencjackiej lub magisterskiej</b></u></span></span><span style="font-family: Times New Roman,serif;"><span style="font-size: large;">.</span></span></p>
<p align="RIGHT"><span style="font-family: Times New Roman,serif;"><span style="font-size: large;">Krystyna Perzyńska<br />
/koordynator wydziałowy Erasmus+/</span></span></p>

<p>OSTATNIA SZANSA!!! Wolne miejsca na praktyki w ramach programu ERASMUS+ !!! Zostało tylko 15 miejsc! Osoby zainteresowane wyjazdem na praktykę w czasie wakacji (lipiec, sierpień i/lub wrzesień &#8211; musiałaby zakończyć <a href="https://physics.uwb.edu.pl/wf/?page_id=2188" class="more-link">[&hellip;]</a></p>
