{"id":4858,"date":"2017-03-28T10:05:18","date_gmt":"2017-03-28T08:05:18","guid":{"rendered":"http:\/\/physics.uwb.edu.pl\/wf\/?page_id=4858"},"modified":"2017-03-28T10:11:51","modified_gmt":"2017-03-28T08:11:51","slug":"i-konferencja-nauczycieli-fizyki","status":"publish","type":"page","link":"https:\/\/physics.uwb.edu.pl\/wf\/?page_id=4858","title":{"rendered":"I Konferencja Nauczycieli Fizyki"},"content":{"rendered":"<p>Dnia 25.03.2017 r. na Wydziale Fizyki odby\u0142a si\u0119 <a href=\"http:\/\/physics.uwb.edu.pl\/wf\/?page_id=3278\">I Konferencja Nauczycieli Fizyki<\/a>. Organizatorami konferencji byli: Wydzia\u0142 Fizyki UwB, Polskie Towarzystwo Fizyczne, Polska Akademia Nauk Oddzia\u0142 w Olsztynie i w Bia\u0142ymstoku oraz Fundacja Edukacji Matematyczno-Przyrodniczej im. Richarda Phillipsa Feynmanna.<\/p>\n<p><img loading=\"lazy\" decoding=\"async\" class=\"alignnone wp-image-4859 size-large\" src=\"http:\/\/physics.uwb.edu.pl\/wf\/wp-content\/uploads\/2017\/03\/konferencja_nauczycieli-DSC_5710-1024x683.jpg\" alt=\"\" width=\"1024\" height=\"683\" srcset=\"https:\/\/physics.uwb.edu.pl\/wf\/wp-content\/uploads\/2017\/03\/konferencja_nauczycieli-DSC_5710-1024x683.jpg 1024w, https:\/\/physics.uwb.edu.pl\/wf\/wp-content\/uploads\/2017\/03\/konferencja_nauczycieli-DSC_5710-150x100.jpg 150w, https:\/\/physics.uwb.edu.pl\/wf\/wp-content\/uploads\/2017\/03\/konferencja_nauczycieli-DSC_5710-300x200.jpg 300w, https:\/\/physics.uwb.edu.pl\/wf\/wp-content\/uploads\/2017\/03\/konferencja_nauczycieli-DSC_5710-600x400.jpg 600w, https:\/\/physics.uwb.edu.pl\/wf\/wp-content\/uploads\/2017\/03\/konferencja_nauczycieli-DSC_5710-750x500.jpg 750w, https:\/\/physics.uwb.edu.pl\/wf\/wp-content\/uploads\/2017\/03\/konferencja_nauczycieli-DSC_5710-272x182.jpg 272w\" sizes=\"auto, (max-width: 1024px) 100vw, 1024px\" \/><\/p>\n<p>W konferencji wzi\u0119\u0142o udzia\u0142 kilkudziesi\u0119ciu nauczycieli fizyki z wojew\u00f3dztwa podlaskiego, pracownicy naukowo-dydaktyczni Uniwersytetu w Bia\u0142ymstoku, przedstawiciel Departamentu Edukacji Urz\u0119du Miejskiego w Bia\u0142ymstoku i inni specjali\u015bci. Opr\u00f3cz integracji \u015brodowiska nauczycieli oraz bezpo\u015bredniej wymiany do\u015bwiadcze\u0144 zwi\u0105zanej z nauczaniem przedmiot\u00f3w przyrodniczych konferencja by\u0142a okazj\u0105 do zapoznania si\u0119 i przedyskutowania zmian w programie nauczania (g\u0142\u00f3wnie fizyki) zwi\u0105zanych ze zbli\u017caj\u0105c\u0105 si\u0119 reform\u0105 szkolnictwa.<\/p>\n<p>Kliknij obrazek aby obejrze\u0107 kr\u00f3tk\u0105 relacj\u0119 przygotowan\u0105 przez TVP Bia\u0142ystok o konferencji:<\/p>\n<p><a href=\"http:\/\/bialystok.tvp.pl\/29656278\/konferencja-fizykow\"><img loading=\"lazy\" decoding=\"async\" class=\"\" src=\"http:\/\/s.tvp.pl\/images2\/d\/0\/6\/uid_d06385998591e7786bdc65f246a2214f1490461396214_width_736_play_0_pos_0_gs_0_height_414.jpg\" alt=\"fot. TVP3 Bia\u0142ystok\" width=\"450\" height=\"253\"><\/a><\/p>\n","protected":false},"excerpt":{"rendered":"<p>Dnia 25.03.2017 r. na Wydziale Fizyki odby\u0142a si\u0119 I Konferencja Nauczycieli Fizyki. Organizatorami konferencji byli: Wydzia\u0142 Fizyki UwB, Polskie Towarzystwo Fizyczne, Polska Akademia Nauk Oddzia\u0142 w Olsztynie i w Bia\u0142ymstoku <a href=\"https:\/\/physics.uwb.edu.pl\/wf\/?page_id=4858\" class=\"more-link\">[&hellip;]<\/a><\/p>\n","protected":false},"author":5,"featured_media":4860,"parent":2744,"menu_order":0,"comment_status":"closed","ping_status":"closed","template":"","meta":{"ngg_post_thumbnail":0,"Layout":"1c","footnotes":""},"categories":[131],"tags":[],"class_list":["entry","author-gawryl","post-4858","page","type-page","status-publish","has-post-thumbnail","category-galeria_foto"],"jetpack_sharing_enabled":true,"jetpack_shortlink":"https:\/\/wp.me\/P7nvcn-1gm","_links":{"self":[{"href":"https:\/\/physics.uwb.edu.pl\/wf\/index.php?rest_route=\/wp\/v2\/pages\/4858","targetHints":{"allow":["GET"]}}],"collection":[{"href":"https:\/\/physics.uwb.edu.pl\/wf\/index.php?rest_route=\/wp\/v2\/pages"}],"about":[{"href":"https:\/\/physics.uwb.edu.pl\/wf\/index.php?rest_route=\/wp\/v2\/types\/page"}],"author":[{"embeddable":true,"href":"https:\/\/physics.uwb.edu.pl\/wf\/index.php?rest_route=\/wp\/v2\/users\/5"}],"replies":[{"embeddable":true,"href":"https:\/\/physics.uwb.edu.pl\/wf\/index.php?rest_route=%2Fwp%2Fv2%2Fcomments&post=4858"}],"version-history":[{"count":4,"href":"https:\/\/physics.uwb.edu.pl\/wf\/index.php?rest_route=\/wp\/v2\/pages\/4858\/revisions"}],"predecessor-version":[{"id":4864,"href":"https:\/\/physics.uwb.edu.pl\/wf\/index.php?rest_route=\/wp\/v2\/pages\/4858\/revisions\/4864"}],"up":[{"embeddable":true,"href":"https:\/\/physics.uwb.edu.pl\/wf\/index.php?rest_route=\/wp\/v2\/pages\/2744"}],"wp:featuredmedia":[{"embeddable":true,"href":"https:\/\/physics.uwb.edu.pl\/wf\/index.php?rest_route=\/wp\/v2\/media\/4860"}],"wp:attachment":[{"href":"https:\/\/physics.uwb.edu.pl\/wf\/index.php?rest_route=%2Fwp%2Fv2%2Fmedia&parent=4858"}],"wp:term":[{"taxonomy":"category","embeddable":true,"href":"https:\/\/physics.uwb.edu.pl\/wf\/index.php?rest_route=%2Fwp%2Fv2%2Fcategories&post=4858"},{"taxonomy":"post_tag","embeddable":true,"href":"https:\/\/physics.uwb.edu.pl\/wf\/index.php?rest_route=%2Fwp%2Fv2%2Ftags&post=4858"}],"curies":[{"name":"wp","href":"https:\/\/api.w.org\/{rel}","templated":true}]}}

<p>Dnia 25.03.2017 r. na Wydziale Fizyki odbyła się <a href="http://physics.uwb.edu.pl/wf/?page_id=3278">I Konferencja Nauczycieli Fizyki</a>. Organizatorami konferencji byli: Wydział Fizyki UwB, Polskie Towarzystwo Fizyczne, Polska Akademia Nauk Oddział w Olsztynie i w Białymstoku oraz Fundacja Edukacji Matematyczno-Przyrodniczej im. Richarda Phillipsa Feynmanna.</p>
<p><img loading="lazy" decoding="async" class="alignnone wp-image-4859 size-large" src="http://physics.uwb.edu.pl/wf/wp-content/uploads/2017/03/konferencja_nauczycieli-DSC_5710-1024x683.jpg" alt="" width="1024" height="683" srcset="https://physics.uwb.edu.pl/wf/wp-content/uploads/2017/03/konferencja_nauczycieli-DSC_5710-1024x683.jpg 1024w, https://physics.uwb.edu.pl/wf/wp-content/uploads/2017/03/konferencja_nauczycieli-DSC_5710-150x100.jpg 150w, https://physics.uwb.edu.pl/wf/wp-content/uploads/2017/03/konferencja_nauczycieli-DSC_5710-300x200.jpg 300w, https://physics.uwb.edu.pl/wf/wp-content/uploads/2017/03/konferencja_nauczycieli-DSC_5710-600x400.jpg 600w, https://physics.uwb.edu.pl/wf/wp-content/uploads/2017/03/konferencja_nauczycieli-DSC_5710-750x500.jpg 750w, https://physics.uwb.edu.pl/wf/wp-content/uploads/2017/03/konferencja_nauczycieli-DSC_5710-272x182.jpg 272w" sizes="auto, (max-width: 1024px) 100vw, 1024px" /></p>
<p>W konferencji wzięło udział kilkudziesięciu nauczycieli fizyki z województwa podlaskiego, pracownicy naukowo-dydaktyczni Uniwersytetu w Białymstoku, przedstawiciel Departamentu Edukacji Urzędu Miejskiego w Białymstoku i inni specjaliści. Oprócz integracji środowiska nauczycieli oraz bezpośredniej wymiany doświadczeń związanej z nauczaniem przedmiotów przyrodniczych konferencja była okazją do zapoznania się i przedyskutowania zmian w programie nauczania (głównie fizyki) związanych ze zbliżającą się reformą szkolnictwa.</p>
<p>Kliknij obrazek aby obejrzeć krótką relację przygotowaną przez TVP Białystok o konferencji:</p>
<p><a href="http://bialystok.tvp.pl/29656278/konferencja-fizykow"><img loading="lazy" decoding="async" class="" src="http://s.tvp.pl/images2/d/0/6/uid_d06385998591e7786bdc65f246a2214f1490461396214_width_736_play_0_pos_0_gs_0_height_414.jpg" alt="fot. TVP3 Białystok" width="450" height="253"></a></p>

<p>Dnia 25.03.2017 r. na Wydziale Fizyki odbyła się I Konferencja Nauczycieli Fizyki. Organizatorami konferencji byli: Wydział Fizyki UwB, Polskie Towarzystwo Fizyczne, Polska Akademia Nauk Oddział w Olsztynie i w Białymstoku <a href="https://physics.uwb.edu.pl/wf/?page_id=4858" class="more-link">[&hellip;]</a></p>
