{"id":5452,"date":"2017-05-16T15:35:19","date_gmt":"2017-05-16T13:35:19","guid":{"rendered":"http:\/\/physics.uwb.edu.pl\/wf\/?page_id=5452"},"modified":"2019-02-07T13:48:00","modified_gmt":"2019-02-07T12:48:00","slug":"mody-fizyczne-i-niefizyczne-w-modelu-proca-dla-roznych-warunkow-cechowania","status":"publish","type":"page","link":"https:\/\/physics.uwb.edu.pl\/wf\/?page_id=5452","title":{"rendered":"Mody fizyczne i niefizyczne w modelu Proca dla r\u00f3\u017cnych warunk\u00f3w cechowania"},"content":{"rendered":"<p style=\"text-align: left\">Dnia <b>2017-05-23<\/b> o godzinie <b>12:15<\/b> w sali <strong>2011<\/strong> odb\u0119dzie si\u0119 <strong>seminarium fizyki teoretycznej<\/strong>, na kt\u00f3rym <strong><small><small><big><big><big>dr El\u017cbieta Dzimida-Chmielewska <\/big><\/big><\/big><\/small><\/small><\/strong>(Wydzia\u0142 Fizyki UwB) wyg\u0142osi referat<\/p>\n<h3 style=\"text-align: center\"><small><small><big><big><big><small><small><big><big><big>Mody fizyczne i niefizyczne w modelu Proca dla r\u00f3\u017cnych warunk\u00f3w cechowania<\/big><\/big><\/big><\/small><\/small><\/big><\/big><\/big><\/small><\/small><strong><small><small><big><big><big><br \/>\n<\/big><\/big><\/big><\/small><\/small><\/strong><\/h3>\n<p>Om\u00f3wiony zostanie zmodyfikowany model Proca z warunkami cechowania Lorentza oraz Weyla (A<sub>+<\/sub>= 0). Do analizy zostanie u\u017cyta nowa procedura kwantyzacji na froncie \u015bwietlnym. Zbadana b\u0119dzie struktura stan\u00f3w 1-cz\u0105stkowych, szczeg\u00f3lnie ich podzia\u0142 na mody fizyczne i niefizyczne.<\/p>\n","protected":false},"excerpt":{"rendered":"<p>Dnia 2017-05-23 o godzinie 12:15 w sali 2011 odb\u0119dzie si\u0119 seminarium fizyki teoretycznej, na kt\u00f3rym dr El\u017cbieta Dzimida-Chmielewska (Wydzia\u0142 Fizyki UwB) wyg\u0142osi referat Mody fizyczne i niefizyczne w modelu Proca <a href=\"https:\/\/physics.uwb.edu.pl\/wf\/?page_id=5452\" class=\"more-link\">[&hellip;]<\/a><\/p>\n","protected":false},"author":4,"featured_media":3366,"parent":822,"menu_order":0,"comment_status":"closed","ping_status":"closed","template":"","meta":{"ngg_post_thumbnail":0,"Layout":"","footnotes":""},"categories":[69],"tags":[],"class_list":["entry","author-pjaranowski","post-5452","page","type-page","status-publish","has-post-thumbnail","category-seminarium_pl"],"jetpack_sharing_enabled":true,"jetpack_shortlink":"https:\/\/wp.me\/P7nvcn-1pW","_links":{"self":[{"href":"https:\/\/physics.uwb.edu.pl\/wf\/index.php?rest_route=\/wp\/v2\/pages\/5452","targetHints":{"allow":["GET"]}}],"collection":[{"href":"https:\/\/physics.uwb.edu.pl\/wf\/index.php?rest_route=\/wp\/v2\/pages"}],"about":[{"href":"https:\/\/physics.uwb.edu.pl\/wf\/index.php?rest_route=\/wp\/v2\/types\/page"}],"author":[{"embeddable":true,"href":"https:\/\/physics.uwb.edu.pl\/wf\/index.php?rest_route=\/wp\/v2\/users\/4"}],"replies":[{"embeddable":true,"href":"https:\/\/physics.uwb.edu.pl\/wf\/index.php?rest_route=%2Fwp%2Fv2%2Fcomments&post=5452"}],"version-history":[{"count":3,"href":"https:\/\/physics.uwb.edu.pl\/wf\/index.php?rest_route=\/wp\/v2\/pages\/5452\/revisions"}],"predecessor-version":[{"id":5455,"href":"https:\/\/physics.uwb.edu.pl\/wf\/index.php?rest_route=\/wp\/v2\/pages\/5452\/revisions\/5455"}],"up":[{"embeddable":true,"href":"https:\/\/physics.uwb.edu.pl\/wf\/index.php?rest_route=\/wp\/v2\/pages\/822"}],"wp:featuredmedia":[{"embeddable":true,"href":"https:\/\/physics.uwb.edu.pl\/wf\/index.php?rest_route=\/wp\/v2\/media\/3366"}],"wp:attachment":[{"href":"https:\/\/physics.uwb.edu.pl\/wf\/index.php?rest_route=%2Fwp%2Fv2%2Fmedia&parent=5452"}],"wp:term":[{"taxonomy":"category","embeddable":true,"href":"https:\/\/physics.uwb.edu.pl\/wf\/index.php?rest_route=%2Fwp%2Fv2%2Fcategories&post=5452"},{"taxonomy":"post_tag","embeddable":true,"href":"https:\/\/physics.uwb.edu.pl\/wf\/index.php?rest_route=%2Fwp%2Fv2%2Ftags&post=5452"}],"curies":[{"name":"wp","href":"https:\/\/api.w.org\/{rel}","templated":true}]}}

Mody fizyczne i niefizyczne w modelu Proca dla różnych warunków cechowania

<p style="text-align: left">Dnia <b>2017-05-23</b> o godzinie <b>12:15</b> w sali <strong>2011</strong> odbędzie się <strong>seminarium fizyki teoretycznej</strong>, na którym <strong><small><small><big><big><big>dr Elżbieta Dzimida-Chmielewska </big></big></big></small></small></strong>(Wydział Fizyki UwB) wygłosi referat</p>
<h3 style="text-align: center"><small><small><big><big><big><small><small><big><big><big>Mody fizyczne i niefizyczne w modelu Proca dla różnych warunków cechowania</big></big></big></small></small></big></big></big></small></small><strong><small><small><big><big><big><br />
</big></big></big></small></small></strong></h3>
<p>Omówiony zostanie zmodyfikowany model Proca z warunkami cechowania Lorentza oraz Weyla (A<sub>+</sub>= 0). Do analizy zostanie użyta nowa procedura kwantyzacji na froncie świetlnym. Zbadana będzie struktura stanów 1-cząstkowych, szczególnie ich podział na mody fizyczne i niefizyczne.</p>

<p>Dnia 2017-05-23 o godzinie 12:15 w sali 2011 odbędzie się seminarium fizyki teoretycznej, na którym dr Elżbieta Dzimida-Chmielewska (Wydział Fizyki UwB) wygłosi referat Mody fizyczne i niefizyczne w modelu Proca <a href="https://physics.uwb.edu.pl/wf/?page_id=5452" class="more-link">[&hellip;]</a></p>
