{"id":7092,"date":"2018-02-27T14:49:08","date_gmt":"2018-02-27T13:49:08","guid":{"rendered":"http:\/\/physics.uwb.edu.pl\/wf\/?page_id=7092"},"modified":"2018-03-07T12:29:09","modified_gmt":"2018-03-07T11:29:09","slug":"targi-edukacyjne-w-grajewie-2-3-3","status":"publish","type":"page","link":"https:\/\/physics.uwb.edu.pl\/wf\/?page_id=7092","title":{"rendered":"Otwarcie wystawy \u201ePod przewodni\u0105 gwiazd\u0105 nauki. W stulecie \u015bmierci Mariana Smoluchowskiego\u201d"},"content":{"rendered":"<p>W dniu 27 lutego 2018 r. w sali &#8220;Feniks&#8221; Uniwersyteckiego Centrum Kultury nast\u0105pi\u0142o uroczyste otwarcie wystawy po\u015bwi\u0119conej 100-tnej rocznicy \u015bmierci wybitnego fizyka &#8211; Mariana Smoluchowskiego.<\/p>\nngg_shortcode_0_placeholder\n<p>Otwacie wystawy pt. &#8220;<strong>Pod przewodni\u0105 gwiazd\u0105 nauki. W stulecie \u015bmierci Mariana Smoluchowskiego<\/strong>\u201d u\u015bwietnili swoj\u0105 obecno\u015bci\u0105 prof. dr hab. Beata Godlewska-\u017by\u0142kiewicz, Dziekan Wydzia\u0142u Biologiczno-Chemicznego oraz prof. dr hab. Piotr Jaranowski, Dziekan Wydzia\u0142u Fizyki, a tak\u017ce pracownicy obu wydzia\u0142\u00f3w. Wspomniana wystawa jest wystaw\u0105&nbsp;objazdow\u0105, a&nbsp;udost\u0119pniona jest we wsp\u00f3\u0142pracy z Komisj\u0105 Nauk Chemicznych i Fizycznych Oddzia\u0142u Polskiej Akademii Nauk w Olsztynie i w Bia\u0142ymstoku.<\/p>\n<p>Dzi\u0119kujemy serdecznie doktorowi Maciejowi Kluzie (Uniwersytet Jagiello\u0144ski, Krak\u00f3w) za kuratorskie oprowadzenie po wystwie. Warto doda\u0107, \u017ce wystawa go\u015bci\u0142a w Sejmie Rzeczypospolitej Polskiej w czerwcu 2017 r. Mamy wi\u0119c niebywa\u0142\u0105 okazj\u0119 przyjrze\u0107 si\u0119 jej z bliska bez konieczno\u015bci wyjazdu do Warszawy czy Krakowa. Zapraszamy!<\/p>\n","protected":false},"excerpt":{"rendered":"<p>W dniu 27 lutego 2018 r. w sali &#8220;Feniks&#8221; Uniwersyteckiego Centrum Kultury nast\u0105pi\u0142o uroczyste otwarcie wystawy po\u015bwi\u0119conej 100-tnej rocznicy \u015bmierci wybitnego fizyka &#8211; Mariana Smoluchowskiego. Otwacie wystawy pt. &#8220;Pod przewodni\u0105 <a href=\"https:\/\/physics.uwb.edu.pl\/wf\/?page_id=7092\" class=\"more-link\">[&hellip;]<\/a><\/p>\n","protected":false},"author":5,"featured_media":7130,"parent":2744,"menu_order":0,"comment_status":"closed","ping_status":"closed","template":"","meta":{"ngg_post_thumbnail":0,"Layout":"1c","footnotes":""},"categories":[166,131],"tags":[],"class_list":["entry","author-gawryl","post-7092","page","type-page","status-publish","has-post-thumbnail","category-edukacyjne","category-galeria_foto"],"jetpack_sharing_enabled":true,"jetpack_shortlink":"https:\/\/wp.me\/P7nvcn-1Qo","_links":{"self":[{"href":"https:\/\/physics.uwb.edu.pl\/wf\/index.php?rest_route=\/wp\/v2\/pages\/7092","targetHints":{"allow":["GET"]}}],"collection":[{"href":"https:\/\/physics.uwb.edu.pl\/wf\/index.php?rest_route=\/wp\/v2\/pages"}],"about":[{"href":"https:\/\/physics.uwb.edu.pl\/wf\/index.php?rest_route=\/wp\/v2\/types\/page"}],"author":[{"embeddable":true,"href":"https:\/\/physics.uwb.edu.pl\/wf\/index.php?rest_route=\/wp\/v2\/users\/5"}],"replies":[{"embeddable":true,"href":"https:\/\/physics.uwb.edu.pl\/wf\/index.php?rest_route=%2Fwp%2Fv2%2Fcomments&post=7092"}],"version-history":[{"count":5,"href":"https:\/\/physics.uwb.edu.pl\/wf\/index.php?rest_route=\/wp\/v2\/pages\/7092\/revisions"}],"predecessor-version":[{"id":7097,"href":"https:\/\/physics.uwb.edu.pl\/wf\/index.php?rest_route=\/wp\/v2\/pages\/7092\/revisions\/7097"}],"up":[{"embeddable":true,"href":"https:\/\/physics.uwb.edu.pl\/wf\/index.php?rest_route=\/wp\/v2\/pages\/2744"}],"wp:featuredmedia":[{"embeddable":true,"href":"https:\/\/physics.uwb.edu.pl\/wf\/index.php?rest_route=\/wp\/v2\/media\/7130"}],"wp:attachment":[{"href":"https:\/\/physics.uwb.edu.pl\/wf\/index.php?rest_route=%2Fwp%2Fv2%2Fmedia&parent=7092"}],"wp:term":[{"taxonomy":"category","embeddable":true,"href":"https:\/\/physics.uwb.edu.pl\/wf\/index.php?rest_route=%2Fwp%2Fv2%2Fcategories&post=7092"},{"taxonomy":"post_tag","embeddable":true,"href":"https:\/\/physics.uwb.edu.pl\/wf\/index.php?rest_route=%2Fwp%2Fv2%2Ftags&post=7092"}],"curies":[{"name":"wp","href":"https:\/\/api.w.org\/{rel}","templated":true}]}}

Otwarcie wystawy „Pod przewodnią gwiazdą nauki. W stulecie śmierci Mariana Smoluchowskiego”

<p>W dniu 27 lutego 2018 r. w sali &#8220;Feniks&#8221; Uniwersyteckiego Centrum Kultury nastąpiło uroczyste otwarcie wystawy poświęconej 100-tnej rocznicy śmierci wybitnego fizyka &#8211; Mariana Smoluchowskiego.</p>
ngg_shortcode_0_placeholder
<p>Otwacie wystawy pt. &#8220;<strong>Pod przewodnią gwiazdą nauki. W stulecie śmierci Mariana Smoluchowskiego</strong>” uświetnili swoją obecnością prof. dr hab. Beata Godlewska-Żyłkiewicz, Dziekan Wydziału Biologiczno-Chemicznego oraz prof. dr hab. Piotr Jaranowski, Dziekan Wydziału Fizyki, a także pracownicy obu wydziałów. Wspomniana wystawa jest wystawą&nbsp;objazdową, a&nbsp;udostępniona jest we współpracy z Komisją Nauk Chemicznych i Fizycznych Oddziału Polskiej Akademii Nauk w Olsztynie i w Białymstoku.</p>
<p>Dziękujemy serdecznie doktorowi Maciejowi Kluzie (Uniwersytet Jagielloński, Kraków) za kuratorskie oprowadzenie po wystwie. Warto dodać, że wystawa gościła w Sejmie Rzeczypospolitej Polskiej w czerwcu 2017 r. Mamy więc niebywałą okazję przyjrzeć się jej z bliska bez konieczności wyjazdu do Warszawy czy Krakowa. Zapraszamy!</p>

<p>W dniu 27 lutego 2018 r. w sali &#8220;Feniks&#8221; Uniwersyteckiego Centrum Kultury nastąpiło uroczyste otwarcie wystawy poświęconej 100-tnej rocznicy śmierci wybitnego fizyka &#8211; Mariana Smoluchowskiego. Otwacie wystawy pt. &#8220;Pod przewodnią <a href="https://physics.uwb.edu.pl/wf/?page_id=7092" class="more-link">[&hellip;]</a></p>
