{"id":7125,"date":"2018-03-03T18:20:20","date_gmt":"2018-03-03T17:20:20","guid":{"rendered":"http:\/\/physics.uwb.edu.pl\/wf\/?page_id=7125"},"modified":"2018-03-07T12:26:53","modified_gmt":"2018-03-07T11:26:53","slug":"targi-edukacyjne-w-grajewie-2-3-3-2","status":"publish","type":"page","link":"https:\/\/physics.uwb.edu.pl\/wf\/?page_id=7125","title":{"rendered":"II Konferencja Nauczycieli Fizyki"},"content":{"rendered":"<p>W dn. 03 marca 2018 roku na Wydziale Fizyki Uniwersytetu w Bia\u0142ymstoku odby\u0142a si\u0119 II Konferencja Nauczycieli Fizyki. To ju\u017c drugie tego typu spotkanie zorganizowane przez Wydzia\u0142 Fizyki UwB we wsp\u00f3\u0142pracy z Polskim Towarzystwem Fizycznym oddzia\u0142 w Bia\u0142ymstoku oraz Polsk\u0105 Akademi\u0105 Nauk oddzia\u0142 w Bia\u0142ymstoku i Olsztynie.<\/p>\n<p><img loading=\"lazy\" decoding=\"async\" class=\"alignnone size-full wp-image-7126\" src=\"http:\/\/physics.uwb.edu.pl\/wf\/wp-content\/uploads\/2018\/03\/DSC_7970.jpg\" alt=\"\" width=\"800\" height=\"533\" srcset=\"https:\/\/physics.uwb.edu.pl\/wf\/wp-content\/uploads\/2018\/03\/DSC_7970.jpg 800w, https:\/\/physics.uwb.edu.pl\/wf\/wp-content\/uploads\/2018\/03\/DSC_7970-150x100.jpg 150w, https:\/\/physics.uwb.edu.pl\/wf\/wp-content\/uploads\/2018\/03\/DSC_7970-300x200.jpg 300w, https:\/\/physics.uwb.edu.pl\/wf\/wp-content\/uploads\/2018\/03\/DSC_7970-600x400.jpg 600w, https:\/\/physics.uwb.edu.pl\/wf\/wp-content\/uploads\/2018\/03\/DSC_7970-750x500.jpg 750w, https:\/\/physics.uwb.edu.pl\/wf\/wp-content\/uploads\/2018\/03\/DSC_7970-272x182.jpg 272w\" sizes=\"auto, (max-width: 800px) 100vw, 800px\" \/><\/p>\n<p>Celem konferencji by\u0142a integracja \u015brodowiska, poszerzanie kompetencji zawodowych nauczycieli oraz dzielenie si\u0119 do\u015bwiadczeniami z w\u0142asnej pracy i przekazywanie aktualnych informacji. W konferencji wzi\u0119\u0142o udzia\u0142 ok. <strong>40 nauczycieli<\/strong> przedmiot\u00f3w przyrodniczych ze szk\u00f3\u0142 podstawowych i \u015brednich g\u0142\u00f3wnie z Bia\u0142egostoku i wojew\u00f3dztwa Podlaskiego oraz pracownicy naukowo-dydaktyczni naszego Wydzia\u0142u. Du\u017cym zainteresowaniem cieszy\u0142y si\u0119 dwa wyk\u0142ady otwarte, w kt\u00f3rych dodatkowo udzia\u0142 wzi\u0119li uczniowie szk\u00f3\u0142 \u015brednich, nauczyciele, lekarze oraz inne zainteresowane osoby w sumie <strong>ok. 85 os\u00f3b<\/strong>.<\/p>\n<p><img loading=\"lazy\" decoding=\"async\" class=\"alignnone size-full wp-image-7127\" src=\"http:\/\/physics.uwb.edu.pl\/wf\/wp-content\/uploads\/2018\/03\/DSC_7946.jpg\" alt=\"\" width=\"800\" height=\"533\" srcset=\"https:\/\/physics.uwb.edu.pl\/wf\/wp-content\/uploads\/2018\/03\/DSC_7946.jpg 800w, https:\/\/physics.uwb.edu.pl\/wf\/wp-content\/uploads\/2018\/03\/DSC_7946-150x100.jpg 150w, https:\/\/physics.uwb.edu.pl\/wf\/wp-content\/uploads\/2018\/03\/DSC_7946-300x200.jpg 300w, https:\/\/physics.uwb.edu.pl\/wf\/wp-content\/uploads\/2018\/03\/DSC_7946-600x400.jpg 600w, https:\/\/physics.uwb.edu.pl\/wf\/wp-content\/uploads\/2018\/03\/DSC_7946-750x500.jpg 750w, https:\/\/physics.uwb.edu.pl\/wf\/wp-content\/uploads\/2018\/03\/DSC_7946-272x182.jpg 272w\" sizes=\"auto, (max-width: 800px) 100vw, 800px\" \/><\/p>\n<p style=\"text-align: right;\"><em>(c) M.B. 2018<\/em><\/p>\n<p>Wi\u0119ce informacji pokonferencyjnych a tak\u017ce zapowiedzi kolejnych edycji &#8211; <a href=\"http:\/\/physics.uwb.edu.pl\/wf\/knf2018\/\">na oficjalnej stronie Konferencji Nauczycieli Fizyki<\/a>.<\/p>\n","protected":false},"excerpt":{"rendered":"<p>W dn. 03 marca 2018 roku na Wydziale Fizyki Uniwersytetu w Bia\u0142ymstoku odby\u0142a si\u0119 II Konferencja Nauczycieli Fizyki. To ju\u017c drugie tego typu spotkanie zorganizowane przez Wydzia\u0142 Fizyki UwB we <a href=\"https:\/\/physics.uwb.edu.pl\/wf\/?page_id=7125\" class=\"more-link\">[&hellip;]<\/a><\/p>\n","protected":false},"author":5,"featured_media":7126,"parent":2744,"menu_order":0,"comment_status":"closed","ping_status":"closed","template":"","meta":{"ngg_post_thumbnail":0,"Layout":"1c","footnotes":""},"categories":[166,131],"tags":[],"class_list":["entry","author-gawryl","post-7125","page","type-page","status-publish","has-post-thumbnail","category-edukacyjne","category-galeria_foto"],"jetpack_sharing_enabled":true,"jetpack_shortlink":"https:\/\/wp.me\/P7nvcn-1QV","_links":{"self":[{"href":"https:\/\/physics.uwb.edu.pl\/wf\/index.php?rest_route=\/wp\/v2\/pages\/7125","targetHints":{"allow":["GET"]}}],"collection":[{"href":"https:\/\/physics.uwb.edu.pl\/wf\/index.php?rest_route=\/wp\/v2\/pages"}],"about":[{"href":"https:\/\/physics.uwb.edu.pl\/wf\/index.php?rest_route=\/wp\/v2\/types\/page"}],"author":[{"embeddable":true,"href":"https:\/\/physics.uwb.edu.pl\/wf\/index.php?rest_route=\/wp\/v2\/users\/5"}],"replies":[{"embeddable":true,"href":"https:\/\/physics.uwb.edu.pl\/wf\/index.php?rest_route=%2Fwp%2Fv2%2Fcomments&post=7125"}],"version-history":[{"count":2,"href":"https:\/\/physics.uwb.edu.pl\/wf\/index.php?rest_route=\/wp\/v2\/pages\/7125\/revisions"}],"predecessor-version":[{"id":7129,"href":"https:\/\/physics.uwb.edu.pl\/wf\/index.php?rest_route=\/wp\/v2\/pages\/7125\/revisions\/7129"}],"up":[{"embeddable":true,"href":"https:\/\/physics.uwb.edu.pl\/wf\/index.php?rest_route=\/wp\/v2\/pages\/2744"}],"wp:featuredmedia":[{"embeddable":true,"href":"https:\/\/physics.uwb.edu.pl\/wf\/index.php?rest_route=\/wp\/v2\/media\/7126"}],"wp:attachment":[{"href":"https:\/\/physics.uwb.edu.pl\/wf\/index.php?rest_route=%2Fwp%2Fv2%2Fmedia&parent=7125"}],"wp:term":[{"taxonomy":"category","embeddable":true,"href":"https:\/\/physics.uwb.edu.pl\/wf\/index.php?rest_route=%2Fwp%2Fv2%2Fcategories&post=7125"},{"taxonomy":"post_tag","embeddable":true,"href":"https:\/\/physics.uwb.edu.pl\/wf\/index.php?rest_route=%2Fwp%2Fv2%2Ftags&post=7125"}],"curies":[{"name":"wp","href":"https:\/\/api.w.org\/{rel}","templated":true}]}}

<p>W dn. 03 marca 2018 roku na Wydziale Fizyki Uniwersytetu w Białymstoku odbyła się II Konferencja Nauczycieli Fizyki. To już drugie tego typu spotkanie zorganizowane przez Wydział Fizyki UwB we współpracy z Polskim Towarzystwem Fizycznym oddział w Białymstoku oraz Polską Akademią Nauk oddział w Białymstoku i Olsztynie.</p>
<p><img loading="lazy" decoding="async" class="alignnone size-full wp-image-7126" src="http://physics.uwb.edu.pl/wf/wp-content/uploads/2018/03/DSC_7970.jpg" alt="" width="800" height="533" srcset="https://physics.uwb.edu.pl/wf/wp-content/uploads/2018/03/DSC_7970.jpg 800w, https://physics.uwb.edu.pl/wf/wp-content/uploads/2018/03/DSC_7970-150x100.jpg 150w, https://physics.uwb.edu.pl/wf/wp-content/uploads/2018/03/DSC_7970-300x200.jpg 300w, https://physics.uwb.edu.pl/wf/wp-content/uploads/2018/03/DSC_7970-600x400.jpg 600w, https://physics.uwb.edu.pl/wf/wp-content/uploads/2018/03/DSC_7970-750x500.jpg 750w, https://physics.uwb.edu.pl/wf/wp-content/uploads/2018/03/DSC_7970-272x182.jpg 272w" sizes="auto, (max-width: 800px) 100vw, 800px" /></p>
<p>Celem konferencji była integracja środowiska, poszerzanie kompetencji zawodowych nauczycieli oraz dzielenie się doświadczeniami z własnej pracy i przekazywanie aktualnych informacji. W konferencji wzięło udział ok. <strong>40 nauczycieli</strong> przedmiotów przyrodniczych ze szkół podstawowych i średnich głównie z Białegostoku i województwa Podlaskiego oraz pracownicy naukowo-dydaktyczni naszego Wydziału. Dużym zainteresowaniem cieszyły się dwa wykłady otwarte, w których dodatkowo udział wzięli uczniowie szkół średnich, nauczyciele, lekarze oraz inne zainteresowane osoby w sumie <strong>ok. 85 osób</strong>.</p>
<p><img loading="lazy" decoding="async" class="alignnone size-full wp-image-7127" src="http://physics.uwb.edu.pl/wf/wp-content/uploads/2018/03/DSC_7946.jpg" alt="" width="800" height="533" srcset="https://physics.uwb.edu.pl/wf/wp-content/uploads/2018/03/DSC_7946.jpg 800w, https://physics.uwb.edu.pl/wf/wp-content/uploads/2018/03/DSC_7946-150x100.jpg 150w, https://physics.uwb.edu.pl/wf/wp-content/uploads/2018/03/DSC_7946-300x200.jpg 300w, https://physics.uwb.edu.pl/wf/wp-content/uploads/2018/03/DSC_7946-600x400.jpg 600w, https://physics.uwb.edu.pl/wf/wp-content/uploads/2018/03/DSC_7946-750x500.jpg 750w, https://physics.uwb.edu.pl/wf/wp-content/uploads/2018/03/DSC_7946-272x182.jpg 272w" sizes="auto, (max-width: 800px) 100vw, 800px" /></p>
<p style="text-align: right;"><em>(c) M.B. 2018</em></p>
<p>Więce informacji pokonferencyjnych a także zapowiedzi kolejnych edycji &#8211; <a href="http://physics.uwb.edu.pl/wf/knf2018/">na oficjalnej stronie Konferencji Nauczycieli Fizyki</a>.</p>

<p>W dn. 03 marca 2018 roku na Wydziale Fizyki Uniwersytetu w Białymstoku odbyła się II Konferencja Nauczycieli Fizyki. To już drugie tego typu spotkanie zorganizowane przez Wydział Fizyki UwB we <a href="https://physics.uwb.edu.pl/wf/?page_id=7125" class="more-link">[&hellip;]</a></p>
