{"id":7803,"date":"2018-04-25T11:44:21","date_gmt":"2018-04-25T09:44:21","guid":{"rendered":"http:\/\/physics.uwb.edu.pl\/wf\/?page_id=7803"},"modified":"2018-05-07T13:20:53","modified_gmt":"2018-05-07T11:20:53","slug":"o-marianie-smoluchowskim-w-setna-rocznice-smierci-2-2-2-2-2-4-3-2-2-2-2","status":"publish","type":"page","link":"https:\/\/physics.uwb.edu.pl\/wf\/?page_id=7803","title":{"rendered":"Podlaska Marka dla prof. Piotra Jaranowskiego za udzia\u0142 w odkryciu fal grawitacyjnych!"},"content":{"rendered":"<p><img loading=\"lazy\" decoding=\"async\" class=\"aligncenter wp-image-7816 size-large\" src=\"http:\/\/physics.uwb.edu.pl\/wf\/wp-content\/uploads\/2018\/04\/dsc00705-ok-1024x576.jpg\" alt=\"\" width=\"1024\" height=\"576\" srcset=\"https:\/\/physics.uwb.edu.pl\/wf\/wp-content\/uploads\/2018\/04\/dsc00705-ok-1024x576.jpg 1024w, https:\/\/physics.uwb.edu.pl\/wf\/wp-content\/uploads\/2018\/04\/dsc00705-ok-150x84.jpg 150w, https:\/\/physics.uwb.edu.pl\/wf\/wp-content\/uploads\/2018\/04\/dsc00705-ok-300x169.jpg 300w, https:\/\/physics.uwb.edu.pl\/wf\/wp-content\/uploads\/2018\/04\/dsc00705-ok-889x500.jpg 889w, https:\/\/physics.uwb.edu.pl\/wf\/wp-content\/uploads\/2018\/04\/dsc00705-ok.jpg 1980w\" sizes=\"auto, (max-width: 1024px) 100vw, 1024px\" \/><\/p>\n<p>Pierwsza w historii detekcja fal grawitacyjnych, w kt\u00f3r\u0105 zaanga\u017cowany by\u0142 m.in. prof. Piotr Jaranowski z Wydzia\u0142u Fizyki UwB, zdoby\u0142a nagrod\u0119 Podlaska Marka w kategorii Odkrycie! 24.04.2018 na scenie Opery i Filharmonii Podlaskiej odby\u0142a si\u0119 gala fina\u0142owa konkursu organizowanego od 14 lat przez Marsza\u0142ka Wojew\u00f3dztwa Podlaskiego.<\/p>\n<p>Nagrod\u0119 wr\u0119czyli prof. Jaranowskiemu marsza\u0142ek Jerzy Leszczy\u0144ski oraz Petros Psyllos \u2013 ubieg\u0142oroczny laureat Podlaskiej Marki.<\/p>\n<p>&#8211; <em>Jestem szczerze zdumiony tym, \u017ce znalaz\u0142em si\u0119 tutaj i chyba moje zdumienie mo\u017ce by\u0107 por\u00f3wnywalne z tym, co prze\u017cy\u0142em 2 lata temu. Gdy ponad 100 lat po tym, jak Albert Einstein wymy\u015bli\u0142 fale grawitacyjne, i ponad 50 lat po tym, jak usi\u0142owano eksperymentalnie je wykry\u0107, wreszcie zosta\u0142y zarejestrowane<\/em> \u2013 powiedzia\u0142 prof. Piotr Jaranowski odbieraj\u0105c statuetk\u0119. &#8211; <em>Chcia\u0142bym podzi\u0119kowa\u0107 bardzo kapitule i wszystkim internautom, kt\u00f3rzy g\u0142osowali na mnie. Ta nagroda jest niew\u0105tpliwie nagrod\u0105 dla ca\u0142ego Uniwersytetu w Bia\u0142ymstoku, z kt\u00f3rym jestem zwi\u0105zany przez ca\u0142e swoje zawodowe \u017cycie i jestem dowodem na to, \u017ce nasz uniwersytet jest znakomitym miejscem do studiowania, i to nie tylko fizyki.<\/em><\/p>\n<p>Detekcja fal grawitacyjnych to prze\u0142omowe osi\u0105gni\u0119cie nauki &#8211; ostateczne potwierdzenie og\u00f3lnej teorii wzgl\u0119dno\u015bci Alberta Einsteina z 1915 roku. W pa\u017adzierniku 2017 r. zosta\u0142a uhonorowana Nagrod\u0105 Nobla. Nagrod\u0119 przyznano tr\u00f3jce badaczy, kt\u00f3rzy mieli szczeg\u00f3lnie donios\u0142y wk\u0142ad w to odkrycie &#8211; zapocz\u0105tkowali badania wiele lat temu, tworzyli infrastruktur\u0119 badawcz\u0105. Detekcja by\u0142a jednak mo\u017cliwa dopiero w 2015 roku, dzi\u0119ki pracy mi\u0119dzynarodowego zespo\u0142u naukowc\u00f3w z konsorcjum LIGO Scientific Collaboration i Vigro Collaboration. Jednym z nich by\u0142 prof. Piotr Jaranowski z Uniwersytetu w Bia\u0142ymstoku. Jego rola polega\u0142a w szczeg\u00f3lno\u015bci na stworzeniu (we wsp\u00f3\u0142pracy z prof. Andrzejem Kr\u00f3lakiem z Instytutu Matematycznego PAN w Warszawie) podstaw wielu algorytm\u00f3w i metod s\u0142u\u017c\u0105cych do wykrycia i estymacji parametr\u00f3w fal grawitacyjnych z uk\u0142ad\u00f3w podw\u00f3jnych z\u0142o\u017conych z gwiazd neutronowych lub czarnych dziur. Badacze przyczynili si\u0119 te\u017c do precyzyjnego modelowania sygna\u0142u fali grawitacyjnej wytwarzanej przez takie uk\u0142ady podw\u00f3jne. Dzi\u0119ki udzia\u0142owi prof. Jaranowskiego w projekcie o podlaskiej nauce by\u0142o g\u0142o\u015bno w ca\u0142ym kraju.<\/p>\n<p>O nagrody w 7 kategoriach (Produkt Spo\u017cywczy, Produkt U\u017cytkowy, Inwestycja, Odkrycie, Wydarzenie, Kultura i Spo\u0142ecze\u0144stwo) rywalizowa\u0142o \u0142\u0105cznie 180 kandydatur. Laureat\u00f3w wskaza\u0142a kapitu\u0142a konkursu Podlaska Marka.<\/p>\n<p>Przypomnijmy, \u017ce to ju\u017c druga nagroda Podlaskiej Marki dla najwi\u0119kszej podlaskiej uczelni. Trzy lata temu tytu\u0142 Podlaskiej Marki Roku 2014 zdoby\u0142 kampus Uniwersytetu w Bia\u0142ymstoku.<\/p>\n<p>Wi\u0119cej informacji o gali fina\u0142owej: <a href=\"http:\/\/www.wrotapodlasia.pl\/pl\/bogactwo_roznorodnosci\/podlaska_marka_roku\/wielka-gala-podlaskiej-marki-poznaj-tegorocznych-zwyciezcow.html\">http:\/\/www.wrotapodlasia.pl\/pl\/bogactwo_roznorodnosci\/podlaska_marka_roku\/wielka-gala-podlaskiej-marki-poznaj-tegorocznych-zwyciezcow.html<\/a><\/p>\nngg_shortcode_0_placeholder\n","protected":false},"excerpt":{"rendered":"<p>Pierwsza w historii detekcja fal grawitacyjnych, w kt\u00f3r\u0105 zaanga\u017cowany by\u0142 m.in. prof. Piotr Jaranowski z Wydzia\u0142u Fizyki UwB, zdoby\u0142a nagrod\u0119 Podlaska Marka w kategorii Odkrycie! 24.04.2018 na scenie Opery i <a href=\"https:\/\/physics.uwb.edu.pl\/wf\/?page_id=7803\" class=\"more-link\">[&hellip;]<\/a><\/p>\n","protected":false},"author":14,"featured_media":7804,"parent":713,"menu_order":0,"comment_status":"closed","ping_status":"closed","template":"","meta":{"ngg_post_thumbnail":0,"Layout":"","footnotes":""},"categories":[69],"tags":[],"class_list":["entry","author-ulag","post-7803","page","type-page","status-publish","has-post-thumbnail","category-seminarium_pl"],"jetpack_sharing_enabled":true,"jetpack_shortlink":"https:\/\/wp.me\/P7nvcn-21R","_links":{"self":[{"href":"https:\/\/physics.uwb.edu.pl\/wf\/index.php?rest_route=\/wp\/v2\/pages\/7803","targetHints":{"allow":["GET"]}}],"collection":[{"href":"https:\/\/physics.uwb.edu.pl\/wf\/index.php?rest_route=\/wp\/v2\/pages"}],"about":[{"href":"https:\/\/physics.uwb.edu.pl\/wf\/index.php?rest_route=\/wp\/v2\/types\/page"}],"author":[{"embeddable":true,"href":"https:\/\/physics.uwb.edu.pl\/wf\/index.php?rest_route=\/wp\/v2\/users\/14"}],"replies":[{"embeddable":true,"href":"https:\/\/physics.uwb.edu.pl\/wf\/index.php?rest_route=%2Fwp%2Fv2%2Fcomments&post=7803"}],"version-history":[{"count":8,"href":"https:\/\/physics.uwb.edu.pl\/wf\/index.php?rest_route=\/wp\/v2\/pages\/7803\/revisions"}],"predecessor-version":[{"id":7845,"href":"https:\/\/physics.uwb.edu.pl\/wf\/index.php?rest_route=\/wp\/v2\/pages\/7803\/revisions\/7845"}],"up":[{"embeddable":true,"href":"https:\/\/physics.uwb.edu.pl\/wf\/index.php?rest_route=\/wp\/v2\/pages\/713"}],"wp:featuredmedia":[{"embeddable":true,"href":"https:\/\/physics.uwb.edu.pl\/wf\/index.php?rest_route=\/wp\/v2\/media\/7804"}],"wp:attachment":[{"href":"https:\/\/physics.uwb.edu.pl\/wf\/index.php?rest_route=%2Fwp%2Fv2%2Fmedia&parent=7803"}],"wp:term":[{"taxonomy":"category","embeddable":true,"href":"https:\/\/physics.uwb.edu.pl\/wf\/index.php?rest_route=%2Fwp%2Fv2%2Fcategories&post=7803"},{"taxonomy":"post_tag","embeddable":true,"href":"https:\/\/physics.uwb.edu.pl\/wf\/index.php?rest_route=%2Fwp%2Fv2%2Ftags&post=7803"}],"curies":[{"name":"wp","href":"https:\/\/api.w.org\/{rel}","templated":true}]}}

Podlaska Marka dla prof. Piotra Jaranowskiego za udział w odkryciu fal grawitacyjnych!

<p><img loading="lazy" decoding="async" class="aligncenter wp-image-7816 size-large" src="http://physics.uwb.edu.pl/wf/wp-content/uploads/2018/04/dsc00705-ok-1024x576.jpg" alt="" width="1024" height="576" srcset="https://physics.uwb.edu.pl/wf/wp-content/uploads/2018/04/dsc00705-ok-1024x576.jpg 1024w, https://physics.uwb.edu.pl/wf/wp-content/uploads/2018/04/dsc00705-ok-150x84.jpg 150w, https://physics.uwb.edu.pl/wf/wp-content/uploads/2018/04/dsc00705-ok-300x169.jpg 300w, https://physics.uwb.edu.pl/wf/wp-content/uploads/2018/04/dsc00705-ok-889x500.jpg 889w, https://physics.uwb.edu.pl/wf/wp-content/uploads/2018/04/dsc00705-ok.jpg 1980w" sizes="auto, (max-width: 1024px) 100vw, 1024px" /></p>
<p>Pierwsza w historii detekcja fal grawitacyjnych, w którą zaangażowany był m.in. prof. Piotr Jaranowski z Wydziału Fizyki UwB, zdobyła nagrodę Podlaska Marka w kategorii Odkrycie! 24.04.2018 na scenie Opery i Filharmonii Podlaskiej odbyła się gala finałowa konkursu organizowanego od 14 lat przez Marszałka Województwa Podlaskiego.</p>
<p>Nagrodę wręczyli prof. Jaranowskiemu marszałek Jerzy Leszczyński oraz Petros Psyllos – ubiegłoroczny laureat Podlaskiej Marki.</p>
<p>&#8211; <em>Jestem szczerze zdumiony tym, że znalazłem się tutaj i chyba moje zdumienie może być porównywalne z tym, co przeżyłem 2 lata temu. Gdy ponad 100 lat po tym, jak Albert Einstein wymyślił fale grawitacyjne, i ponad 50 lat po tym, jak usiłowano eksperymentalnie je wykryć, wreszcie zostały zarejestrowane</em> – powiedział prof. Piotr Jaranowski odbierając statuetkę. &#8211; <em>Chciałbym podziękować bardzo kapitule i wszystkim internautom, którzy głosowali na mnie. Ta nagroda jest niewątpliwie nagrodą dla całego Uniwersytetu w Białymstoku, z którym jestem związany przez całe swoje zawodowe życie i jestem dowodem na to, że nasz uniwersytet jest znakomitym miejscem do studiowania, i to nie tylko fizyki.</em></p>
<p>Detekcja fal grawitacyjnych to przełomowe osiągnięcie nauki &#8211; ostateczne potwierdzenie ogólnej teorii względności Alberta Einsteina z 1915 roku. W październiku 2017 r. została uhonorowana Nagrodą Nobla. Nagrodę przyznano trójce badaczy, którzy mieli szczególnie doniosły wkład w to odkrycie &#8211; zapoczątkowali badania wiele lat temu, tworzyli infrastrukturę badawczą. Detekcja była jednak możliwa dopiero w 2015 roku, dzięki pracy międzynarodowego zespołu naukowców z konsorcjum LIGO Scientific Collaboration i Vigro Collaboration. Jednym z nich był prof. Piotr Jaranowski z Uniwersytetu w Białymstoku. Jego rola polegała w szczególności na stworzeniu (we współpracy z prof. Andrzejem Królakiem z Instytutu Matematycznego PAN w Warszawie) podstaw wielu algorytmów i metod służących do wykrycia i estymacji parametrów fal grawitacyjnych z układów podwójnych złożonych z gwiazd neutronowych lub czarnych dziur. Badacze przyczynili się też do precyzyjnego modelowania sygnału fali grawitacyjnej wytwarzanej przez takie układy podwójne. Dzięki udziałowi prof. Jaranowskiego w projekcie o podlaskiej nauce było głośno w całym kraju.</p>
<p>O nagrody w 7 kategoriach (Produkt Spożywczy, Produkt Użytkowy, Inwestycja, Odkrycie, Wydarzenie, Kultura i Społeczeństwo) rywalizowało łącznie 180 kandydatur. Laureatów wskazała kapituła konkursu Podlaska Marka.</p>
<p>Przypomnijmy, że to już druga nagroda Podlaskiej Marki dla największej podlaskiej uczelni. Trzy lata temu tytuł Podlaskiej Marki Roku 2014 zdobył kampus Uniwersytetu w Białymstoku.</p>
<p>Więcej informacji o gali finałowej: <a href="http://www.wrotapodlasia.pl/pl/bogactwo_roznorodnosci/podlaska_marka_roku/wielka-gala-podlaskiej-marki-poznaj-tegorocznych-zwyciezcow.html">http://www.wrotapodlasia.pl/pl/bogactwo_roznorodnosci/podlaska_marka_roku/wielka-gala-podlaskiej-marki-poznaj-tegorocznych-zwyciezcow.html</a></p>
ngg_shortcode_0_placeholder

<p>Pierwsza w historii detekcja fal grawitacyjnych, w którą zaangażowany był m.in. prof. Piotr Jaranowski z Wydziału Fizyki UwB, zdobyła nagrodę Podlaska Marka w kategorii Odkrycie! 24.04.2018 na scenie Opery i <a href="https://physics.uwb.edu.pl/wf/?page_id=7803" class="more-link">[&hellip;]</a></p>
