{"id":8020,"date":"2018-06-06T11:14:43","date_gmt":"2018-06-06T09:14:43","guid":{"rendered":"http:\/\/physics.uwb.edu.pl\/wf\/?page_id=8020"},"modified":"2018-06-06T11:14:43","modified_gmt":"2018-06-06T09:14:43","slug":"o-marianie-smoluchowskim-w-setna-rocznice-smierci-2-2-2-2-2-4-3-2-2-2-2-2-2-2-2-2","status":"publish","type":"page","link":"https:\/\/physics.uwb.edu.pl\/wf\/?page_id=8020","title":{"rendered":"I Kongres Nauczycieli Fizyki 2018"},"content":{"rendered":"<p align=\"justify\"><img loading=\"lazy\" decoding=\"async\" class=\"aligncenter wp-image-8021 size-full\" src=\"http:\/\/physics.uwb.edu.pl\/wf\/wp-content\/uploads\/2018\/06\/logo_kongres2018.jpg\" alt=\"\" width=\"779\" height=\"246\" srcset=\"https:\/\/physics.uwb.edu.pl\/wf\/wp-content\/uploads\/2018\/06\/logo_kongres2018.jpg 779w, https:\/\/physics.uwb.edu.pl\/wf\/wp-content\/uploads\/2018\/06\/logo_kongres2018-150x47.jpg 150w, https:\/\/physics.uwb.edu.pl\/wf\/wp-content\/uploads\/2018\/06\/logo_kongres2018-300x95.jpg 300w\" sizes=\"auto, (max-width: 779px) 100vw, 779px\" \/><\/p>\n<p align=\"justify\">W dniach 14-16 wrze\u015bnia 2018 roku odb\u0119dzie si\u0119 I Kongresie Nauczycieli Fizyki. <a href=\"http:\/\/physics.uwb.edu.pl\/wf\/wp-content\/uploads\/2018\/06\/Zaproszenie-na-I-Kongres-Nauczycieli-Fizyki-\u0141\u00f3d\u017a-14-16-wrze\u015bnia-2018.pdf\">Zapraszamy<\/a> do udzia\u0142u. Organizatorem jest Wydzia\u0142 Fizyki i Informatyki Stosowanej Uniwersytetu \u0141\u00f3dzkiego. <a href=\"http:\/\/www.knf1.uni.lodz.pl\">Informacje<\/a> o Kongresie oraz formularz rejestracyjny znajduj\u0105 si\u0119 na stronie <a href=\"http:\/\/www.knf1.uni.lodz.pl\">www.knf1.uni.lodz.pl<\/a>.<\/p>\n<p align=\"justify\">Wydzia\u0142 Fizyki Uniwersytetu w Bia\u0142ymstoku zorganizowa\u0142 dwie konferencje nauczycieli fizyki, w marcu <a href=\"http:\/\/physics.uwb.edu.pl\/wf\/knf2017\/\">2017<\/a> i <a href=\"http:\/\/physics.uwb.edu.pl\/wf\/knf2018\/\">2018<\/a> roku. Wydarzenia te zosta\u0142y dostrze\u017cone w skali kraju i o\u015brodek nasz zosta\u0142 zaproszony do udzia\u0142u w pracach <a href=\"http:\/\/knf1.uni.lodz.pl\/komitet-naukowy\/\">Komitetu Naukowego I Kongresu Nauczycieli Fizyki<\/a>.<\/p>\n<p align=\"justify\">Zamierzamy utrzyma\u0107 tradycj\u0119 organizowania lokalnych konferencji dla Nauczycieli Fizyki.<\/p>\n","protected":false},"excerpt":{"rendered":"<p>W dniach 14-16 wrze\u015bnia 2018 roku odb\u0119dzie si\u0119 I Kongresie Nauczycieli Fizyki. Zapraszamy do udzia\u0142u. Organizatorem jest Wydzia\u0142 Fizyki i Informatyki Stosowanej Uniwersytetu \u0141\u00f3dzkiego. Informacje o Kongresie oraz formularz rejestracyjny <a href=\"https:\/\/physics.uwb.edu.pl\/wf\/?page_id=8020\" class=\"more-link\">[&hellip;]<\/a><\/p>\n","protected":false},"author":14,"featured_media":7923,"parent":713,"menu_order":0,"comment_status":"closed","ping_status":"closed","template":"","meta":{"ngg_post_thumbnail":0,"Layout":"","footnotes":""},"categories":[35,27],"tags":[],"class_list":["entry","author-ulag","post-8020","page","type-page","status-publish","has-post-thumbnail","category-popularyzacja_pl","category-post_news_pl"],"jetpack_sharing_enabled":true,"jetpack_shortlink":"https:\/\/wp.me\/P7nvcn-25m","_links":{"self":[{"href":"https:\/\/physics.uwb.edu.pl\/wf\/index.php?rest_route=\/wp\/v2\/pages\/8020","targetHints":{"allow":["GET"]}}],"collection":[{"href":"https:\/\/physics.uwb.edu.pl\/wf\/index.php?rest_route=\/wp\/v2\/pages"}],"about":[{"href":"https:\/\/physics.uwb.edu.pl\/wf\/index.php?rest_route=\/wp\/v2\/types\/page"}],"author":[{"embeddable":true,"href":"https:\/\/physics.uwb.edu.pl\/wf\/index.php?rest_route=\/wp\/v2\/users\/14"}],"replies":[{"embeddable":true,"href":"https:\/\/physics.uwb.edu.pl\/wf\/index.php?rest_route=%2Fwp%2Fv2%2Fcomments&post=8020"}],"version-history":[{"count":3,"href":"https:\/\/physics.uwb.edu.pl\/wf\/index.php?rest_route=\/wp\/v2\/pages\/8020\/revisions"}],"predecessor-version":[{"id":8027,"href":"https:\/\/physics.uwb.edu.pl\/wf\/index.php?rest_route=\/wp\/v2\/pages\/8020\/revisions\/8027"}],"up":[{"embeddable":true,"href":"https:\/\/physics.uwb.edu.pl\/wf\/index.php?rest_route=\/wp\/v2\/pages\/713"}],"wp:featuredmedia":[{"embeddable":true,"href":"https:\/\/physics.uwb.edu.pl\/wf\/index.php?rest_route=\/wp\/v2\/media\/7923"}],"wp:attachment":[{"href":"https:\/\/physics.uwb.edu.pl\/wf\/index.php?rest_route=%2Fwp%2Fv2%2Fmedia&parent=8020"}],"wp:term":[{"taxonomy":"category","embeddable":true,"href":"https:\/\/physics.uwb.edu.pl\/wf\/index.php?rest_route=%2Fwp%2Fv2%2Fcategories&post=8020"},{"taxonomy":"post_tag","embeddable":true,"href":"https:\/\/physics.uwb.edu.pl\/wf\/index.php?rest_route=%2Fwp%2Fv2%2Ftags&post=8020"}],"curies":[{"name":"wp","href":"https:\/\/api.w.org\/{rel}","templated":true}]}}

<p align="justify"><img loading="lazy" decoding="async" class="aligncenter wp-image-8021 size-full" src="http://physics.uwb.edu.pl/wf/wp-content/uploads/2018/06/logo_kongres2018.jpg" alt="" width="779" height="246" srcset="https://physics.uwb.edu.pl/wf/wp-content/uploads/2018/06/logo_kongres2018.jpg 779w, https://physics.uwb.edu.pl/wf/wp-content/uploads/2018/06/logo_kongres2018-150x47.jpg 150w, https://physics.uwb.edu.pl/wf/wp-content/uploads/2018/06/logo_kongres2018-300x95.jpg 300w" sizes="auto, (max-width: 779px) 100vw, 779px" /></p>
<p align="justify">W dniach 14-16 września 2018 roku odbędzie się I Kongresie Nauczycieli Fizyki. <a href="http://physics.uwb.edu.pl/wf/wp-content/uploads/2018/06/Zaproszenie-na-I-Kongres-Nauczycieli-Fizyki-Łódź-14-16-września-2018.pdf">Zapraszamy</a> do udziału. Organizatorem jest Wydział Fizyki i Informatyki Stosowanej Uniwersytetu Łódzkiego. <a href="http://www.knf1.uni.lodz.pl">Informacje</a> o Kongresie oraz formularz rejestracyjny znajdują się na stronie <a href="http://www.knf1.uni.lodz.pl">www.knf1.uni.lodz.pl</a>.</p>
<p align="justify">Wydział Fizyki Uniwersytetu w Białymstoku zorganizował dwie konferencje nauczycieli fizyki, w marcu <a href="http://physics.uwb.edu.pl/wf/knf2017/">2017</a> i <a href="http://physics.uwb.edu.pl/wf/knf2018/">2018</a> roku. Wydarzenia te zostały dostrzeżone w skali kraju i ośrodek nasz został zaproszony do udziału w pracach <a href="http://knf1.uni.lodz.pl/komitet-naukowy/">Komitetu Naukowego I Kongresu Nauczycieli Fizyki</a>.</p>
<p align="justify">Zamierzamy utrzymać tradycję organizowania lokalnych konferencji dla Nauczycieli Fizyki.</p>

<p>W dniach 14-16 września 2018 roku odbędzie się I Kongresie Nauczycieli Fizyki. Zapraszamy do udziału. Organizatorem jest Wydział Fizyki i Informatyki Stosowanej Uniwersytetu Łódzkiego. Informacje o Kongresie oraz formularz rejestracyjny <a href="https://physics.uwb.edu.pl/wf/?page_id=8020" class="more-link">[&hellip;]</a></p>
