{"id":8072,"date":"2018-06-09T13:34:46","date_gmt":"2018-06-09T11:34:46","guid":{"rendered":"http:\/\/physics.uwb.edu.pl\/wf\/?page_id=8072"},"modified":"2018-06-15T14:03:45","modified_gmt":"2018-06-15T12:03:45","slug":"targi-edukacyjne-w-grajewie-2-2-3-2-2","status":"publish","type":"page","link":"https:\/\/physics.uwb.edu.pl\/wf\/?page_id=8072","title":{"rendered":"XVI Podlaski Festiwal Nauki i Sztuki"},"content":{"rendered":"<p>W dniach 6-9 marca 2018 r. odby\u0142y si\u0119 <strong>XVI Festiwal Nauki<\/strong>&nbsp;&#8211;&nbsp;coroczna impreza, kt\u00f3re na dobre wpisa\u0142a si\u0119 w bia\u0142ostockie \u017cycie szkolne. Nie zabrak\u0142o Wydzia\u0142u Fizyki, kt\u00f3ry przygotowa\u0142 zaj\u0119cia warsztatowe oraz wyk\u0142ady. By\u0142y to:<\/p>\n<ul>\n<li>&#8220;Pierwsze spotkania z robotyk\u0105 &#8211; Arduino&#8221; (dr K. Gawryluk),<\/li>\n<li>&#8220;Komputerowo wspomagane dydaktyczne eksperymenty fizyczne&#8221; (mgr W. Dobrogowski)<\/li>\n<li>&#8220;Astronomia fal grawitacyjnych&#8221; (prof. P. Jaranowski)<\/li>\n<li>&#8220;Camera obscura w akcji &#8221; (prof. K. Szyma\u0144ski)<\/li>\n<li>&#8220;Widmo w laboratorium&#8221;, (dr hab. A. Andrejczuk)<\/li>\n<li>&#8220;Badamy struktury&#8221; (dr hab. K. Re\u0107ko)<\/li>\n<li>&#8220;Rura Rubensa&#8221; (dr J. Kisielewski)<\/li>\n<li>&#8220;Wahad\u0142o Foucaulta&#8221; (prof. K. Szyma\u0144ski + student: Pawe\u0142 Budkiewicz)<\/li>\n<\/ul>\nngg_shortcode_0_placeholder\n<p>Nowo\u015bci\u0105 tegorocznego Festiwalu by\u0142 Piknik Rodzinny na Stadionie (sobota 9 czerca 2018) &#8211; organizacj\u0105 tej cz\u0119\u015bci imprezy podj\u0119\u0142a si\u0119 dr hab. Katarzyna Re\u0107ko wraz z dr Markiem Brancewiczem, kt\u00f3rzy w asy\u015bcie student\u00f3w naszego wydzia\u0142u przedstawiali ciekawostki fizyczne pod has\u0142em &#8220;<strong>Fizyka scali \u2013 mity obali \u2013 wnuczek wyja\u015bni \u2013 dziadek pochwali<\/strong>&#8220;. Impreza odby\u0142a si\u0119 w godzinach 10:00-14:30 i cieszy\u0142a si\u0119 niema\u0142ym zainteresowaniem publiczno\u015bci. Co wi\u0119cej &#8211; pojawi\u0142o si\u0119 sporo dociekliwych pyta\u0144, za kt\u00f3re bardzo dzi\u0119kujemy! Warto pochwali\u0107 naszych student\u00f3w, kt\u00f3rzy pracowali przy stanowiskach podczas Pikniku i podczas zaj\u0119\u0107 z Arduino:<\/p>\n<ul>\n<li>D\u0105bkowski Szymon&nbsp;(I FGKiR)<\/li>\n<li>Drushliak Viktoriia (III FO)<\/li>\n<li>Dud\u017a Paulina (I FGKiR)<\/li>\n<li>Falicki Marcin&nbsp;(2 stopie\u0144 FM)<\/li>\n<li>Harkavyi Jaroslav&nbsp;(III FO)<\/li>\n<li>Ko\u0142odziejczyk Mateusz&nbsp;(II FGKiR)<\/li>\n<li>Nie\u015bcierowicz Kamila (2 stopie\u0144 FM?)<\/li>\n<li>Orzechowska Marta&nbsp;(2 stopie\u0144 FM)<\/li>\n<li>Szersze\u0144 Adam (II FGKiR)<\/li>\n<li>Przemys\u0142aw Baj (I Informatyka)<\/li>\n<li>Mateusz Berchacki (I Informatyka)<\/li>\n<\/ul>\n<p>Dzi\u0119kujemy wszystkim zaanga\u017cowanym pracownikom za przygotowanie bogatego repertuaru imprez. Na koniec <strong>najwa\u017cniejsze podzi\u0119kowania<\/strong> kierujemy do wszystkim <strong>odwiedzaj\u0105cych nas go\u015bci&nbsp;<\/strong>&#8211; maj\u0105c nadziej\u0119, \u017ce pokazy i warsztaty si\u0119 podoba\u0142y i rozbudzi\u0142y w Was g\u0142\u00f3d wiedzy i ch\u0119\u0107 nauki przedmiot\u00f3w \u015bcis\u0142ych \ud83d\ude09 Prosimy odwiedza\u0107 nasz&nbsp;<a href=\"https:\/\/www.facebook.com\/WydzialFizykiUwB\/\">profilu FB<\/a>&nbsp;aby by\u0107 na bie\u017c\u0105co.<\/p>\n<p style=\"text-align: right;\"><em>dr K. Gawryluk<br \/>\nWydzia\u0142owy Koordynator XVI Festiwalu<\/em><\/p>\n<p>&nbsp;<\/p>\n<p>&nbsp;<\/p>\n","protected":false},"excerpt":{"rendered":"<p>W dniach 6-9 marca 2018 r. odby\u0142y si\u0119 XVI Festiwal Nauki&nbsp;&#8211;&nbsp;coroczna impreza, kt\u00f3re na dobre wpisa\u0142a si\u0119 w bia\u0142ostockie \u017cycie szkolne. Nie zabrak\u0142o Wydzia\u0142u Fizyki, kt\u00f3ry przygotowa\u0142 zaj\u0119cia warsztatowe oraz <a href=\"https:\/\/physics.uwb.edu.pl\/wf\/?page_id=8072\" class=\"more-link\">[&hellip;]<\/a><\/p>\n","protected":false},"author":5,"featured_media":8078,"parent":2744,"menu_order":0,"comment_status":"closed","ping_status":"closed","template":"","meta":{"ngg_post_thumbnail":0,"Layout":"1c","footnotes":""},"categories":[166,131],"tags":[],"class_list":["entry","author-gawryl","post-8072","page","type-page","status-publish","has-post-thumbnail","category-edukacyjne","category-galeria_foto"],"jetpack_sharing_enabled":true,"jetpack_shortlink":"https:\/\/wp.me\/P7nvcn-26c","_links":{"self":[{"href":"https:\/\/physics.uwb.edu.pl\/wf\/index.php?rest_route=\/wp\/v2\/pages\/8072","targetHints":{"allow":["GET"]}}],"collection":[{"href":"https:\/\/physics.uwb.edu.pl\/wf\/index.php?rest_route=\/wp\/v2\/pages"}],"about":[{"href":"https:\/\/physics.uwb.edu.pl\/wf\/index.php?rest_route=\/wp\/v2\/types\/page"}],"author":[{"embeddable":true,"href":"https:\/\/physics.uwb.edu.pl\/wf\/index.php?rest_route=\/wp\/v2\/users\/5"}],"replies":[{"embeddable":true,"href":"https:\/\/physics.uwb.edu.pl\/wf\/index.php?rest_route=%2Fwp%2Fv2%2Fcomments&post=8072"}],"version-history":[{"count":5,"href":"https:\/\/physics.uwb.edu.pl\/wf\/index.php?rest_route=\/wp\/v2\/pages\/8072\/revisions"}],"predecessor-version":[{"id":8077,"href":"https:\/\/physics.uwb.edu.pl\/wf\/index.php?rest_route=\/wp\/v2\/pages\/8072\/revisions\/8077"}],"up":[{"embeddable":true,"href":"https:\/\/physics.uwb.edu.pl\/wf\/index.php?rest_route=\/wp\/v2\/pages\/2744"}],"wp:featuredmedia":[{"embeddable":true,"href":"https:\/\/physics.uwb.edu.pl\/wf\/index.php?rest_route=\/wp\/v2\/media\/8078"}],"wp:attachment":[{"href":"https:\/\/physics.uwb.edu.pl\/wf\/index.php?rest_route=%2Fwp%2Fv2%2Fmedia&parent=8072"}],"wp:term":[{"taxonomy":"category","embeddable":true,"href":"https:\/\/physics.uwb.edu.pl\/wf\/index.php?rest_route=%2Fwp%2Fv2%2Fcategories&post=8072"},{"taxonomy":"post_tag","embeddable":true,"href":"https:\/\/physics.uwb.edu.pl\/wf\/index.php?rest_route=%2Fwp%2Fv2%2Ftags&post=8072"}],"curies":[{"name":"wp","href":"https:\/\/api.w.org\/{rel}","templated":true}]}}

<p>W dniach 6-9 marca 2018 r. odbyły się <strong>XVI Festiwal Nauki</strong>&nbsp;&#8211;&nbsp;coroczna impreza, które na dobre wpisała się w białostockie życie szkolne. Nie zabrakło Wydziału Fizyki, który przygotował zajęcia warsztatowe oraz wykłady. Były to:</p>
<ul>
<li>&#8220;Pierwsze spotkania z robotyką &#8211; Arduino&#8221; (dr K. Gawryluk),</li>
<li>&#8220;Komputerowo wspomagane dydaktyczne eksperymenty fizyczne&#8221; (mgr W. Dobrogowski)</li>
<li>&#8220;Astronomia fal grawitacyjnych&#8221; (prof. P. Jaranowski)</li>
<li>&#8220;Camera obscura w akcji &#8221; (prof. K. Szymański)</li>
<li>&#8220;Widmo w laboratorium&#8221;, (dr hab. A. Andrejczuk)</li>
<li>&#8220;Badamy struktury&#8221; (dr hab. K. Rećko)</li>
<li>&#8220;Rura Rubensa&#8221; (dr J. Kisielewski)</li>
<li>&#8220;Wahadło Foucaulta&#8221; (prof. K. Szymański + student: Paweł Budkiewicz)</li>
</ul>
ngg_shortcode_0_placeholder
<p>Nowością tegorocznego Festiwalu był Piknik Rodzinny na Stadionie (sobota 9 czerca 2018) &#8211; organizacją tej części imprezy podjęła się dr hab. Katarzyna Rećko wraz z dr Markiem Brancewiczem, którzy w asyście studentów naszego wydziału przedstawiali ciekawostki fizyczne pod hasłem &#8220;<strong>Fizyka scali – mity obali – wnuczek wyjaśni – dziadek pochwali</strong>&#8220;. Impreza odbyła się w godzinach 10:00-14:30 i cieszyła się niemałym zainteresowaniem publiczności. Co więcej &#8211; pojawiło się sporo dociekliwych pytań, za które bardzo dziękujemy! Warto pochwalić naszych studentów, którzy pracowali przy stanowiskach podczas Pikniku i podczas zajęć z Arduino:</p>
<ul>
<li>Dąbkowski Szymon&nbsp;(I FGKiR)</li>
<li>Drushliak Viktoriia (III FO)</li>
<li>Dudź Paulina (I FGKiR)</li>
<li>Falicki Marcin&nbsp;(2 stopień FM)</li>
<li>Harkavyi Jaroslav&nbsp;(III FO)</li>
<li>Kołodziejczyk Mateusz&nbsp;(II FGKiR)</li>
<li>Nieścierowicz Kamila (2 stopień FM?)</li>
<li>Orzechowska Marta&nbsp;(2 stopień FM)</li>
<li>Szerszeń Adam (II FGKiR)</li>
<li>Przemysław Baj (I Informatyka)</li>
<li>Mateusz Berchacki (I Informatyka)</li>
</ul>
<p>Dziękujemy wszystkim zaangażowanym pracownikom za przygotowanie bogatego repertuaru imprez. Na koniec <strong>najważniejsze podziękowania</strong> kierujemy do wszystkim <strong>odwiedzających nas gości&nbsp;</strong>&#8211; mając nadzieję, że pokazy i warsztaty się podobały i rozbudziły w Was głód wiedzy i chęć nauki przedmiotów ścisłych 😉 Prosimy odwiedzać nasz&nbsp;<a href="https://www.facebook.com/WydzialFizykiUwB/">profilu FB</a>&nbsp;aby być na bieżąco.</p>
<p style="text-align: right;"><em>dr K. Gawryluk<br />
Wydziałowy Koordynator XVI Festiwalu</em></p>
<p>&nbsp;</p>
<p>&nbsp;</p>

<p>W dniach 6-9 marca 2018 r. odbyły się XVI Festiwal Nauki&nbsp;&#8211;&nbsp;coroczna impreza, które na dobre wpisała się w białostockie życie szkolne. Nie zabrakło Wydziału Fizyki, który przygotował zajęcia warsztatowe oraz <a href="https://physics.uwb.edu.pl/wf/?page_id=8072" class="more-link">[&hellip;]</a></p>
