{"id":9855,"date":"2019-05-28T12:09:36","date_gmt":"2019-05-28T10:09:36","guid":{"rendered":"http:\/\/physics.uwb.edu.pl\/wf\/?page_id=9855"},"modified":"2019-05-30T18:13:42","modified_gmt":"2019-05-30T16:13:42","slug":"xvii-gielda-pomyslow-na-zycie-lomza-2-2-2-2-3","status":"publish","type":"page","link":"https:\/\/physics.uwb.edu.pl\/wf\/?page_id=9855","title":{"rendered":"II Uczniowska Konferencja Naukowa &#8211; 3LO w Bia\u0142ymstoku"},"content":{"rendered":"<p>28 maja 2019 r. w III Liceum Og\u00f3lnokszta\u0142c\u0105cym w Bia\u0142ymstoku odby\u0142a si\u0119 II Uczniowska Konferencja Naukowa zatytu\u0142owana &#8220;Pasja to rozw\u00f3j&#8221;. Wydzia\u0142 Fizyki zosta\u0142 zaproszony do zakrzewienia pasji fizyk\u0105 i informatyk\u0105.<\/p>\n<p><img loading=\"lazy\" decoding=\"async\" class=\"alignnone wp-image-9856\" src=\"http:\/\/physics.uwb.edu.pl\/wf\/wp-content\/uploads\/2019\/05\/IMG_1589-300x200.jpg\" alt=\"\" width=\"600\" height=\"400\" srcset=\"https:\/\/physics.uwb.edu.pl\/wf\/wp-content\/uploads\/2019\/05\/IMG_1589-300x200.jpg 300w, https:\/\/physics.uwb.edu.pl\/wf\/wp-content\/uploads\/2019\/05\/IMG_1589-150x100.jpg 150w, https:\/\/physics.uwb.edu.pl\/wf\/wp-content\/uploads\/2019\/05\/IMG_1589-1024x682.jpg 1024w, https:\/\/physics.uwb.edu.pl\/wf\/wp-content\/uploads\/2019\/05\/IMG_1589-600x400.jpg 600w, https:\/\/physics.uwb.edu.pl\/wf\/wp-content\/uploads\/2019\/05\/IMG_1589-750x500.jpg 750w, https:\/\/physics.uwb.edu.pl\/wf\/wp-content\/uploads\/2019\/05\/IMG_1589-272x182.jpg 272w, https:\/\/physics.uwb.edu.pl\/wf\/wp-content\/uploads\/2019\/05\/IMG_1589.jpg 1280w\" sizes=\"auto, (max-width: 600px) 100vw, 600px\" \/><\/p>\n<p>(\u017ar\u00f3d\u0142o zdj\u0119\u0107: <a href=\"http:\/\/3lo.bialystok.pl\/index.php\/component\/k2\/item\/1828-ii-uczniowska-konferencja-naukowa-pasja-to-rozwoj\">www aktualno\u015bci III LO Bia\u0142ystok<\/a>)<\/p>\n<p>Wydzia\u0142 reprezentowa\u0142 dr Cezary Walczyk, kt\u00f3ry otrzyma\u0142 zaproszenie od mgr Tomasza Bia\u0142kowskiego &#8211; naszego absolwenta, a teraz nauczyciela przedmiotu fizyka w 3LO. Wyst\u0105pi\u0142&nbsp; z prelekcj\u0105 &#8220;Internet Rzeczy&#8221;. Wyk\u0142ad okaza\u0142 si\u0119 trafiony, bo uczniowie znaj\u0105 platform\u0119 Arduino z zaj\u0119\u0107 w swoim liceum &#8211; dlatego dodatkowe informacje fajnie go uzupe\u0142ni\u0142y.&nbsp;<\/p>\n<p>Dzi\u0119kujemy za zaproszenie i mo\u017cliwo\u015b\u0107 przedstawienia zainteresowanym uczniom nowo\u015bci ze \u015bwiata programowalnej elektroniki. Mamy nadziej\u0119, \u017ce taka wsp\u00f3\u0142praca b\u0119dzie si\u0119 rozwija\u0107 w przysz\u0142o\u015bci.<\/p>\n","protected":false},"excerpt":{"rendered":"<p>28 maja 2019 r. w III Liceum Og\u00f3lnokszta\u0142c\u0105cym w Bia\u0142ymstoku odby\u0142a si\u0119 II Uczniowska Konferencja Naukowa zatytu\u0142owana &#8220;Pasja to rozw\u00f3j&#8221;. Wydzia\u0142 Fizyki zosta\u0142 zaproszony do zakrzewienia pasji fizyk\u0105 i informatyk\u0105. <a href=\"https:\/\/physics.uwb.edu.pl\/wf\/?page_id=9855\" class=\"more-link\">[&hellip;]<\/a><\/p>\n","protected":false},"author":5,"featured_media":9856,"parent":2744,"menu_order":0,"comment_status":"closed","ping_status":"closed","template":"","meta":{"ngg_post_thumbnail":0,"Layout":"1c","footnotes":""},"categories":[166,131,35],"tags":[],"class_list":["entry","author-gawryl","post-9855","page","type-page","status-publish","has-post-thumbnail","category-edukacyjne","category-galeria_foto","category-popularyzacja_pl"],"jetpack_sharing_enabled":true,"jetpack_shortlink":"https:\/\/wp.me\/P7nvcn-2yX","_links":{"self":[{"href":"https:\/\/physics.uwb.edu.pl\/wf\/index.php?rest_route=\/wp\/v2\/pages\/9855","targetHints":{"allow":["GET"]}}],"collection":[{"href":"https:\/\/physics.uwb.edu.pl\/wf\/index.php?rest_route=\/wp\/v2\/pages"}],"about":[{"href":"https:\/\/physics.uwb.edu.pl\/wf\/index.php?rest_route=\/wp\/v2\/types\/page"}],"author":[{"embeddable":true,"href":"https:\/\/physics.uwb.edu.pl\/wf\/index.php?rest_route=\/wp\/v2\/users\/5"}],"replies":[{"embeddable":true,"href":"https:\/\/physics.uwb.edu.pl\/wf\/index.php?rest_route=%2Fwp%2Fv2%2Fcomments&post=9855"}],"version-history":[{"count":3,"href":"https:\/\/physics.uwb.edu.pl\/wf\/index.php?rest_route=\/wp\/v2\/pages\/9855\/revisions"}],"predecessor-version":[{"id":9859,"href":"https:\/\/physics.uwb.edu.pl\/wf\/index.php?rest_route=\/wp\/v2\/pages\/9855\/revisions\/9859"}],"up":[{"embeddable":true,"href":"https:\/\/physics.uwb.edu.pl\/wf\/index.php?rest_route=\/wp\/v2\/pages\/2744"}],"wp:featuredmedia":[{"embeddable":true,"href":"https:\/\/physics.uwb.edu.pl\/wf\/index.php?rest_route=\/wp\/v2\/media\/9856"}],"wp:attachment":[{"href":"https:\/\/physics.uwb.edu.pl\/wf\/index.php?rest_route=%2Fwp%2Fv2%2Fmedia&parent=9855"}],"wp:term":[{"taxonomy":"category","embeddable":true,"href":"https:\/\/physics.uwb.edu.pl\/wf\/index.php?rest_route=%2Fwp%2Fv2%2Fcategories&post=9855"},{"taxonomy":"post_tag","embeddable":true,"href":"https:\/\/physics.uwb.edu.pl\/wf\/index.php?rest_route=%2Fwp%2Fv2%2Ftags&post=9855"}],"curies":[{"name":"wp","href":"https:\/\/api.w.org\/{rel}","templated":true}]}}

II Uczniowska Konferencja Naukowa &#8211; 3LO w Białymstoku

<p>28 maja 2019 r. w III Liceum Ogólnokształcącym w Białymstoku odbyła się II Uczniowska Konferencja Naukowa zatytułowana &#8220;Pasja to rozwój&#8221;. Wydział Fizyki został zaproszony do zakrzewienia pasji fizyką i informatyką.</p>
<p><img loading="lazy" decoding="async" class="alignnone wp-image-9856" src="http://physics.uwb.edu.pl/wf/wp-content/uploads/2019/05/IMG_1589-300x200.jpg" alt="" width="600" height="400" srcset="https://physics.uwb.edu.pl/wf/wp-content/uploads/2019/05/IMG_1589-300x200.jpg 300w, https://physics.uwb.edu.pl/wf/wp-content/uploads/2019/05/IMG_1589-150x100.jpg 150w, https://physics.uwb.edu.pl/wf/wp-content/uploads/2019/05/IMG_1589-1024x682.jpg 1024w, https://physics.uwb.edu.pl/wf/wp-content/uploads/2019/05/IMG_1589-600x400.jpg 600w, https://physics.uwb.edu.pl/wf/wp-content/uploads/2019/05/IMG_1589-750x500.jpg 750w, https://physics.uwb.edu.pl/wf/wp-content/uploads/2019/05/IMG_1589-272x182.jpg 272w, https://physics.uwb.edu.pl/wf/wp-content/uploads/2019/05/IMG_1589.jpg 1280w" sizes="auto, (max-width: 600px) 100vw, 600px" /></p>
<p>(źródło zdjęć: <a href="http://3lo.bialystok.pl/index.php/component/k2/item/1828-ii-uczniowska-konferencja-naukowa-pasja-to-rozwoj">www aktualności III LO Białystok</a>)</p>
<p>Wydział reprezentował dr Cezary Walczyk, który otrzymał zaproszenie od mgr Tomasza Białkowskiego &#8211; naszego absolwenta, a teraz nauczyciela przedmiotu fizyka w 3LO. Wystąpił&nbsp; z prelekcją &#8220;Internet Rzeczy&#8221;. Wykład okazał się trafiony, bo uczniowie znają platformę Arduino z zajęć w swoim liceum &#8211; dlatego dodatkowe informacje fajnie go uzupełniły.&nbsp;</p>
<p>Dziękujemy za zaproszenie i możliwość przedstawienia zainteresowanym uczniom nowości ze świata programowalnej elektroniki. Mamy nadzieję, że taka współpraca będzie się rozwijać w przyszłości.</p>

<p>28 maja 2019 r. w III Liceum Ogólnokształcącym w Białymstoku odbyła się II Uczniowska Konferencja Naukowa zatytułowana &#8220;Pasja to rozwój&#8221;. Wydział Fizyki został zaproszony do zakrzewienia pasji fizyką i informatyką. <a href="https://physics.uwb.edu.pl/wf/?page_id=9855" class="more-link">[&hellip;]</a></p>
