{"id":47,"date":"2017-01-13T11:08:26","date_gmt":"2017-01-13T11:08:26","guid":{"rendered":"http:\/\/physics.uwb.edu.pl\/wf\/knf\/?page_id=47"},"modified":"2017-05-20T14:42:15","modified_gmt":"2017-05-20T14:42:15","slug":"wladze","status":"publish","type":"page","link":"https:\/\/physics.uwb.edu.pl\/wf\/knf\/wladze\/","title":{"rendered":"W\u0142adze"},"content":{"rendered":"<h1>Opiekun naukowy<\/h1>\n<p><a href=\"http:\/\/physics.uwb.edu.pl\/wf\/?pracownik=krzysztof-szymanski\">prof. dr hab. Krzysztof Szyma\u0144ski<\/a><\/p>\n<h1>Prezesi Ko\u0142a Naukowego Fizyk\u00f3w:<\/h1>\n<p>2016 &#8211; 201&#8230; &#8211; <a href=\"https:\/\/www.facebook.com\/luki.full\">\u0141ukasz \u0141abieniec<\/a><br \/>\n2014 &#8211; 2016&nbsp; &#8211; Grzegorz Ostapczuk<\/p>\n","protected":false},"excerpt":{"rendered":"<p>Opiekun naukowy prof. dr hab. Krzysztof Szyma\u0144ski Prezesi Ko\u0142a Naukowego Fizyk\u00f3w: 2016 &#8211; 201&#8230; &#8211; \u0141ukasz \u0141abieniec 2014 &#8211; 2016&nbsp; &#8211; Grzegorz Ostapczuk<\/p>\n","protected":false},"author":8,"featured_media":0,"parent":0,"menu_order":0,"comment_status":"closed","ping_status":"closed","template":"","meta":{"ngg_post_thumbnail":0,"footnotes":""},"class_list":["post-47","page","type-page","status-publish","hentry"],"_links":{"self":[{"href":"https:\/\/physics.uwb.edu.pl\/wf\/knf\/wp-json\/wp\/v2\/pages\/47","targetHints":{"allow":["GET"]}}],"collection":[{"href":"https:\/\/physics.uwb.edu.pl\/wf\/knf\/wp-json\/wp\/v2\/pages"}],"about":[{"href":"https:\/\/physics.uwb.edu.pl\/wf\/knf\/wp-json\/wp\/v2\/types\/page"}],"author":[{"embeddable":true,"href":"https:\/\/physics.uwb.edu.pl\/wf\/knf\/wp-json\/wp\/v2\/users\/8"}],"replies":[{"embeddable":true,"href":"https:\/\/physics.uwb.edu.pl\/wf\/knf\/wp-json\/wp\/v2\/comments?post=47"}],"version-history":[{"count":7,"href":"https:\/\/physics.uwb.edu.pl\/wf\/knf\/wp-json\/wp\/v2\/pages\/47\/revisions"}],"predecessor-version":[{"id":131,"href":"https:\/\/physics.uwb.edu.pl\/wf\/knf\/wp-json\/wp\/v2\/pages\/47\/revisions\/131"}],"wp:attachment":[{"href":"https:\/\/physics.uwb.edu.pl\/wf\/knf\/wp-json\/wp\/v2\/media?parent=47"}],"curies":[{"name":"wp","href":"https:\/\/api.w.org\/{rel}","templated":true}]}}