{"id":53,"date":"2017-06-14T09:44:03","date_gmt":"2017-06-14T09:44:03","guid":{"rendered":"http:\/\/physics.uwb.edu.pl\/wf\/knf2018\/?page_id=53"},"modified":"2019-03-26T10:11:31","modified_gmt":"2019-03-26T10:11:31","slug":"ii-konferencja-nauczycieli-fizyki-2018","status":"publish","type":"page","link":"https:\/\/physics.uwb.edu.pl\/wf\/knf2018\/","title":{"rendered":"II Konferencja Nauczycieli Fizyki 2018"},"content":{"rendered":"<p><span style=\"font-size: 14pt\"><strong>Szanowni Pa\u0144stwo<\/strong><\/span><\/p>\n<p>W sobot\u0119 3 marca 2018 r. na <a href=\"http:\/\/physics.uwb.edu.pl\/wf\/\">Wydziale Fizyki<\/a> <a href=\"http:\/\/uwb.edu.pl\/\">Uniwersytetu w Bia\u0142ymstoku<\/a> przy ul. Konstantego Cio\u0142kowskiego 1L odby\u0142a si\u0119<\/p>\n<p style=\"text-align: center\"><span style=\"font-size: 14pt;color: #000000\"><strong>II Konferencja Nauczycieli Fizyki<\/strong><\/span><\/p>\n<p>To ju\u017c drugie tego typu spotkanie zorganizowane przez <a href=\"http:\/\/physics.uwb.edu.pl\/wf\/\">Wydzia\u0142 Fizyki Uniwersytetu w Bia\u0142ymstoku<\/a> we wsp\u00f3\u0142pracy z <a href=\"http:\/\/physics.uwb.edu.pl\/wf\/?page_id=1227\">Polskim Towarzystwem Fizycznym oddzia\u0142 w Bia\u0142ymstoku<\/a> oraz <a href=\"http:\/\/www.olsztyn.pan.pl\/pl\/\">Polsk\u0105 Akademi\u0105 Nauk oddzia\u0142 w Olsztynie i w Bia\u0142ymstoku<\/a>. Celem konferencji by\u0142a integracja \u015brodowiska, poszerzanie kompetencji zawodowych nauczycieli oraz dzielenie si\u0119 do\u015bwiadczeniami z w\u0142asnej pracy i przekazywanie aktualnych informacji. W konferencji wzi\u0119\u0142o udzia\u0142 ok. 40 nauczycieli przedmiot\u00f3w przyrodniczych i matematycznych ze szk\u00f3\u0142 podstawowych i \u015brednich g\u0142\u00f3wnie z Bia\u0142egostoku i wojew\u00f3dztwa Podlaskiego oraz pracownicy naukowo-dydaktyczni naszego Wydzia\u0142u. Du\u017cym zainteresowaniem cieszy\u0142y si\u0119 dwa wyk\u0142ady otwarte, w kt\u00f3rych dodatkowo udzia\u0142 wzi\u0119li uczniowie szk\u00f3\u0142 \u015brednich, nauczyciele, lekarze, specjali\u015bci oraz inne zainteresowane osoby w sumie ok. 85 os\u00f3b.<\/p>\n","protected":false},"excerpt":{"rendered":"<p>Szanowni Pa\u0144stwo W sobot\u0119 3 marca 2018 r. na Wydziale Fizyki Uniwersytetu w Bia\u0142ymstoku przy ul. Konstantego Cio\u0142kowskiego 1L odby\u0142a si\u0119 II Konferencja Nauczycieli Fizyki To ju\u017c drugie tego typu spotkanie zorganizowane przez Wydzia\u0142 Fizyki Uniwersytetu w Bia\u0142ymstoku we wsp\u00f3\u0142pracy &hellip; <a href=\"https:\/\/physics.uwb.edu.pl\/wf\/knf2018\/\">Czytaj dalej <span class=\"meta-nav\">&rarr;<\/span><\/a><\/p>\n","protected":false},"author":8,"featured_media":0,"parent":0,"menu_order":0,"comment_status":"closed","ping_status":"closed","template":"","meta":{"ngg_post_thumbnail":0,"footnotes":""},"class_list":["post-53","page","type-page","status-publish","hentry"],"_links":{"self":[{"href":"https:\/\/physics.uwb.edu.pl\/wf\/knf2018\/wp-json\/wp\/v2\/pages\/53","targetHints":{"allow":["GET"]}}],"collection":[{"href":"https:\/\/physics.uwb.edu.pl\/wf\/knf2018\/wp-json\/wp\/v2\/pages"}],"about":[{"href":"https:\/\/physics.uwb.edu.pl\/wf\/knf2018\/wp-json\/wp\/v2\/types\/page"}],"author":[{"embeddable":true,"href":"https:\/\/physics.uwb.edu.pl\/wf\/knf2018\/wp-json\/wp\/v2\/users\/8"}],"replies":[{"embeddable":true,"href":"https:\/\/physics.uwb.edu.pl\/wf\/knf2018\/wp-json\/wp\/v2\/comments?post=53"}],"version-history":[{"count":25,"href":"https:\/\/physics.uwb.edu.pl\/wf\/knf2018\/wp-json\/wp\/v2\/pages\/53\/revisions"}],"predecessor-version":[{"id":487,"href":"https:\/\/physics.uwb.edu.pl\/wf\/knf2018\/wp-json\/wp\/v2\/pages\/53\/revisions\/487"}],"wp:attachment":[{"href":"https:\/\/physics.uwb.edu.pl\/wf\/knf2018\/wp-json\/wp\/v2\/media?parent=53"}],"curies":[{"name":"wp","href":"https:\/\/api.w.org\/{rel}","templated":true}]}}