{"id":79,"date":"2017-06-14T19:35:17","date_gmt":"2017-06-14T19:35:17","guid":{"rendered":"http:\/\/physics.uwb.edu.pl\/wf\/knf2018\/?page_id=79"},"modified":"2018-03-23T11:58:17","modified_gmt":"2018-03-23T11:58:17","slug":"kontakt","status":"publish","type":"page","link":"https:\/\/physics.uwb.edu.pl\/wf\/knf2018\/kontakt\/","title":{"rendered":"KONTAKT"},"content":{"rendered":"<h1>Kontakt<\/h1>\n<p>Wszelkie zapytania dotycz\u0105ce konferencji prosz\u0119 kierowa\u0107 na adres e-mail, b\u0105d\u017a telefonicznie:<\/p>\n<p><a href=\"mailto:m.brancewicz@uwb.edu.pl\">m.brancewicz@uwb.edu.pl<\/a>, tel. 085-738-8168 (dr Marek Brancewicz)<\/p>\n<p>lub<\/p>\n<p><a href=\"mailto:k.szymanski@uwb.edu.pl\">k.szymanski@uwb.edu.pl<\/a>, tel. 085-745-7221 (prof. dr hab. Krzysztof Szyma\u0144ski).<\/p>\n","protected":false},"excerpt":{"rendered":"<p>Kontakt Wszelkie zapytania dotycz\u0105ce konferencji prosz\u0119 kierowa\u0107 na adres e-mail, b\u0105d\u017a telefonicznie: m.brancewicz@uwb.edu.pl, tel. 085-738-8168 (dr Marek Brancewicz) lub k.szymanski@uwb.edu.pl, tel. 085-745-7221 (prof. dr hab. Krzysztof Szyma\u0144ski).<\/p>\n","protected":false},"author":8,"featured_media":0,"parent":0,"menu_order":0,"comment_status":"closed","ping_status":"closed","template":"","meta":{"ngg_post_thumbnail":0,"footnotes":""},"class_list":["post-79","page","type-page","status-publish","hentry"],"_links":{"self":[{"href":"https:\/\/physics.uwb.edu.pl\/wf\/knf2018\/wp-json\/wp\/v2\/pages\/79","targetHints":{"allow":["GET"]}}],"collection":[{"href":"https:\/\/physics.uwb.edu.pl\/wf\/knf2018\/wp-json\/wp\/v2\/pages"}],"about":[{"href":"https:\/\/physics.uwb.edu.pl\/wf\/knf2018\/wp-json\/wp\/v2\/types\/page"}],"author":[{"embeddable":true,"href":"https:\/\/physics.uwb.edu.pl\/wf\/knf2018\/wp-json\/wp\/v2\/users\/8"}],"replies":[{"embeddable":true,"href":"https:\/\/physics.uwb.edu.pl\/wf\/knf2018\/wp-json\/wp\/v2\/comments?post=79"}],"version-history":[{"count":3,"href":"https:\/\/physics.uwb.edu.pl\/wf\/knf2018\/wp-json\/wp\/v2\/pages\/79\/revisions"}],"predecessor-version":[{"id":98,"href":"https:\/\/physics.uwb.edu.pl\/wf\/knf2018\/wp-json\/wp\/v2\/pages\/79\/revisions\/98"}],"wp:attachment":[{"href":"https:\/\/physics.uwb.edu.pl\/wf\/knf2018\/wp-json\/wp\/v2\/media?parent=79"}],"curies":[{"name":"wp","href":"https:\/\/api.w.org\/{rel}","templated":true}]}}