{"id":348,"date":"2020-03-11T08:44:24","date_gmt":"2020-03-11T08:44:24","guid":{"rendered":"https:\/\/physics.uwb.edu.pl\/wf\/knf2020\/?page_id=348"},"modified":"2020-03-12T10:57:30","modified_gmt":"2020-03-12T10:57:30","slug":"krzysztof-szymanski","status":"publish","type":"page","link":"https:\/\/physics.uwb.edu.pl\/wf\/knf2020\/krzysztof-szymanski\/","title":{"rendered":"Krzysztof Szyma\u0144ski"},"content":{"rendered":"\n<figure class=\"wp-block-image size-large is-resized\"><img loading=\"lazy\" decoding=\"async\" src=\"https:\/\/physics.uwb.edu.pl\/wf\/knf2020\/wp-content\/uploads\/sites\/22\/2019\/10\/UwB.png\" alt=\"\" class=\"wp-image-36\" width=\"160\" height=\"160\" srcset=\"https:\/\/physics.uwb.edu.pl\/wf\/knf2020\/wp-content\/uploads\/sites\/22\/2019\/10\/UwB.png 500w, https:\/\/physics.uwb.edu.pl\/wf\/knf2020\/wp-content\/uploads\/sites\/22\/2019\/10\/UwB-150x150.png 150w, https:\/\/physics.uwb.edu.pl\/wf\/knf2020\/wp-content\/uploads\/sites\/22\/2019\/10\/UwB-300x300.png 300w\" sizes=\"auto, (max-width: 160px) 100vw, 160px\" \/><\/figure>\n\n\n\n<p><strong>&#8222;Redefinicja jednostek w Mi\u0119dzynarodowym Uk\u0142adzie Jednostek Miar&#8221;<\/strong><\/p>\n\n\n\n<p>W dniu 16 listopada 2018 roku dwudziesta sz\u00f3sta Generalna Konferencja Miar przyj\u0119\u0142a rezolucj\u0119 o redefinicji podstawowych jednostek miar i oparcie ich na sta\u0142ych podstawowych. Nowe definicje wesz\u0142y w \u017cycie 20 maja 2019 roku, w dniu obchod\u00f3w \u015awiatowego Dnia Metrologii, upami\u0119tniaj\u0105cego 144 rocznic\u0119 podpisania Konwencji Metrycznej, do kt\u00f3rej Polska przyst\u0105pi\u0142a w 1925 roku. W Polsce trwaj\u0105 konsultacje nad rozporz\u0105dzeniem, kt\u00f3re ma wej\u015b\u0107 w \u017cycie w bie\u017c\u0105cym roku.<\/p>\n\n\n\n<p>Przedstawione zostan\u0105 niekt\u00f3re wydarzenia z historii Mi\u0119dzynarodowego  Uk\u0142adu Jednostek Miar. Om\u00f3wimy przyczyny, dla kt\u00f3rych wprowadza si\u0119 redefinicje, wyja\u015bnimy spos\u00f3b definiowania oraz opowiemy o konsekwencjach ustalenia jednostek w nowym uk\u0142adzie miar. <\/p>\n","protected":false},"excerpt":{"rendered":"<p>&#8222;Redefinicja jednostek w Mi\u0119dzynarodowym Uk\u0142adzie Jednostek Miar&#8221; W dniu 16 listopada 2018 roku dwudziesta sz\u00f3sta Generalna Konferencja Miar przyj\u0119\u0142a rezolucj\u0119 o redefinicji podstawowych jednostek miar i oparcie ich na sta\u0142ych podstawowych. Nowe definicje wesz\u0142y w \u017cycie 20 maja 2019 roku, &hellip; <a href=\"https:\/\/physics.uwb.edu.pl\/wf\/knf2020\/krzysztof-szymanski\/\">Czytaj dalej <span class=\"meta-nav\">&rarr;<\/span><\/a><\/p>\n","protected":false},"author":8,"featured_media":0,"parent":0,"menu_order":0,"comment_status":"closed","ping_status":"closed","template":"","meta":{"ngg_post_thumbnail":0,"footnotes":""},"class_list":["post-348","page","type-page","status-publish","hentry"],"_links":{"self":[{"href":"https:\/\/physics.uwb.edu.pl\/wf\/knf2020\/wp-json\/wp\/v2\/pages\/348","targetHints":{"allow":["GET"]}}],"collection":[{"href":"https:\/\/physics.uwb.edu.pl\/wf\/knf2020\/wp-json\/wp\/v2\/pages"}],"about":[{"href":"https:\/\/physics.uwb.edu.pl\/wf\/knf2020\/wp-json\/wp\/v2\/types\/page"}],"author":[{"embeddable":true,"href":"https:\/\/physics.uwb.edu.pl\/wf\/knf2020\/wp-json\/wp\/v2\/users\/8"}],"replies":[{"embeddable":true,"href":"https:\/\/physics.uwb.edu.pl\/wf\/knf2020\/wp-json\/wp\/v2\/comments?post=348"}],"version-history":[{"count":3,"href":"https:\/\/physics.uwb.edu.pl\/wf\/knf2020\/wp-json\/wp\/v2\/pages\/348\/revisions"}],"predecessor-version":[{"id":369,"href":"https:\/\/physics.uwb.edu.pl\/wf\/knf2020\/wp-json\/wp\/v2\/pages\/348\/revisions\/369"}],"wp:attachment":[{"href":"https:\/\/physics.uwb.edu.pl\/wf\/knf2020\/wp-json\/wp\/v2\/media?parent=348"}],"curies":[{"name":"wp","href":"https:\/\/api.w.org\/{rel}","templated":true}]}}

Krzysztof Szymański

<figure class="wp-block-image size-large is-resized"><img loading="lazy" decoding="async" src="https://physics.uwb.edu.pl/wf/knf2020/wp-content/uploads/sites/22/2019/10/UwB.png" alt="" class="wp-image-36" width="160" height="160" srcset="https://physics.uwb.edu.pl/wf/knf2020/wp-content/uploads/sites/22/2019/10/UwB.png 500w, https://physics.uwb.edu.pl/wf/knf2020/wp-content/uploads/sites/22/2019/10/UwB-150x150.png 150w, https://physics.uwb.edu.pl/wf/knf2020/wp-content/uploads/sites/22/2019/10/UwB-300x300.png 300w" sizes="auto, (max-width: 160px) 100vw, 160px" /></figure>



<p><strong>&#8222;Redefinicja jednostek w Międzynarodowym Układzie Jednostek Miar&#8221;</strong></p>



<p>W dniu 16 listopada 2018 roku dwudziesta szósta Generalna Konferencja Miar przyjęła rezolucję o redefinicji podstawowych jednostek miar i oparcie ich na stałych podstawowych. Nowe definicje weszły w życie 20 maja 2019 roku, w dniu obchodów Światowego Dnia Metrologii, upamiętniającego 144 rocznicę podpisania Konwencji Metrycznej, do której Polska przystąpiła w 1925 roku. W Polsce trwają konsultacje nad rozporządzeniem, które ma wejść w życie w bieżącym roku.</p>



<p>Przedstawione zostaną niektóre wydarzenia z historii Międzynarodowego  Układu Jednostek Miar. Omówimy przyczyny, dla których wprowadza się redefinicje, wyjaśnimy sposób definiowania oraz opowiemy o konsekwencjach ustalenia jednostek w nowym układzie miar. </p>

<p>&#8222;Redefinicja jednostek w Międzynarodowym Układzie Jednostek Miar&#8221; W dniu 16 listopada 2018 roku dwudziesta szósta Generalna Konferencja Miar przyjęła rezolucję o redefinicji podstawowych jednostek miar i oparcie ich na stałych podstawowych. Nowe definicje weszły w życie 20 maja 2019 roku, &hellip; <a href="https://physics.uwb.edu.pl/wf/knf2020/krzysztof-szymanski/">Czytaj dalej <span class="meta-nav">&rarr;</span></a></p>
