{"id":355,"date":"2020-03-11T15:12:14","date_gmt":"2020-03-11T15:12:14","guid":{"rendered":"https:\/\/physics.uwb.edu.pl\/wf\/knf2020\/?page_id=355"},"modified":"2020-03-11T15:14:47","modified_gmt":"2020-03-11T15:14:47","slug":"eugeniusz-zukowski","status":"publish","type":"page","link":"https:\/\/physics.uwb.edu.pl\/wf\/knf2020\/eugeniusz-zukowski\/","title":{"rendered":"Eugeniusz \u017bukowski"},"content":{"rendered":"\n<figure class=\"wp-block-image size-large is-resized\"><img loading=\"lazy\" decoding=\"async\" src=\"https:\/\/physics.uwb.edu.pl\/wf\/knf2020\/wp-content\/uploads\/sites\/22\/2019\/10\/UwB.png\" alt=\"\" class=\"wp-image-36\" width=\"160\" height=\"160\" srcset=\"https:\/\/physics.uwb.edu.pl\/wf\/knf2020\/wp-content\/uploads\/sites\/22\/2019\/10\/UwB.png 500w, https:\/\/physics.uwb.edu.pl\/wf\/knf2020\/wp-content\/uploads\/sites\/22\/2019\/10\/UwB-150x150.png 150w, https:\/\/physics.uwb.edu.pl\/wf\/knf2020\/wp-content\/uploads\/sites\/22\/2019\/10\/UwB-300x300.png 300w\" sizes=\"auto, (max-width: 160px) 100vw, 160px\" \/><\/figure>\n\n\n\n<p><strong> &#8222;Nagrody Nobla z fizyki &#8211; laureaci, fakty, dygresje&#8221;<\/strong><\/p>\n\n\n\n<p>Na wst\u0119pie prezentacji zostan\u0105 przedstawione najwa\u017cniejsze fakty z \u017cyciorysu Alfreda Nobla, fundatora nagrody jego imienia. Cz\u0119\u015b\u0107 zasadnicza to m.in. procedura nominacji do Nagrody oraz r\u00f3\u017cnego rodzaju statystyki zwi\u0105zane z 213 laureatami Nagrody Nobla z fizyki, przyznanej ju\u017c 113 razy (np. \u015brednia wieku laureat\u00f3w, najm\u0142odsi i najstarsi laureaci, nagrodzone kobiety, udzia\u0142 Polak\u00f3w, itp.). Narracja b\u0119dzie uzupe\u0142niana subiektywnymi       dygresjami autora.<\/p>\n\n\n<p><!--EndFragment--><br>\n<br>\n<\/p>\n\n\n<p><\/p>\n","protected":false},"excerpt":{"rendered":"<p>&#8222;Nagrody Nobla z fizyki &#8211; laureaci, fakty, dygresje&#8221; Na wst\u0119pie prezentacji zostan\u0105 przedstawione najwa\u017cniejsze fakty z \u017cyciorysu Alfreda Nobla, fundatora nagrody jego imienia. Cz\u0119\u015b\u0107 zasadnicza to m.in. procedura nominacji do Nagrody oraz r\u00f3\u017cnego rodzaju statystyki zwi\u0105zane z 213 laureatami Nagrody &hellip; <a href=\"https:\/\/physics.uwb.edu.pl\/wf\/knf2020\/eugeniusz-zukowski\/\">Czytaj dalej <span class=\"meta-nav\">&rarr;<\/span><\/a><\/p>\n","protected":false},"author":8,"featured_media":0,"parent":0,"menu_order":0,"comment_status":"closed","ping_status":"closed","template":"","meta":{"ngg_post_thumbnail":0,"footnotes":""},"class_list":["post-355","page","type-page","status-publish","hentry"],"_links":{"self":[{"href":"https:\/\/physics.uwb.edu.pl\/wf\/knf2020\/wp-json\/wp\/v2\/pages\/355","targetHints":{"allow":["GET"]}}],"collection":[{"href":"https:\/\/physics.uwb.edu.pl\/wf\/knf2020\/wp-json\/wp\/v2\/pages"}],"about":[{"href":"https:\/\/physics.uwb.edu.pl\/wf\/knf2020\/wp-json\/wp\/v2\/types\/page"}],"author":[{"embeddable":true,"href":"https:\/\/physics.uwb.edu.pl\/wf\/knf2020\/wp-json\/wp\/v2\/users\/8"}],"replies":[{"embeddable":true,"href":"https:\/\/physics.uwb.edu.pl\/wf\/knf2020\/wp-json\/wp\/v2\/comments?post=355"}],"version-history":[{"count":2,"href":"https:\/\/physics.uwb.edu.pl\/wf\/knf2020\/wp-json\/wp\/v2\/pages\/355\/revisions"}],"predecessor-version":[{"id":357,"href":"https:\/\/physics.uwb.edu.pl\/wf\/knf2020\/wp-json\/wp\/v2\/pages\/355\/revisions\/357"}],"wp:attachment":[{"href":"https:\/\/physics.uwb.edu.pl\/wf\/knf2020\/wp-json\/wp\/v2\/media?parent=355"}],"curies":[{"name":"wp","href":"https:\/\/api.w.org\/{rel}","templated":true}]}}