{"id":401,"date":"2020-07-08T11:52:42","date_gmt":"2020-07-08T11:52:42","guid":{"rendered":"https:\/\/physics.uwb.edu.pl\/wf\/knf2020\/?page_id=401"},"modified":"2020-07-08T11:58:48","modified_gmt":"2020-07-08T11:58:48","slug":"rajmund-przybylak","status":"publish","type":"page","link":"https:\/\/physics.uwb.edu.pl\/wf\/knf2020\/rajmund-przybylak\/","title":{"rendered":"Rajmund Przybylak"},"content":{"rendered":"\n<figure class=\"wp-block-image size-large is-resized\"><img loading=\"lazy\" decoding=\"async\" src=\"https:\/\/physics.uwb.edu.pl\/wf\/knf2020\/wp-content\/uploads\/sites\/22\/2020\/07\/UMK.png\" alt=\"\" class=\"wp-image-403\" width=\"160\" height=\"160\" srcset=\"https:\/\/physics.uwb.edu.pl\/wf\/knf2020\/wp-content\/uploads\/sites\/22\/2020\/07\/UMK.png 293w, https:\/\/physics.uwb.edu.pl\/wf\/knf2020\/wp-content\/uploads\/sites\/22\/2020\/07\/UMK-150x150.png 150w, https:\/\/physics.uwb.edu.pl\/wf\/knf2020\/wp-content\/uploads\/sites\/22\/2020\/07\/UMK-200x200.png 200w, https:\/\/physics.uwb.edu.pl\/wf\/knf2020\/wp-content\/uploads\/sites\/22\/2020\/07\/UMK-100x100.png 100w\" sizes=\"auto, (max-width: 160px) 100vw, 160px\" \/><\/figure>\n\n\n\n<p><strong>&#8222;Wsp\u00f3\u0142czesne i przysz\u0142e zmiany klimatu globalnego&#8221;<\/strong><\/p>\n\n\n\n<p>W pierwszej cz\u0119\u015bci wyk\u0142adu zostanie przedstawiony aktualny stan wiedzy na temat wsp\u00f3\u0142czesnych (tj. po 1850 r.) zmian klimatu globalnego, w tym tak\u017ce Polski, g\u0142\u00f3wnie na podstawie analizy dw\u00f3ch jego najwa\u017cniejszych element\u00f3w, tj. temperatury powietrza i opad\u00f3w atmosferycznych. W drugiej cz\u0119\u015bci wyk\u0142adu om\u00f3wione zostan\u0105 prawdopodobne przyczyny, naturalne i antropogeniczne, obserwowanych i nasilaj\u0105cych si\u0119 zmian. Wyk\u0142ad zako\u0144czy si\u0119 przedstawieniem scenariuszy przysz\u0142ych zmian klimatu globalnego do ko\u0144ca XXI wieku.<\/p>\n","protected":false},"excerpt":{"rendered":"<p>&#8222;Wsp\u00f3\u0142czesne i przysz\u0142e zmiany klimatu globalnego&#8221; W pierwszej cz\u0119\u015bci wyk\u0142adu zostanie przedstawiony aktualny stan wiedzy na temat wsp\u00f3\u0142czesnych (tj. po 1850 r.) zmian klimatu globalnego, w tym tak\u017ce Polski, g\u0142\u00f3wnie na podstawie analizy dw\u00f3ch jego najwa\u017cniejszych element\u00f3w, tj. temperatury powietrza &hellip; <a href=\"https:\/\/physics.uwb.edu.pl\/wf\/knf2020\/rajmund-przybylak\/\">Czytaj dalej <span class=\"meta-nav\">&rarr;<\/span><\/a><\/p>\n","protected":false},"author":8,"featured_media":0,"parent":0,"menu_order":0,"comment_status":"closed","ping_status":"closed","template":"","meta":{"ngg_post_thumbnail":0,"footnotes":""},"class_list":["post-401","page","type-page","status-publish","hentry"],"_links":{"self":[{"href":"https:\/\/physics.uwb.edu.pl\/wf\/knf2020\/wp-json\/wp\/v2\/pages\/401","targetHints":{"allow":["GET"]}}],"collection":[{"href":"https:\/\/physics.uwb.edu.pl\/wf\/knf2020\/wp-json\/wp\/v2\/pages"}],"about":[{"href":"https:\/\/physics.uwb.edu.pl\/wf\/knf2020\/wp-json\/wp\/v2\/types\/page"}],"author":[{"embeddable":true,"href":"https:\/\/physics.uwb.edu.pl\/wf\/knf2020\/wp-json\/wp\/v2\/users\/8"}],"replies":[{"embeddable":true,"href":"https:\/\/physics.uwb.edu.pl\/wf\/knf2020\/wp-json\/wp\/v2\/comments?post=401"}],"version-history":[{"count":2,"href":"https:\/\/physics.uwb.edu.pl\/wf\/knf2020\/wp-json\/wp\/v2\/pages\/401\/revisions"}],"predecessor-version":[{"id":404,"href":"https:\/\/physics.uwb.edu.pl\/wf\/knf2020\/wp-json\/wp\/v2\/pages\/401\/revisions\/404"}],"wp:attachment":[{"href":"https:\/\/physics.uwb.edu.pl\/wf\/knf2020\/wp-json\/wp\/v2\/media?parent=401"}],"curies":[{"name":"wp","href":"https:\/\/api.w.org\/{rel}","templated":true}]}}

<figure class="wp-block-image size-large is-resized"><img loading="lazy" decoding="async" src="https://physics.uwb.edu.pl/wf/knf2020/wp-content/uploads/sites/22/2020/07/UMK.png" alt="" class="wp-image-403" width="160" height="160" srcset="https://physics.uwb.edu.pl/wf/knf2020/wp-content/uploads/sites/22/2020/07/UMK.png 293w, https://physics.uwb.edu.pl/wf/knf2020/wp-content/uploads/sites/22/2020/07/UMK-150x150.png 150w, https://physics.uwb.edu.pl/wf/knf2020/wp-content/uploads/sites/22/2020/07/UMK-200x200.png 200w, https://physics.uwb.edu.pl/wf/knf2020/wp-content/uploads/sites/22/2020/07/UMK-100x100.png 100w" sizes="auto, (max-width: 160px) 100vw, 160px" /></figure>



<p><strong>&#8222;Współczesne i przyszłe zmiany klimatu globalnego&#8221;</strong></p>



<p>W pierwszej części wykładu zostanie przedstawiony aktualny stan wiedzy na temat współczesnych (tj. po 1850 r.) zmian klimatu globalnego, w tym także Polski, głównie na podstawie analizy dwóch jego najważniejszych elementów, tj. temperatury powietrza i opadów atmosferycznych. W drugiej części wykładu omówione zostaną prawdopodobne przyczyny, naturalne i antropogeniczne, obserwowanych i nasilających się zmian. Wykład zakończy się przedstawieniem scenariuszy przyszłych zmian klimatu globalnego do końca XXI wieku.</p>

<p>&#8222;Współczesne i przyszłe zmiany klimatu globalnego&#8221; W pierwszej części wykładu zostanie przedstawiony aktualny stan wiedzy na temat współczesnych (tj. po 1850 r.) zmian klimatu globalnego, w tym także Polski, głównie na podstawie analizy dwóch jego najważniejszych elementów, tj. temperatury powietrza &hellip; <a href="https://physics.uwb.edu.pl/wf/knf2020/rajmund-przybylak/">Czytaj dalej <span class="meta-nav">&rarr;</span></a></p>
