{"id":66,"date":"2019-10-15T20:15:48","date_gmt":"2019-10-15T20:15:48","guid":{"rendered":"http:\/\/physics.uwb.edu.pl\/wf\/knf2020\/?page_id=66"},"modified":"2021-04-15T09:26:29","modified_gmt":"2021-04-15T09:26:29","slug":"program","status":"publish","type":"page","link":"https:\/\/physics.uwb.edu.pl\/wf\/knf2020\/program\/","title":{"rendered":""},"content":{"rendered":"<h1><span style=\"color: #333399;\">PROGRAM KONFERENCJI<\/span><\/h1>\n<p><strong>9:15 &#8211; 9:30<\/strong> <span style=\"color: #ff0000;\">prof. KRZYSZTOF SZYMA\u0143SKI<\/span>, <em>Wydzia\u0142 Fizyki UwB<\/em>, &#8222;Powitanie uczestnik\u00f3w i otwarcie konferencji&#8221;<\/p>\n<p><strong>9:30 &#8211; 10:30<\/strong> <span style=\"color: #ff0000;\">prof. EUGENIUSZ \u017bUKOWSKI<\/span>, <em>Wydzia\u0142 Fizyki UwB<\/em>, <a href=\"https:\/\/physics.uwb.edu.pl\/wf\/knf2020\/wp-content\/uploads\/sites\/22\/2020\/10\/Zukowski_Eugeniusz_-_Nagrody_Nobla.pdf\">&#8222;Nagrody Nobla z Fizyki \u2013 laureaci, fakty, dygresje&#8221;<\/a> (<a href=\"https:\/\/physics.uwb.edu.pl\/wf\/knf2020\/eugeniusz-zukowski\/\">streszczenie<\/a>)<\/p>\n<p><strong>10:30 &#8211; 11:00<\/strong> <span style=\"color: #339966;\">Przerwa kawowa<\/span><\/p>\n<p><strong>11:00 &#8211; 12:00<\/strong><span style=\"color: #ff0000;\"> prof. RAJMUND PRZYBYLAK<\/span>, <em>Wydzia\u0142 Nauk o Ziemi i Gospodarki Przestrzennej UMK, <\/em>&#8222;Wsp\u00f3\u0142czesne i przysz\u0142e zmiany klimatu globalnego&#8221; (<a href=\"https:\/\/physics.uwb.edu.pl\/wf\/knf2020\/rajmund-przybylak\/\">streszczenie<\/a>)<\/p>\n<p><strong>12:00 &#8211; 13:00<\/strong> <span style=\"color: #ff0000;\">prof. KRZYSZTOF SZYMA\u0143SKI<\/span>, <em>Wydzia\u0142 Fizyki UwB<\/em>, &#8222;Redefinicja jednostek w Mi\u0119dzynarodowym Uk\u0142adzie Jednostek Miar&#8221; (<a href=\"https:\/\/physics.uwb.edu.pl\/wf\/knf2020\/krzysztof-szymanski\/\">streszczenie<\/a>)<\/p>\n<p><strong>13:00 &#8211; 14:00<\/strong> <span style=\"color: #339966;\">Przerwa obiadowa<\/span><\/p>\n<p><strong>14:00 &#8211; 14:20<\/strong> <span style=\"color: #ff0000;\">mgr in\u017c. MAREK SZPAKOWSKI<\/span>, <em>Plum Sp. z 0.0.<\/em>, <a href=\"https:\/\/physics.uwb.edu.pl\/wf\/knf2020\/wp-content\/uploads\/sites\/22\/2020\/10\/Szpakowski_Marek_-_PLUM.pdf\">&#8222;Rola laboratori\u00f3w wzorcuj\u0105cych w przemy\u015ble&#8221;<\/a> (<a href=\"https:\/\/physics.uwb.edu.pl\/wf\/knf2020\/marek-szpakowski\/\">streszczenie<\/a>)<\/p>\n<p><strong>14:20 &#8211; 14:40<\/strong> <span style=\"color: #ff0000;\">JOANNA ALBERSKA<\/span>, <em>Multimedia w Szkole<\/em>, &#8222;Dlaczego nasi uczniowie wci\u0105\u017c wybieraj\u0105 zawody z poprzedniej epoki?&#8221; (<a href=\"https:\/\/physics.uwb.edu.pl\/wf\/knf2020\/joanna-alberska\/\">streszczenie<\/a>)<\/p>\n<p><strong>14:40 &#8211; 15:20<\/strong> <span style=\"color: #ff0000;\">mgr TOMASZ BIA\u0141KOWSKI<\/span>, <em>III Liceum Og\u00f3lnokszta\u0142c\u0105ce i I Spo\u0142eczne Liceum Og\u00f3lnokszta\u0142c\u0105ce w Bia\u0142ymstoku<\/em>, <a href=\"https:\/\/physics.uwb.edu.pl\/wf\/knf2020\/wp-content\/uploads\/sites\/22\/2020\/10\/Bialkowski_Tomasz_-_MOKA.pdf\">&#8222;MOKA &#8211; Mi\u0119dzyszkolne olimpijskie ko\u0142o astronomiczne&#8221;<\/a><\/p>\n<p><strong>15:20 &#8211; 15:50<\/strong> <span style=\"color: #ff0000;\">mgr PAWE\u0141 ANDRYSZAK<\/span>, <em>I Liceum Og\u00f3lnokszta\u0142c\u0105ce w Bia\u0142ymstoku i IV Liceum Og\u00f3lnokszta\u0142c\u0105ce w Bia\u0142ymstoku<\/em>, <a href=\"https:\/\/physics.uwb.edu.pl\/wf\/knf2020\/wp-content\/uploads\/sites\/22\/2020\/10\/Andryszak_Pawel_-_Destination_Imagination.pdf\">&#8222;Destination Imagination w praktyce szkolnej&#8221;<\/a> (<a href=\"https:\/\/physics.uwb.edu.pl\/wf\/knf2020\/pawel-andryszak\/\">streszczenie<\/a>)<\/p>\n<p><strong>15:50 &#8211; 16:20<\/strong> <span style=\"color: #339966;\">Przerwa kawowa<\/span><\/p>\n<p><strong>16:20 &#8211; 16:45 <\/strong>Dyskusja uczestnik\u00f3w Konferencji<\/p>\n<p><strong>16:45 &#8211; 17:00<\/strong> Obrady kapitu\u0142y nad wyborem kandydat\u00f3w do nagrody PTF im. Grzegorza Bia\u0142kowskiego dla wyr\u00f3\u017cniaj\u0105cych si\u0119 nauczycieli fizyki<\/p>\n<p><strong>17:00<\/strong> <span style=\"color: #000080;\">Zamkni\u0119cie Konferencji<\/span><\/p>\n\n\n<p><\/p>\n","protected":false},"excerpt":{"rendered":"<p>PROGRAM KONFERENCJI 9:15 &#8211; 9:30 prof. KRZYSZTOF SZYMA\u0143SKI, Wydzia\u0142 Fizyki UwB, &#8222;Powitanie uczestnik\u00f3w i otwarcie konferencji&#8221; 9:30 &#8211; 10:30 prof. EUGENIUSZ \u017bUKOWSKI, Wydzia\u0142 Fizyki UwB, &#8222;Nagrody Nobla z Fizyki \u2013 laureaci, fakty, dygresje&#8221; (streszczenie) 10:30 &#8211; 11:00 Przerwa kawowa 11:00 &hellip; <a href=\"https:\/\/physics.uwb.edu.pl\/wf\/knf2020\/program\/\">Czytaj dalej <span class=\"meta-nav\">&rarr;<\/span><\/a><\/p>\n","protected":false},"author":8,"featured_media":0,"parent":0,"menu_order":0,"comment_status":"closed","ping_status":"closed","template":"","meta":{"ngg_post_thumbnail":0,"footnotes":""},"class_list":["post-66","page","type-page","status-publish","hentry"],"_links":{"self":[{"href":"https:\/\/physics.uwb.edu.pl\/wf\/knf2020\/wp-json\/wp\/v2\/pages\/66","targetHints":{"allow":["GET"]}}],"collection":[{"href":"https:\/\/physics.uwb.edu.pl\/wf\/knf2020\/wp-json\/wp\/v2\/pages"}],"about":[{"href":"https:\/\/physics.uwb.edu.pl\/wf\/knf2020\/wp-json\/wp\/v2\/types\/page"}],"author":[{"embeddable":true,"href":"https:\/\/physics.uwb.edu.pl\/wf\/knf2020\/wp-json\/wp\/v2\/users\/8"}],"replies":[{"embeddable":true,"href":"https:\/\/physics.uwb.edu.pl\/wf\/knf2020\/wp-json\/wp\/v2\/comments?post=66"}],"version-history":[{"count":29,"href":"https:\/\/physics.uwb.edu.pl\/wf\/knf2020\/wp-json\/wp\/v2\/pages\/66\/revisions"}],"predecessor-version":[{"id":494,"href":"https:\/\/physics.uwb.edu.pl\/wf\/knf2020\/wp-json\/wp\/v2\/pages\/66\/revisions\/494"}],"wp:attachment":[{"href":"https:\/\/physics.uwb.edu.pl\/wf\/knf2020\/wp-json\/wp\/v2\/media?parent=66"}],"curies":[{"name":"wp","href":"https:\/\/api.w.org\/{rel}","templated":true}]}}

<h1><span style="color: #333399;">PROGRAM KONFERENCJI</span></h1>
<p><strong>9:15 &#8211; 9:30</strong> <span style="color: #ff0000;">prof. KRZYSZTOF SZYMAŃSKI</span>, <em>Wydział Fizyki UwB</em>, &#8222;Powitanie uczestników i otwarcie konferencji&#8221;</p>
<p><strong>9:30 &#8211; 10:30</strong> <span style="color: #ff0000;">prof. EUGENIUSZ ŻUKOWSKI</span>, <em>Wydział Fizyki UwB</em>, <a href="https://physics.uwb.edu.pl/wf/knf2020/wp-content/uploads/sites/22/2020/10/Zukowski_Eugeniusz_-_Nagrody_Nobla.pdf">&#8222;Nagrody Nobla z Fizyki – laureaci, fakty, dygresje&#8221;</a> (<a href="https://physics.uwb.edu.pl/wf/knf2020/eugeniusz-zukowski/">streszczenie</a>)</p>
<p><strong>10:30 &#8211; 11:00</strong> <span style="color: #339966;">Przerwa kawowa</span></p>
<p><strong>11:00 &#8211; 12:00</strong><span style="color: #ff0000;"> prof. RAJMUND PRZYBYLAK</span>, <em>Wydział Nauk o Ziemi i Gospodarki Przestrzennej UMK, </em>&#8222;Współczesne i przyszłe zmiany klimatu globalnego&#8221; (<a href="https://physics.uwb.edu.pl/wf/knf2020/rajmund-przybylak/">streszczenie</a>)</p>
<p><strong>12:00 &#8211; 13:00</strong> <span style="color: #ff0000;">prof. KRZYSZTOF SZYMAŃSKI</span>, <em>Wydział Fizyki UwB</em>, &#8222;Redefinicja jednostek w Międzynarodowym Układzie Jednostek Miar&#8221; (<a href="https://physics.uwb.edu.pl/wf/knf2020/krzysztof-szymanski/">streszczenie</a>)</p>
<p><strong>13:00 &#8211; 14:00</strong> <span style="color: #339966;">Przerwa obiadowa</span></p>
<p><strong>14:00 &#8211; 14:20</strong> <span style="color: #ff0000;">mgr inż. MAREK SZPAKOWSKI</span>, <em>Plum Sp. z 0.0.</em>, <a href="https://physics.uwb.edu.pl/wf/knf2020/wp-content/uploads/sites/22/2020/10/Szpakowski_Marek_-_PLUM.pdf">&#8222;Rola laboratoriów wzorcujących w przemyśle&#8221;</a> (<a href="https://physics.uwb.edu.pl/wf/knf2020/marek-szpakowski/">streszczenie</a>)</p>
<p><strong>14:20 &#8211; 14:40</strong> <span style="color: #ff0000;">JOANNA ALBERSKA</span>, <em>Multimedia w Szkole</em>, &#8222;Dlaczego nasi uczniowie wciąż wybierają zawody z poprzedniej epoki?&#8221; (<a href="https://physics.uwb.edu.pl/wf/knf2020/joanna-alberska/">streszczenie</a>)</p>
<p><strong>14:40 &#8211; 15:20</strong> <span style="color: #ff0000;">mgr TOMASZ BIAŁKOWSKI</span>, <em>III Liceum Ogólnokształcące i I Społeczne Liceum Ogólnokształcące w Białymstoku</em>, <a href="https://physics.uwb.edu.pl/wf/knf2020/wp-content/uploads/sites/22/2020/10/Bialkowski_Tomasz_-_MOKA.pdf">&#8222;MOKA &#8211; Międzyszkolne olimpijskie koło astronomiczne&#8221;</a></p>
<p><strong>15:20 &#8211; 15:50</strong> <span style="color: #ff0000;">mgr PAWEŁ ANDRYSZAK</span>, <em>I Liceum Ogólnokształcące w Białymstoku i IV Liceum Ogólnokształcące w Białymstoku</em>, <a href="https://physics.uwb.edu.pl/wf/knf2020/wp-content/uploads/sites/22/2020/10/Andryszak_Pawel_-_Destination_Imagination.pdf">&#8222;Destination Imagination w praktyce szkolnej&#8221;</a> (<a href="https://physics.uwb.edu.pl/wf/knf2020/pawel-andryszak/">streszczenie</a>)</p>
<p><strong>15:50 &#8211; 16:20</strong> <span style="color: #339966;">Przerwa kawowa</span></p>
<p><strong>16:20 &#8211; 16:45 </strong>Dyskusja uczestników Konferencji</p>
<p><strong>16:45 &#8211; 17:00</strong> Obrady kapituły nad wyborem kandydatów do nagrody PTF im. Grzegorza Białkowskiego dla wyróżniających się nauczycieli fizyki</p>
<p><strong>17:00</strong> <span style="color: #000080;">Zamknięcie Konferencji</span></p>


<p></p>

<p>PROGRAM KONFERENCJI 9:15 &#8211; 9:30 prof. KRZYSZTOF SZYMAŃSKI, Wydział Fizyki UwB, &#8222;Powitanie uczestników i otwarcie konferencji&#8221; 9:30 &#8211; 10:30 prof. EUGENIUSZ ŻUKOWSKI, Wydział Fizyki UwB, &#8222;Nagrody Nobla z Fizyki – laureaci, fakty, dygresje&#8221; (streszczenie) 10:30 &#8211; 11:00 Przerwa kawowa 11:00 &hellip; <a href="https://physics.uwb.edu.pl/wf/knf2020/program/">Czytaj dalej <span class="meta-nav">&rarr;</span></a></p>
