{"id":93,"date":"2019-10-15T20:47:26","date_gmt":"2019-10-15T20:47:26","guid":{"rendered":"http:\/\/physics.uwb.edu.pl\/wf\/knf2020\/?page_id=93"},"modified":"2020-10-13T21:32:02","modified_gmt":"2020-10-13T21:32:02","slug":"iv-konferencja-nauczycieli-fizyki-2020","status":"publish","type":"page","link":"https:\/\/physics.uwb.edu.pl\/wf\/knf2020\/","title":{"rendered":""},"content":{"rendered":"<h3><span style=\"color: #000000;\">Szanowni Pa\u0144stwo<br><\/span><\/h3>\n<h3>W sobot\u0119 26 wrze\u015bnia 2020 r. na Wydziale Fizyki Uniwersytetu w Bia\u0142ymstoku przy ul. Konstantego Cio\u0142kowskiego 1L odby\u0142a si\u0119<\/h3>\n<h1><span style=\"color: #333399;\">IV KONFERENCJA NAUCZYCIELI FIZYKI<\/span><\/h1>\n<h3>By\u0142o to kolejne spotkanie, kt\u00f3re zorganizowa\u0142 Wydzia\u0142 Fizyki Uniwersytetu w Bia\u0142ymstoku we wsp\u00f3\u0142pracy z Polskim Towarzystwem Fizycznym oddzia\u0142 w Bia\u0142ymstoku oraz Polsk\u0105 Akademi\u0105 Nauk oddzia\u0142 w Olsztynie i w Bia\u0142ymstoku z siedzib\u0105 w Olsztynie. Celem konferencji by\u0142a integracja \u015brodowiska nauczycieli przedmiot\u00f3w przyrodniczych, poszerzanie kompetencji zawodowych nauczycieli i pracownik\u00f3w naukowo-dydaktycznych oraz dzielenie si\u0119 do\u015bwiadczeniami z w\u0142asnej pracy i przekazywanie aktualnych informacji.<\/h3>\n<h3><span style=\"color: #000000;\">W tym roku spo\u015br\u00f3d 64 zarejestrowanych u\u017cytkownik\u00f3w w konferencji uczestniczy\u0142o 36 os\u00f3b. Byli w\u015br\u00f3d nich nauczyciele, pracownicy naukowo-dydaktyczni, zaproszeni wyk\u0142adowcy, osoby reprezentuj\u0105ce lokalny przemys\u0142 oraz prezentuj\u0105ce ofert\u0119 pomocy dydaktycznych dla szk\u00f3\u0142.<\/span><\/h3>\n<h3>Cieszymy si\u0119, \u017ce pomimo trudnej i niepewnej sytuacji epidemiologicznej spotkali\u015bmy si\u0119 w tak licznym gronie (cho\u0107 nie tak jak w latach poprzednich). Dzi\u0119kujemy wszystkim uczestnikom, kt\u00f3rzy uczestniczyli czynnie w konferencji, ale r\u00f3wnie\u017c tym, kt\u00f3rzy w trosce o wsp\u00f3lne bezpiecze\u0144stwo zdecydowali si\u0119 pozosta\u0107 w domach.<\/h3>\n<h3><span style=\"color: #000000;\">Dzi\u0119kujemy za zainteresowanie nasz\u0105 konferencj\u0105 i zapraszamy na jej kolejn\u0105 edycj\u0119 za rok (prawdopodobnie 25.09.2021).<\/span><\/h3>\n<h3><span style=\"color: #333399;\">Komitet Organizacyjny IV KNF 2020<\/span><\/h3>\n\n\n<p><\/p>\n","protected":false},"excerpt":{"rendered":"<p>Szanowni Pa\u0144stwo W sobot\u0119 26 wrze\u015bnia 2020 r. na Wydziale Fizyki Uniwersytetu w Bia\u0142ymstoku przy ul. Konstantego Cio\u0142kowskiego 1L odby\u0142a si\u0119 IV KONFERENCJA NAUCZYCIELI FIZYKI By\u0142o to kolejne spotkanie, kt\u00f3re zorganizowa\u0142 Wydzia\u0142 Fizyki Uniwersytetu w Bia\u0142ymstoku we wsp\u00f3\u0142pracy z Polskim &hellip; <a href=\"https:\/\/physics.uwb.edu.pl\/wf\/knf2020\/\">Czytaj dalej <span class=\"meta-nav\">&rarr;<\/span><\/a><\/p>\n","protected":false},"author":8,"featured_media":0,"parent":0,"menu_order":0,"comment_status":"closed","ping_status":"closed","template":"","meta":{"ngg_post_thumbnail":0,"footnotes":""},"class_list":["post-93","page","type-page","status-publish","hentry"],"_links":{"self":[{"href":"https:\/\/physics.uwb.edu.pl\/wf\/knf2020\/wp-json\/wp\/v2\/pages\/93","targetHints":{"allow":["GET"]}}],"collection":[{"href":"https:\/\/physics.uwb.edu.pl\/wf\/knf2020\/wp-json\/wp\/v2\/pages"}],"about":[{"href":"https:\/\/physics.uwb.edu.pl\/wf\/knf2020\/wp-json\/wp\/v2\/types\/page"}],"author":[{"embeddable":true,"href":"https:\/\/physics.uwb.edu.pl\/wf\/knf2020\/wp-json\/wp\/v2\/users\/8"}],"replies":[{"embeddable":true,"href":"https:\/\/physics.uwb.edu.pl\/wf\/knf2020\/wp-json\/wp\/v2\/comments?post=93"}],"version-history":[{"count":18,"href":"https:\/\/physics.uwb.edu.pl\/wf\/knf2020\/wp-json\/wp\/v2\/pages\/93\/revisions"}],"predecessor-version":[{"id":425,"href":"https:\/\/physics.uwb.edu.pl\/wf\/knf2020\/wp-json\/wp\/v2\/pages\/93\/revisions\/425"}],"wp:attachment":[{"href":"https:\/\/physics.uwb.edu.pl\/wf\/knf2020\/wp-json\/wp\/v2\/media?parent=93"}],"curies":[{"name":"wp","href":"https:\/\/api.w.org\/{rel}","templated":true}]}}

<h3><span style="color: #000000;">Szanowni Państwo<br></span></h3>
<h3>W sobotę 26 września 2020 r. na Wydziale Fizyki Uniwersytetu w Białymstoku przy ul. Konstantego Ciołkowskiego 1L odbyła się</h3>
<h1><span style="color: #333399;">IV KONFERENCJA NAUCZYCIELI FIZYKI</span></h1>
<h3>Było to kolejne spotkanie, które zorganizował Wydział Fizyki Uniwersytetu w Białymstoku we współpracy z Polskim Towarzystwem Fizycznym oddział w Białymstoku oraz Polską Akademią Nauk oddział w Olsztynie i w Białymstoku z siedzibą w Olsztynie. Celem konferencji była integracja środowiska nauczycieli przedmiotów przyrodniczych, poszerzanie kompetencji zawodowych nauczycieli i pracowników naukowo-dydaktycznych oraz dzielenie się doświadczeniami z własnej pracy i przekazywanie aktualnych informacji.</h3>
<h3><span style="color: #000000;">W tym roku spośród 64 zarejestrowanych użytkowników w konferencji uczestniczyło 36 osób. Byli wśród nich nauczyciele, pracownicy naukowo-dydaktyczni, zaproszeni wykładowcy, osoby reprezentujące lokalny przemysł oraz prezentujące ofertę pomocy dydaktycznych dla szkół.</span></h3>
<h3>Cieszymy się, że pomimo trudnej i niepewnej sytuacji epidemiologicznej spotkaliśmy się w tak licznym gronie (choć nie tak jak w latach poprzednich). Dziękujemy wszystkim uczestnikom, którzy uczestniczyli czynnie w konferencji, ale również tym, którzy w trosce o wspólne bezpieczeństwo zdecydowali się pozostać w domach.</h3>
<h3><span style="color: #000000;">Dziękujemy za zainteresowanie naszą konferencją i zapraszamy na jej kolejną edycję za rok (prawdopodobnie 25.09.2021).</span></h3>
<h3><span style="color: #333399;">Komitet Organizacyjny IV KNF 2020</span></h3>


<p></p>

<p>Szanowni Państwo W sobotę 26 września 2020 r. na Wydziale Fizyki Uniwersytetu w Białymstoku przy ul. Konstantego Ciołkowskiego 1L odbyła się IV KONFERENCJA NAUCZYCIELI FIZYKI Było to kolejne spotkanie, które zorganizował Wydział Fizyki Uniwersytetu w Białymstoku we współpracy z Polskim &hellip; <a href="https://physics.uwb.edu.pl/wf/knf2020/">Czytaj dalej <span class="meta-nav">&rarr;</span></a></p>
