{"id":371,"date":"2021-09-06T10:29:47","date_gmt":"2021-09-06T10:29:47","guid":{"rendered":"https:\/\/physics.uwb.edu.pl\/wf\/knf2021\/?page_id=371"},"modified":"2021-09-06T10:59:07","modified_gmt":"2021-09-06T10:59:07","slug":"artur-grycz","status":"publish","type":"page","link":"https:\/\/physics.uwb.edu.pl\/wf\/knf2021\/artur-grycz\/","title":{"rendered":"Artur Grycz"},"content":{"rendered":"\n<p><strong>\u201eMetody zdalnego nauczania fizyki\u201d<\/strong><\/p>\n\n\n\n<p>\u00b7 Nauczanie zdalne &#8211; nowo\u015b\u0107 w polskich szko\u0142ach ale czy na \u015bwiecie?<\/p>\n\n\n\n<p>\u00b7 Przyk\u0142adowe narz\u0119dzia, kt\u00f3re mog\u0105 wspom\u00f3c zdalne nauczanie fizyki (animacje, aplikacje, filmy, zasoby wydawnictw).<\/p>\n\n\n\n<p>\u00b7 Na co nale\u017cy zwr\u00f3ci\u0107 uwag\u0119 przy nauczaniu zdalnym &#8211; podstawa programowa, wymagania og\u00f3lne. Czy nauczanie zdalne umo\u017cliwia realizowanie podstawy programowej?<\/p>\n\n\n\n<p>\u00b7 Wskaz\u00f3wki na co zwr\u00f3ci\u0107 uwag\u0119 przy planowaniu lekcji zdalnych.<\/p>\n\n\n\n<p><strong>Artur Grycz<\/strong> &#8211; nauczyciel kontraktowy chemii i fizyki. Absolwent chemii na Uniwersytecie w Bia\u0142ymstoku oraz studi\u00f3w podyplomowych z fizyki na Uniwersytecie Marii Curie-Sk\u0142odowskiej w Lublinie. Pasjonat nowinek dotycz\u0105cych chemii i fizyki. Uczestniczy\u0142 w wielu konferencjach naukowych oraz targach. Poza lekcjami prowadzi wiele zaj\u0119\u0107 z nauk \u015bcis\u0142ych dla dzieci i m\u0142odzie\u017cy, dzi\u0119ki czemu ju\u017c od najm\u0142odszych lat mo\u017cna z nim odkrywa\u0107 \u015bwiat fizyki oraz chemii. W pracy dydaktycznej stara si\u0119 wykorzystywa\u0107 przyst\u0119pne i proste metody nauczania. Trener i szkoleniowiec nauczycieli oraz student\u00f3w. Po za prac\u0105 lubi podr\u00f3\u017cowa\u0107 i poznawa\u0107 kultur\u0119 innych kraj\u00f3w i region\u00f3w.<\/p>\n","protected":false},"excerpt":{"rendered":"<p>\u201eMetody zdalnego nauczania fizyki\u201d \u00b7 Nauczanie zdalne &#8211; nowo\u015b\u0107 w polskich szko\u0142ach ale czy na \u015bwiecie? \u00b7 Przyk\u0142adowe narz\u0119dzia, kt\u00f3re mog\u0105 wspom\u00f3c zdalne nauczanie fizyki (animacje, aplikacje, filmy, zasoby wydawnictw). \u00b7 Na co nale\u017cy zwr\u00f3ci\u0107 uwag\u0119 przy nauczaniu zdalnym &#8211; &hellip; <a href=\"https:\/\/physics.uwb.edu.pl\/wf\/knf2021\/artur-grycz\/\">Czytaj dalej <span class=\"meta-nav\">&rarr;<\/span><\/a><\/p>\n","protected":false},"author":8,"featured_media":0,"parent":0,"menu_order":0,"comment_status":"closed","ping_status":"closed","template":"","meta":{"ngg_post_thumbnail":0,"footnotes":""},"class_list":["post-371","page","type-page","status-publish","hentry"],"_links":{"self":[{"href":"https:\/\/physics.uwb.edu.pl\/wf\/knf2021\/wp-json\/wp\/v2\/pages\/371","targetHints":{"allow":["GET"]}}],"collection":[{"href":"https:\/\/physics.uwb.edu.pl\/wf\/knf2021\/wp-json\/wp\/v2\/pages"}],"about":[{"href":"https:\/\/physics.uwb.edu.pl\/wf\/knf2021\/wp-json\/wp\/v2\/types\/page"}],"author":[{"embeddable":true,"href":"https:\/\/physics.uwb.edu.pl\/wf\/knf2021\/wp-json\/wp\/v2\/users\/8"}],"replies":[{"embeddable":true,"href":"https:\/\/physics.uwb.edu.pl\/wf\/knf2021\/wp-json\/wp\/v2\/comments?post=371"}],"version-history":[{"count":5,"href":"https:\/\/physics.uwb.edu.pl\/wf\/knf2021\/wp-json\/wp\/v2\/pages\/371\/revisions"}],"predecessor-version":[{"id":381,"href":"https:\/\/physics.uwb.edu.pl\/wf\/knf2021\/wp-json\/wp\/v2\/pages\/371\/revisions\/381"}],"wp:attachment":[{"href":"https:\/\/physics.uwb.edu.pl\/wf\/knf2021\/wp-json\/wp\/v2\/media?parent=371"}],"curies":[{"name":"wp","href":"https:\/\/api.w.org\/{rel}","templated":true}]}}