{"id":401,"date":"2021-09-15T07:21:21","date_gmt":"2021-09-15T07:21:21","guid":{"rendered":"https:\/\/physics.uwb.edu.pl\/wf\/knf2021\/?page_id=401"},"modified":"2021-09-15T07:27:25","modified_gmt":"2021-09-15T07:27:25","slug":"katarzyna-waszkielis","status":"publish","type":"page","link":"https:\/\/physics.uwb.edu.pl\/wf\/knf2021\/katarzyna-waszkielis\/","title":{"rendered":"Katarzyna Waszkielis"},"content":{"rendered":"\n<figure class=\"wp-block-image size-large\"><img loading=\"lazy\" decoding=\"async\" width=\"484\" height=\"107\" src=\"http:\/\/physics.uwb.edu.pl\/wf\/knf2021\/wp-content\/uploads\/sites\/23\/2021\/09\/ZSEiT_logo.png\" alt=\"\" class=\"wp-image-403\" srcset=\"https:\/\/physics.uwb.edu.pl\/wf\/knf2021\/wp-content\/uploads\/sites\/23\/2021\/09\/ZSEiT_logo.png 484w, https:\/\/physics.uwb.edu.pl\/wf\/knf2021\/wp-content\/uploads\/sites\/23\/2021\/09\/ZSEiT_logo-300x66.png 300w\" sizes=\"auto, (max-width: 484px) 100vw, 484px\" \/><\/figure>\n\n\n\n<p><strong>\u201eFantastyczna czw\u00f3rka. Cz\u0119\u015b\u0107 I: Oddzia\u0142ywanie grawitacyjne\u201d<\/strong><\/p>\n\n\n\n<p>Poj\u0119cie oddzia\u0142ywania pojawia si\u0119 na pocz\u0105tku szkolnej przygody z fizyk\u0105. M\u00f3wimy o nim, gdy mi\u0119dzy cia\u0142ami wyst\u0119puj\u0105 r\u00f3\u017cne si\u0142y. Oddzia\u0142ywania s\u0105 powszechne i r\u00f3\u017cnorodne oraz towarzysz\u0105 ludziom na ka\u017cdym kroku. W\u015br\u00f3d przyk\u0142ad\u00f3w wymieni\u0107 mo\u017cna fakt, \u017ce upuszczone przedmioty spadaj\u0105 na ziemi\u0119, naelektryzowane w\u0142osy unosz\u0105 si\u0119, a tak\u017ce to, \u017ce widzimy \u015bwiat\u0142o. Oddzia\u0142ywania powoduj\u0105, \u017ce cia\u0142a nie \u201erozsypuj\u0105 si\u0119\u201d na pojedyncze atomy i cz\u0105stki elementarne zachowuj\u0105c sw\u00f3j niezmieniony kszta\u0142t.<br>Wszystkie rodzaje oddzia\u0142ywa\u0144 mo\u017cna wyja\u015bni\u0107 znaj\u0105c cztery oddzia\u0142ywania podstawowe. Jednym z nich jest oddzia\u0142ywanie grawitacyjne \u2013 najs\u0142absze ze znanych oddzia\u0142ywa\u0144. W rzeczywisto\u015bci jest tak s\u0142abe, \u017ce nie dostrzegliby\u015bmy jego dzia\u0142ania, gdyby nie dwie szczeg\u00f3lne cechy: si\u0142a ci\u0105\u017cenia dzia\u0142a na bardzo du\u017ce odleg\u0142o\u015bci i jest zawsze si\u0142\u0105 przyci\u0105gaj\u0105c\u0105.<br>Podczas wyst\u0105pienia opr\u00f3cz usystematyzowania teorii dotycz\u0105cej oddzia\u0142ywania grawitacyjnego skupi\u0119 si\u0119 na nieporozumieniach s\u0142ownych oraz wynikaj\u0105cych z nich pomy\u0142ek pope\u0142nianych przez uczni\u00f3w omawiaj\u0105cych dzia\u0142 grawitacji. Cz\u0119sto bowiem pomimo s\u0142usznego rozumowania zauwa\u017cy\u0107 mo\u017cna, jak bardzo stosowane przez nich kolokwializmy j\u0119zykowe wp\u0142ywaj\u0105 na niezbyt dok\u0142adne zrozumienie poj\u0119cia oddzia\u0142ywania grawitacyjnego.<\/p>\n","protected":false},"excerpt":{"rendered":"<p>\u201eFantastyczna czw\u00f3rka. Cz\u0119\u015b\u0107 I: Oddzia\u0142ywanie grawitacyjne\u201d Poj\u0119cie oddzia\u0142ywania pojawia si\u0119 na pocz\u0105tku szkolnej przygody z fizyk\u0105. M\u00f3wimy o nim, gdy mi\u0119dzy cia\u0142ami wyst\u0119puj\u0105 r\u00f3\u017cne si\u0142y. Oddzia\u0142ywania s\u0105 powszechne i r\u00f3\u017cnorodne oraz towarzysz\u0105 ludziom na ka\u017cdym kroku. W\u015br\u00f3d przyk\u0142ad\u00f3w wymieni\u0107 mo\u017cna &hellip; <a href=\"https:\/\/physics.uwb.edu.pl\/wf\/knf2021\/katarzyna-waszkielis\/\">Czytaj dalej <span class=\"meta-nav\">&rarr;<\/span><\/a><\/p>\n","protected":false},"author":8,"featured_media":0,"parent":0,"menu_order":0,"comment_status":"closed","ping_status":"closed","template":"","meta":{"ngg_post_thumbnail":0,"footnotes":""},"class_list":["post-401","page","type-page","status-publish","hentry"],"_links":{"self":[{"href":"https:\/\/physics.uwb.edu.pl\/wf\/knf2021\/wp-json\/wp\/v2\/pages\/401","targetHints":{"allow":["GET"]}}],"collection":[{"href":"https:\/\/physics.uwb.edu.pl\/wf\/knf2021\/wp-json\/wp\/v2\/pages"}],"about":[{"href":"https:\/\/physics.uwb.edu.pl\/wf\/knf2021\/wp-json\/wp\/v2\/types\/page"}],"author":[{"embeddable":true,"href":"https:\/\/physics.uwb.edu.pl\/wf\/knf2021\/wp-json\/wp\/v2\/users\/8"}],"replies":[{"embeddable":true,"href":"https:\/\/physics.uwb.edu.pl\/wf\/knf2021\/wp-json\/wp\/v2\/comments?post=401"}],"version-history":[{"count":3,"href":"https:\/\/physics.uwb.edu.pl\/wf\/knf2021\/wp-json\/wp\/v2\/pages\/401\/revisions"}],"predecessor-version":[{"id":407,"href":"https:\/\/physics.uwb.edu.pl\/wf\/knf2021\/wp-json\/wp\/v2\/pages\/401\/revisions\/407"}],"wp:attachment":[{"href":"https:\/\/physics.uwb.edu.pl\/wf\/knf2021\/wp-json\/wp\/v2\/media?parent=401"}],"curies":[{"name":"wp","href":"https:\/\/api.w.org\/{rel}","templated":true}]}}