{"id":54,"date":"2021-04-15T08:26:46","date_gmt":"2021-04-15T08:26:46","guid":{"rendered":"https:\/\/physics.uwb.edu.pl\/wf\/knf2021\/?page_id=54"},"modified":"2021-04-15T12:17:07","modified_gmt":"2021-04-15T12:17:07","slug":"organizatorzy","status":"publish","type":"page","link":"https:\/\/physics.uwb.edu.pl\/wf\/knf2021\/organizatorzy\/","title":{"rendered":""},"content":{"rendered":"\n<p class=\"has-blue-color has-text-color\" style=\"font-size:32px\">KOMITET ORGANIZACYJNY<\/p>\n\n\n\n<h3 class=\"wp-block-heading\"><em>przewodnicz\u0105cy:<\/em><\/h3>\n\n\n\n<ul class=\"wp-block-list\"><li><strong>prof. dr hab. Krzysztof Szyma\u0144ski<\/strong> \u2013 Wydzia\u0142 Fizyki UwB<\/li><\/ul>\n\n\n\n<h3 class=\"wp-block-heading\"><em>cz\u0142onkowie:<\/em><\/h3>\n\n\n\n<ul class=\"wp-block-list\"><li><strong>mgr Pawe\u0142 Andryszak<\/strong> \u2013 I LO w Bia\u0142ymstoku, IV LO w Bia\u0142ymstoku<\/li><li><strong>mgr Tomasz Bia\u0142kowski<\/strong> \u2013 III LO w Bia\u0142ymstoku, I SLO w Bia\u0142ymstoku<\/li><li><strong>dr Marek Brancewicz<\/strong> \u2013 Wydzia\u0142 Fizyki UwB<\/li><li><strong>dr Wojciech Olszewski<\/strong> \u2013 Wydzia\u0142 Fizyki UwB<\/li><li><strong>dr hab. Katarzyna Re\u0107ko<\/strong> \u2013 Wydzia\u0142 Fizyki UwB<\/li><li><strong>mgr Miros\u0142awa \u017buber<\/strong> \u2013 I LO w Bia\u0142ymstoku<\/li><\/ul>\n\n\n\n<p class=\"has-blue-color has-text-color\" style=\"font-size:32px\">WSP\u00d3\u0141ORGANIZATORZY<\/p>\n\n\n\n<ul class=\"wp-block-list\"><li>Polskie Towarzystwo Fizyczne Oddzia\u0142 w Bia\u0142ymstoku<\/li><li>Polska Akademia Nauk oddzia\u0142 w Olsztynie i w Bia\u0142ymstoku z siedzib\u0105 w Olsztynie<\/li><\/ul>\n","protected":false},"excerpt":{"rendered":"<p>KOMITET ORGANIZACYJNY przewodnicz\u0105cy: prof. dr hab. Krzysztof Szyma\u0144ski \u2013 Wydzia\u0142 Fizyki UwB cz\u0142onkowie: mgr Pawe\u0142 Andryszak \u2013 I LO w Bia\u0142ymstoku, IV LO w Bia\u0142ymstoku mgr Tomasz Bia\u0142kowski \u2013 III LO w Bia\u0142ymstoku, I SLO w Bia\u0142ymstoku dr Marek Brancewicz &hellip; <a href=\"https:\/\/physics.uwb.edu.pl\/wf\/knf2021\/organizatorzy\/\">Czytaj dalej <span class=\"meta-nav\">&rarr;<\/span><\/a><\/p>\n","protected":false},"author":8,"featured_media":0,"parent":0,"menu_order":0,"comment_status":"closed","ping_status":"closed","template":"","meta":{"ngg_post_thumbnail":0,"footnotes":""},"class_list":["post-54","page","type-page","status-publish","hentry"],"_links":{"self":[{"href":"https:\/\/physics.uwb.edu.pl\/wf\/knf2021\/wp-json\/wp\/v2\/pages\/54","targetHints":{"allow":["GET"]}}],"collection":[{"href":"https:\/\/physics.uwb.edu.pl\/wf\/knf2021\/wp-json\/wp\/v2\/pages"}],"about":[{"href":"https:\/\/physics.uwb.edu.pl\/wf\/knf2021\/wp-json\/wp\/v2\/types\/page"}],"author":[{"embeddable":true,"href":"https:\/\/physics.uwb.edu.pl\/wf\/knf2021\/wp-json\/wp\/v2\/users\/8"}],"replies":[{"embeddable":true,"href":"https:\/\/physics.uwb.edu.pl\/wf\/knf2021\/wp-json\/wp\/v2\/comments?post=54"}],"version-history":[{"count":9,"href":"https:\/\/physics.uwb.edu.pl\/wf\/knf2021\/wp-json\/wp\/v2\/pages\/54\/revisions"}],"predecessor-version":[{"id":174,"href":"https:\/\/physics.uwb.edu.pl\/wf\/knf2021\/wp-json\/wp\/v2\/pages\/54\/revisions\/174"}],"wp:attachment":[{"href":"https:\/\/physics.uwb.edu.pl\/wf\/knf2021\/wp-json\/wp\/v2\/media?parent=54"}],"curies":[{"name":"wp","href":"https:\/\/api.w.org\/{rel}","templated":true}]}}

<p class="has-blue-color has-text-color" style="font-size:32px">KOMITET ORGANIZACYJNY</p>



<h3 class="wp-block-heading"><em>przewodniczący:</em></h3>



<ul class="wp-block-list"><li><strong>prof. dr hab. Krzysztof Szymański</strong> – Wydział Fizyki UwB</li></ul>



<h3 class="wp-block-heading"><em>członkowie:</em></h3>



<ul class="wp-block-list"><li><strong>mgr Paweł Andryszak</strong> – I LO w Białymstoku, IV LO w Białymstoku</li><li><strong>mgr Tomasz Białkowski</strong> – III LO w Białymstoku, I SLO w Białymstoku</li><li><strong>dr Marek Brancewicz</strong> – Wydział Fizyki UwB</li><li><strong>dr Wojciech Olszewski</strong> – Wydział Fizyki UwB</li><li><strong>dr hab. Katarzyna Rećko</strong> – Wydział Fizyki UwB</li><li><strong>mgr Mirosława Żuber</strong> – I LO w Białymstoku</li></ul>



<p class="has-blue-color has-text-color" style="font-size:32px">WSPÓŁORGANIZATORZY</p>



<ul class="wp-block-list"><li>Polskie Towarzystwo Fizyczne Oddział w Białymstoku</li><li>Polska Akademia Nauk oddział w Olsztynie i w Białymstoku z siedzibą w Olsztynie</li></ul>

<p>KOMITET ORGANIZACYJNY przewodniczący: prof. dr hab. Krzysztof Szymański – Wydział Fizyki UwB członkowie: mgr Paweł Andryszak – I LO w Białymstoku, IV LO w Białymstoku mgr Tomasz Białkowski – III LO w Białymstoku, I SLO w Białymstoku dr Marek Brancewicz &hellip; <a href="https://physics.uwb.edu.pl/wf/knf2021/organizatorzy/">Czytaj dalej <span class="meta-nav">&rarr;</span></a></p>
