{"id":64,"date":"2021-04-15T08:28:11","date_gmt":"2021-04-15T08:28:11","guid":{"rendered":"https:\/\/physics.uwb.edu.pl\/wf\/knf2021\/?page_id=64"},"modified":"2021-09-27T11:37:14","modified_gmt":"2021-09-27T11:37:14","slug":"program","status":"publish","type":"page","link":"https:\/\/physics.uwb.edu.pl\/wf\/knf2021\/program\/","title":{"rendered":""},"content":{"rendered":"\n<p class=\"has-blue-color has-text-color\" style=\"font-size:32px\">PROGRAM KONFERENCJI<\/p>\n\n\n\n<p><strong>9:15 &#8211; 9:30<\/strong> <span style=\"color:#ff0000\" class=\"has-inline-color\">prof. KRZYSZTOF SZYMA\u0143SKI<\/span>, <em>Wydzia\u0142 Fizyki UwB<\/em>, &#8222;Powitanie uczestnik\u00f3w i otwarcie konferencji&#8221;<\/p>\n\n\n\n<p><strong>9:30 &#8211; 10:30<\/strong> <span style=\"color:#ff0000\" class=\"has-inline-color\">mgr ANNA SZULC<\/span>, <em>I Liceum Og\u00f3lnokszta\u0142c\u0105ce im. Kazimierza Wielkiego w Zdu\u0144skiej Woli<\/em>, &#8222;Nowa szko\u0142a &#8211; zmian\u0119 edukacji warto (by\u0142o) zacz\u0105\u0107 przy tablicy&#8221; (<a href=\"https:\/\/physics.uwb.edu.pl\/wf\/knf2021\/anna-szulc\/\">streszczenie<\/a>)<\/p>\n\n\n\n<p><strong>10:30 &#8211; 11:00<\/strong> <span style=\"color:#008000\" class=\"has-inline-color\">Przerwa kawowa<\/span><\/p>\n\n\n\n<p><strong>11:00 &#8211; 12:00<\/strong> <span style=\"color:#ff0000\" class=\"has-inline-color\">dr MAREK KACZMARZYK<\/span>, <em>Uniwersytet \u015al\u0105ski w Katowicach, <\/em>&#8222;M\u00f3zg w ruchu, o znaczeniu aktywno\u015bci fizycznej dla rozwoju kompetencji poznawczych&#8221;<\/p>\n\n\n\n<p><strong>12:00 &#8211; 13:00<\/strong> <span style=\"color:#ff0000\" class=\"has-inline-color\">dr MA\u0141GORZATA ZGODA<\/span>, <em>Instytut Fizjologii i Patologii S\u0142uchu, \u015awiatowe Centrum S\u0142uchu, Kajetany<\/em>, &#8222;Polski program implant\u00f3w \u015blimakowych &#8211; informacje dla szk\u00f3\u0142&#8221; (<a href=\"https:\/\/physics.uwb.edu.pl\/wf\/knf2021\/malgorzata-zgoda\/\">streszczenie<\/a>)<\/p>\n\n\n\n<p><strong>13:00 &#8211; 14:00<\/strong> <span style=\"color:#008000\" class=\"has-inline-color\">Przerwa obiadowa<\/span> (+ zdj\u0119cie konferencyjne)<\/p>\n\n\n\n<p><strong>14:00 &#8211; 16:00<\/strong> <span style=\"color:#ff0000\" class=\"has-inline-color\">SESJA NAUCZYCIELI<\/span><\/p>\n\n\n\n<p><span style=\"color:#fb0303\" class=\"has-inline-color\">mgr PAWE\u0141 ANDRYSZAK<\/span>, <em>I Liceum Og\u00f3lnokszta\u0142c\u0105ce im. A. Mickiewicza w Bia\u0142ymstoku<\/em>, &#8222;Kreatywne lekcje w nauczaniu zdalnym&#8221; (<a href=\"https:\/\/physics.uwb.edu.pl\/wf\/knf2021\/pawel-andryszak\/\" data-type=\"URL\" data-id=\"https:\/\/physics.uwb.edu.pl\/wf\/knf2021\/pawel-andryszak\/\">streszczenie<\/a>)<\/p>\n\n\n\n<p><span style=\"color:#ff0000\" class=\"has-inline-color\">mgr TOMASZ BIA\u0141KOWSKI<\/span>, <em>III Liceum Og\u00f3lnokszta\u0142c\u0105ce w Bia\u0142ymstoku, I Spo\u0142eczne Liceum Og\u00f3lnokszta\u0142c\u0105ce w Bia\u0142ymstoku, Infotech<\/em>, &#8222;Pandemia uczy uczy\u0107&#8221;<\/p>\n\n\n\n<p><span style=\"color:#ff0000\" class=\"has-inline-color\">mgr KATARZYNA WASZKIELIS<\/span>, <em>Zesp\u00f3\u0142 Szk\u00f3\u0142 Elektronicznych i Telekomunikacyjnych w Olsztynie<\/em>, &#8222;Fantastyczna czw\u00f3rka. Cz\u0119\u015b\u0107 I: Oddzia\u0142ywanie grawitacyjne&#8221; (<a href=\"https:\/\/physics.uwb.edu.pl\/wf\/knf2021\/katarzyna-waszkielis\/\">streszczenie<\/a>)<\/p>\n\n\n\n<p><span style=\"color:#ff0000\" class=\"has-inline-color\">mgr ARTUR GRYCZ<\/span>, <em>Szko\u0142a Podstawowa nr 33 w Bia\u0142ymstoku<\/em>, <em>Zesp\u00f3\u0142 Szkolno-Przedszkolny w Fastach<\/em>, &#8222;Metody zdalnego nauczania fizyki&#8221; (<a href=\"https:\/\/physics.uwb.edu.pl\/wf\/knf2021\/artur-grycz\/\" data-type=\"URL\" data-id=\"https:\/\/physics.uwb.edu.pl\/wf\/knf2021\/artur-grycz\/\">streszczenie<\/a>)<\/p>\n\n\n\n<p><strong>16:00 &#8211; 16:30<\/strong> <span style=\"color:#008000\" class=\"has-inline-color\">Przerwa kawowa<\/span><\/p>\n\n\n\n<p><strong>16:30 &#8211; 17:00 <\/strong>Dyskusja uczestnik\u00f3w Konferencji<\/p>\n\n\n\n<p><strong>17:00<\/strong> <span style=\"color:#000080\" class=\"has-inline-color\">Zamkni\u0119cie Konferencji<\/span><\/p>\n","protected":false},"excerpt":{"rendered":"<p>PROGRAM KONFERENCJI 9:15 &#8211; 9:30 prof. KRZYSZTOF SZYMA\u0143SKI, Wydzia\u0142 Fizyki UwB, &#8222;Powitanie uczestnik\u00f3w i otwarcie konferencji&#8221; 9:30 &#8211; 10:30 mgr ANNA SZULC, I Liceum Og\u00f3lnokszta\u0142c\u0105ce im. Kazimierza Wielkiego w Zdu\u0144skiej Woli, &#8222;Nowa szko\u0142a &#8211; zmian\u0119 edukacji warto (by\u0142o) zacz\u0105\u0107 przy &hellip; <a href=\"https:\/\/physics.uwb.edu.pl\/wf\/knf2021\/program\/\">Czytaj dalej <span class=\"meta-nav\">&rarr;<\/span><\/a><\/p>\n","protected":false},"author":8,"featured_media":0,"parent":0,"menu_order":0,"comment_status":"closed","ping_status":"closed","template":"","meta":{"ngg_post_thumbnail":0,"footnotes":""},"class_list":["post-64","page","type-page","status-publish","hentry"],"_links":{"self":[{"href":"https:\/\/physics.uwb.edu.pl\/wf\/knf2021\/wp-json\/wp\/v2\/pages\/64","targetHints":{"allow":["GET"]}}],"collection":[{"href":"https:\/\/physics.uwb.edu.pl\/wf\/knf2021\/wp-json\/wp\/v2\/pages"}],"about":[{"href":"https:\/\/physics.uwb.edu.pl\/wf\/knf2021\/wp-json\/wp\/v2\/types\/page"}],"author":[{"embeddable":true,"href":"https:\/\/physics.uwb.edu.pl\/wf\/knf2021\/wp-json\/wp\/v2\/users\/8"}],"replies":[{"embeddable":true,"href":"https:\/\/physics.uwb.edu.pl\/wf\/knf2021\/wp-json\/wp\/v2\/comments?post=64"}],"version-history":[{"count":24,"href":"https:\/\/physics.uwb.edu.pl\/wf\/knf2021\/wp-json\/wp\/v2\/pages\/64\/revisions"}],"predecessor-version":[{"id":410,"href":"https:\/\/physics.uwb.edu.pl\/wf\/knf2021\/wp-json\/wp\/v2\/pages\/64\/revisions\/410"}],"wp:attachment":[{"href":"https:\/\/physics.uwb.edu.pl\/wf\/knf2021\/wp-json\/wp\/v2\/media?parent=64"}],"curies":[{"name":"wp","href":"https:\/\/api.w.org\/{rel}","templated":true}]}}

<p class="has-blue-color has-text-color" style="font-size:32px">PROGRAM KONFERENCJI</p>



<p><strong>9:15 &#8211; 9:30</strong> <span style="color:#ff0000" class="has-inline-color">prof. KRZYSZTOF SZYMAŃSKI</span>, <em>Wydział Fizyki UwB</em>, &#8222;Powitanie uczestników i otwarcie konferencji&#8221;</p>



<p><strong>9:30 &#8211; 10:30</strong> <span style="color:#ff0000" class="has-inline-color">mgr ANNA SZULC</span>, <em>I Liceum Ogólnokształcące im. Kazimierza Wielkiego w Zduńskiej Woli</em>, &#8222;Nowa szkoła &#8211; zmianę edukacji warto (było) zacząć przy tablicy&#8221; (<a href="https://physics.uwb.edu.pl/wf/knf2021/anna-szulc/">streszczenie</a>)</p>



<p><strong>10:30 &#8211; 11:00</strong> <span style="color:#008000" class="has-inline-color">Przerwa kawowa</span></p>



<p><strong>11:00 &#8211; 12:00</strong> <span style="color:#ff0000" class="has-inline-color">dr MAREK KACZMARZYK</span>, <em>Uniwersytet Śląski w Katowicach, </em>&#8222;Mózg w ruchu, o znaczeniu aktywności fizycznej dla rozwoju kompetencji poznawczych&#8221;</p>



<p><strong>12:00 &#8211; 13:00</strong> <span style="color:#ff0000" class="has-inline-color">dr MAŁGORZATA ZGODA</span>, <em>Instytut Fizjologii i Patologii Słuchu, Światowe Centrum Słuchu, Kajetany</em>, &#8222;Polski program implantów ślimakowych &#8211; informacje dla szkół&#8221; (<a href="https://physics.uwb.edu.pl/wf/knf2021/malgorzata-zgoda/">streszczenie</a>)</p>



<p><strong>13:00 &#8211; 14:00</strong> <span style="color:#008000" class="has-inline-color">Przerwa obiadowa</span> (+ zdjęcie konferencyjne)</p>



<p><strong>14:00 &#8211; 16:00</strong> <span style="color:#ff0000" class="has-inline-color">SESJA NAUCZYCIELI</span></p>



<p><span style="color:#fb0303" class="has-inline-color">mgr PAWEŁ ANDRYSZAK</span>, <em>I Liceum Ogólnokształcące im. A. Mickiewicza w Białymstoku</em>, &#8222;Kreatywne lekcje w nauczaniu zdalnym&#8221; (<a href="https://physics.uwb.edu.pl/wf/knf2021/pawel-andryszak/" data-type="URL" data-id="https://physics.uwb.edu.pl/wf/knf2021/pawel-andryszak/">streszczenie</a>)</p>



<p><span style="color:#ff0000" class="has-inline-color">mgr TOMASZ BIAŁKOWSKI</span>, <em>III Liceum Ogólnokształcące w Białymstoku, I Społeczne Liceum Ogólnokształcące w Białymstoku, Infotech</em>, &#8222;Pandemia uczy uczyć&#8221;</p>



<p><span style="color:#ff0000" class="has-inline-color">mgr KATARZYNA WASZKIELIS</span>, <em>Zespół Szkół Elektronicznych i Telekomunikacyjnych w Olsztynie</em>, &#8222;Fantastyczna czwórka. Część I: Oddziaływanie grawitacyjne&#8221; (<a href="https://physics.uwb.edu.pl/wf/knf2021/katarzyna-waszkielis/">streszczenie</a>)</p>



<p><span style="color:#ff0000" class="has-inline-color">mgr ARTUR GRYCZ</span>, <em>Szkoła Podstawowa nr 33 w Białymstoku</em>, <em>Zespół Szkolno-Przedszkolny w Fastach</em>, &#8222;Metody zdalnego nauczania fizyki&#8221; (<a href="https://physics.uwb.edu.pl/wf/knf2021/artur-grycz/" data-type="URL" data-id="https://physics.uwb.edu.pl/wf/knf2021/artur-grycz/">streszczenie</a>)</p>



<p><strong>16:00 &#8211; 16:30</strong> <span style="color:#008000" class="has-inline-color">Przerwa kawowa</span></p>



<p><strong>16:30 &#8211; 17:00 </strong>Dyskusja uczestników Konferencji</p>



<p><strong>17:00</strong> <span style="color:#000080" class="has-inline-color">Zamknięcie Konferencji</span></p>

<p>PROGRAM KONFERENCJI 9:15 &#8211; 9:30 prof. KRZYSZTOF SZYMAŃSKI, Wydział Fizyki UwB, &#8222;Powitanie uczestników i otwarcie konferencji&#8221; 9:30 &#8211; 10:30 mgr ANNA SZULC, I Liceum Ogólnokształcące im. Kazimierza Wielkiego w Zduńskiej Woli, &#8222;Nowa szkoła &#8211; zmianę edukacji warto (było) zacząć przy &hellip; <a href="https://physics.uwb.edu.pl/wf/knf2021/program/">Czytaj dalej <span class="meta-nav">&rarr;</span></a></p>
