{"id":39,"date":"2022-01-05T09:55:49","date_gmt":"2022-01-05T09:55:49","guid":{"rendered":"https:\/\/physics.uwb.edu.pl\/wf\/knf2022\/?page_id=39"},"modified":"2022-01-05T09:56:44","modified_gmt":"2022-01-05T09:56:44","slug":"cele","status":"publish","type":"page","link":"https:\/\/physics.uwb.edu.pl\/wf\/knf2022\/cele\/","title":{"rendered":""},"content":{"rendered":"\n<p class=\"has-blue-color has-text-color\" style=\"font-size:32px\">CELE KONFERENCJI<\/p>\n\n\n\n<ul class=\"wp-block-list\"><li>integracja \u015brodowiska akademickiego i nauczycieli przedmiot\u00f3w przyrodniczych<\/li><li>poszerzanie kompetencji nauczycieli szkolnych i akademickich<\/li><li>dzielenie si\u0119 do\u015bwiadczeniami<\/li><li>przekazywanie aktualnych informacji<\/li><li>prezentacja nowo\u015bci na rynku wydawniczym i pomocy naukowych<\/li><\/ul>\n\n\n\n<p><\/p>\n","protected":false},"excerpt":{"rendered":"<p>CELE KONFERENCJI integracja \u015brodowiska akademickiego i nauczycieli przedmiot\u00f3w przyrodniczych poszerzanie kompetencji nauczycieli szkolnych i akademickich dzielenie si\u0119 do\u015bwiadczeniami przekazywanie aktualnych informacji prezentacja nowo\u015bci na rynku wydawniczym i pomocy naukowych<\/p>\n","protected":false},"author":8,"featured_media":0,"parent":0,"menu_order":0,"comment_status":"closed","ping_status":"closed","template":"","meta":{"footnotes":""},"class_list":["post-39","page","type-page","status-publish","hentry"],"_links":{"self":[{"href":"https:\/\/physics.uwb.edu.pl\/wf\/knf2022\/wp-json\/wp\/v2\/pages\/39","targetHints":{"allow":["GET"]}}],"collection":[{"href":"https:\/\/physics.uwb.edu.pl\/wf\/knf2022\/wp-json\/wp\/v2\/pages"}],"about":[{"href":"https:\/\/physics.uwb.edu.pl\/wf\/knf2022\/wp-json\/wp\/v2\/types\/page"}],"author":[{"embeddable":true,"href":"https:\/\/physics.uwb.edu.pl\/wf\/knf2022\/wp-json\/wp\/v2\/users\/8"}],"replies":[{"embeddable":true,"href":"https:\/\/physics.uwb.edu.pl\/wf\/knf2022\/wp-json\/wp\/v2\/comments?post=39"}],"version-history":[{"count":2,"href":"https:\/\/physics.uwb.edu.pl\/wf\/knf2022\/wp-json\/wp\/v2\/pages\/39\/revisions"}],"predecessor-version":[{"id":43,"href":"https:\/\/physics.uwb.edu.pl\/wf\/knf2022\/wp-json\/wp\/v2\/pages\/39\/revisions\/43"}],"wp:attachment":[{"href":"https:\/\/physics.uwb.edu.pl\/wf\/knf2022\/wp-json\/wp\/v2\/media?parent=39"}],"curies":[{"name":"wp","href":"https:\/\/api.w.org\/{rel}","templated":true}]}}