{"id":53,"date":"2022-01-05T10:42:12","date_gmt":"2022-01-05T10:42:12","guid":{"rendered":"https:\/\/physics.uwb.edu.pl\/wf\/knf2022\/?page_id=53"},"modified":"2022-01-05T10:48:50","modified_gmt":"2022-01-05T10:48:50","slug":"terminy","status":"publish","type":"page","link":"https:\/\/physics.uwb.edu.pl\/wf\/knf2022\/terminy\/","title":{"rendered":""},"content":{"rendered":"\n<p class=\"has-blue-color has-text-color\" style=\"font-size:32px\">WA\u017bNE TERMINY<\/p>\n\n\n\n<p><strong>01.05.2022<\/strong> &#8211; Otwarcie rejestracji uczestnik\u00f3w<\/p>\n\n\n\n<p><strong>01.08.2022<\/strong> &#8211; Termin zg\u0142aszania wyst\u0105pie\u0144<\/p>\n\n\n\n<p><strong>04.09.2022<\/strong> &#8211; Zamkni\u0119cie rejestracji uczestnik\u00f3w<\/p>\n\n\n\n<p><strong>24.09.2022<\/strong> &#8211; VI Konferencja Nauczycieli Fizyki 2022<\/p>\n\n\n\n<p><\/p>\n","protected":false},"excerpt":{"rendered":"<p>WA\u017bNE TERMINY 01.05.2022 &#8211; Otwarcie rejestracji uczestnik\u00f3w 01.08.2022 &#8211; Termin zg\u0142aszania wyst\u0105pie\u0144 04.09.2022 &#8211; Zamkni\u0119cie rejestracji uczestnik\u00f3w 24.09.2022 &#8211; VI Konferencja Nauczycieli Fizyki 2022<\/p>\n","protected":false},"author":8,"featured_media":0,"parent":0,"menu_order":0,"comment_status":"closed","ping_status":"closed","template":"","meta":{"footnotes":""},"class_list":["post-53","page","type-page","status-publish","hentry"],"_links":{"self":[{"href":"https:\/\/physics.uwb.edu.pl\/wf\/knf2022\/wp-json\/wp\/v2\/pages\/53","targetHints":{"allow":["GET"]}}],"collection":[{"href":"https:\/\/physics.uwb.edu.pl\/wf\/knf2022\/wp-json\/wp\/v2\/pages"}],"about":[{"href":"https:\/\/physics.uwb.edu.pl\/wf\/knf2022\/wp-json\/wp\/v2\/types\/page"}],"author":[{"embeddable":true,"href":"https:\/\/physics.uwb.edu.pl\/wf\/knf2022\/wp-json\/wp\/v2\/users\/8"}],"replies":[{"embeddable":true,"href":"https:\/\/physics.uwb.edu.pl\/wf\/knf2022\/wp-json\/wp\/v2\/comments?post=53"}],"version-history":[{"count":5,"href":"https:\/\/physics.uwb.edu.pl\/wf\/knf2022\/wp-json\/wp\/v2\/pages\/53\/revisions"}],"predecessor-version":[{"id":62,"href":"https:\/\/physics.uwb.edu.pl\/wf\/knf2022\/wp-json\/wp\/v2\/pages\/53\/revisions\/62"}],"wp:attachment":[{"href":"https:\/\/physics.uwb.edu.pl\/wf\/knf2022\/wp-json\/wp\/v2\/media?parent=53"}],"curies":[{"name":"wp","href":"https:\/\/api.w.org\/{rel}","templated":true}]}}