{"id":552,"date":"2019-10-28T20:06:45","date_gmt":"2019-10-28T20:06:45","guid":{"rendered":"http:\/\/physics.uwb.edu.pl\/wf\/magnet\/?page_id=552"},"modified":"2021-04-14T12:07:31","modified_gmt":"2021-04-14T12:07:31","slug":"seemag","status":"publish","type":"page","link":"https:\/\/physics.uwb.edu.pl\/wf\/magnet\/seemag\/","title":{"rendered":"SEEMAG"},"content":{"rendered":"<p><span style=\"font-size: large;\">Projekt TECHMATSTRATEG finansowany przez <a href=\"https:\/\/www.ncbr.gov.pl\/\">Narodowe Centrum Bada\u0144 i Rozwoju<\/a><\/span><\/p>\n<p style=\"text-align: center;\"><span style=\"font-size: large;\"><em> \u201eOpracowanie wysokowydajnej i bezodpadowej technologii wytwarzania nanokompozyt\u00f3w magnetycznie mi\u0119kkich dla wysokocz\u0119stotliwo\u015bciowego przetwarzania du\u017cych mocy\u201d<\/em> <\/span><\/p>\n<p style=\"text-align: center;\"><span style=\"font-size: large;\"><strong>(SEEMAG) 2018 \u2013 2020.<\/strong> <\/span><\/p>\n<p><span style=\"font-size: large;\">Projekt realizowany w konsorcjum, koordynowany przez Instytut Metali Nie\u017celaznych w Gliwicach<\/span><\/p>\n<p><strong><span style=\"font-size: large;\">Streszczenie projektu:<\/span><\/strong><\/p>\n<p><span style=\"font-size: large;\">Celem projektu jest opracowanie wysokowydajnej i bezodpadowej technologii wytwarzania wysoko-indukcyjnych i nisko-stratnych nanokompozyt\u00f3w magnetycznie mi\u0119kkich dla wysokocz\u0119stotliwo\u015bciowego przetwarzania du\u017cych mocy. Obszar zwi\u0105zany z energetyk\u0105 i odpowiednim gospodarowaniem energia elektryczn\u0105 jest strategiczny dla polskiej gospodarki, co implikuje strategicz\u0105 warto\u015b\u0107 niniejszego projektu. Przedk\u0142adane rozwi\u0105zania maj\u0105 przede wszsytkim na celu umo\u017cliwienie odpowiedniego wykorzystania energii elektrycznej przy poszanowaniu \u015brodowiska naturalnego. Niniejszy project skupia si\u0119 na badaniach nad nowymi grupami magnetycznie mi\u0119kkich nanokompozyt\u00f3w projektowanych pod k\u0105tem zastosowa\u0144 w energoelektronice w szerokim zakresie cz\u0119stotliwo\u015bci do kilkuset kHz. Maj\u0105c na uwadze strategiczny character niniejszego projektu, zaplanowano kompleksowe podej\u015bcie do tematu, poczynaj\u0105c od opracowania technologii wytwarzania nowych stop\u00f3w na bazie Fe z dodatkami Co, Ni czy P a\u017c po wytworzenie gotowych transformator\u00f3w i d\u0142awik\u00f3w, kt\u00f3re b\u0119d\u0105 sprawdzone w warunkach rzeczywistych, dzi\u0119ki czemu mo\u017cliwe b\u0119dzie ukazanie zalet proponowanej technologii dla u\u017cytkownika ko\u0144cowego. Przedstawione podej\u015bcie technologiczne zapewnia zar\u00f3wno wysok\u0105 wydajno\u015b\u0107 samego procesu jak r\u00f3wnie\u017c brak odpad\u00f3w, kt\u00f3re przy klasycznej technologii wytwarzania materia\u0142\u00f3w magnetycznie mi\u0119kkich, kt\u00f3ra oparata jest na odlewaniu ta\u015bm, ich przer\u00f3bce plastycznej na drodze walcowania z wieloma operacjami wy\u017carzania mi\u0119dzyoperacyjnego, s\u0105 na poziomie 20 %. Tym samym przedk\u0142adany projekt wpisuje si\u0119 w priorytet III programu TECHMASTRATEG: Non-waste material technologies and biodegradable engineering materials technologies w obszarze: Highly efficient and low-waste fabrication technologies of metallic materials with fragmented ultra- and nano-sized structure for industrial applications. Grupy docelowe odbiorc\u00f3w ko\u0144cowych, kt\u00f3re s\u0105 zainteresowane wykorzystaniem rezultat\u00f3w niniejszego projektu w praktyce gospodarczej, to przede wszystkim przedsi\u0119biorstwa dzia\u0142aj\u0105ce w obszarze: energetyki odnawialnej \u2013 producenci system\u00f3w przetwarzania energii dla elektrowni wiatrowych, fotowoltaicznych czy wodnych; transportu kolejowego \u2013 producenci przetwornic statycznych instalowanych w lokomotywach; transportu samochodowego \u2013 producenci komponent\u00f3w samochod\u00f3w elektrycznych oraz infrastruktury zwi\u0105zanej z instalacjami \u0142adowania bezprzewodowego pojazd\u00f3w elektrycznych (samochod\u00f3w, autobus\u00f3w), kt\u00f3re wykorzystuj\u0105 w swojej konstrukcji szereg przekszta\u0142tnik\u00f3w energii; nap\u0119d\u00f3w i energoelektroniki przemys\u0142owej \u2013 g\u00f3rnictwa \u2013 producenci urz\u0105dze\u0144 energoelektronicznych; galwanotechniki \u2013 producenci zasilaczy galwanicznych b\u0119d\u0105cych \u017ar\u00f3d\u0142em energii dla proces\u00f3w cynkowania, niklowania i chromowania. Niniejszy projekt b\u0119dzie realizowany przez Konsorcjum w sk\u0142adzie Instytut Metali Nie\u017celaznych jako lider, Wydzia\u0142 In\u017cynierii Materia\u0142owej Politechniki Warszawskiej, Instytut Metalurgii i In\u017cynierii Materia\u0142owej PAN, Wydzia\u0142 Fizyki Uniwersytetu w Bia\u0142ymstoku, Wydzia\u0142 Elektrotechniki, Automatyki, Informatyki i In\u017cynierii Biomedycznej Akademii G\u00f3rniczo-Hutniczej oraz przedsi\u0119biorstwa FluxCom JEE i ENEL-PC Sp. z o.o. Jednostki naukowe tworz\u0105ce konsorcjum cechuj\u0105 si\u0119 bardzo du\u017cym do\u015bwiadczeniem w obszarze realizacji bada\u0144 podstawowych, opracowania technologii wytwarzania nanokrystalicznych materia\u0142\u00f3w magnetycznie mi\u0119kkich, a\u017c po aplikacje w przemy\u015ble co daje pewno\u015b\u0107 pomy\u015blnej realizacji projektu.<\/span><\/p>\n<p>&nbsp;<\/p>\n<p><strong><span style=\"color: #000000;\"><span style=\"font-size: large;\">Zadanie Katedty Fizyki Magnetyk\u00f3w :<\/span><\/span><\/strong><\/p>\n<p><span style=\"color: #000000;\"><span style=\"font-size: large;\">Opis naszego zadania zamieszczony we wniosku grantowym brzmi nast\u0119puj\u0105co:<\/span><\/span><\/p>\n<p><span style=\"color: #000000;\"><span style=\"font-size: large;\">1.2 Obserwacje struktury domenowej w powi\u0105zaniu z poprzeczn\u0105 anizotropi\u0105 magnetyczn\u0105 \u2013 obserwacje b\u0119d\u0105 prowadzone za pomoc\u0105 wysokorozdzielczego polaryzacyjnego mikroskopu optycznego z wykorzystaniem zar\u00f3wno polarnego jak i pod\u0142u\u017cnego magnetooptycznego efektu Kerra, z mo\u017cliwo\u015bci\u0105 analizy sk\u0142adowych wektora magnetyzacji dla r\u00f3\u017cnych orientacji zewn\u0119trznego pola magnetycznego i z zastosowaniem technik cyfrowej obr\u00f3bki obraz\u00f3w w celu powi\u0119kszenia kontrastu. Sta\u0142e anizotropii magnetycznej b\u0119d\u0105 wyznaczane z wykorzystaniem klasycznej techniki rezonansu ferromagnetycznego FMR. <\/span><\/span><\/p>\n<p><strong><span style=\"color: #000000;\"><span style=\"font-size: large;\">M\u00f3wi\u0105c troch\u0119 pro\u015bciej, chodzi tutaj o:<\/span><\/span><\/strong><\/p>\n<p><span style=\"color: #000000;\"><span style=\"font-size: large;\">Badanie procesu przemagnesowania i wyznaczanie parametr\u00f3w magnetycznych, takich jak przestrzenny rozk\u0142ad wektora magnetyzacji i sta\u0142e anizotropii magnetycznej, z wykorzystaniem metod magnetooptycznych oraz techniki rezonansu ferromagnetycznego. <\/span><\/span><\/p>\n<p><span style=\"color: #000000;\"><span style=\"font-size: large;\">Zadanie to b\u0119dzie realizowane przez zesp\u00f3\u0142 5 naukowc\u00f3w z Zak\u0142adu Fizyki Magnetyk\u00f3w Wydzia\u0142u Fizyki UwB pod kierunkiem&nbsp; <a href=\"kisiel@uwb.edu.pl\"><strong>prof. dr hab. Marka Kisielewskiego.<\/strong> <\/a><\/span><\/span><\/p>\n<p>&nbsp;<\/p>\n","protected":false},"excerpt":{"rendered":"<p>Projekt TECHMATSTRATEG finansowany przez Narodowe Centrum Bada\u0144 i Rozwoju \u201eOpracowanie wysokowydajnej i bezodpadowej technologii wytwarzania nanokompozyt\u00f3w magnetycznie mi\u0119kkich dla wysokocz\u0119stotliwo\u015bciowego przetwarzania du\u017cych mocy\u201d (SEEMAG) 2018 \u2013 2020. Projekt realizowany w konsorcjum, koordynowany przez Instytut Metali Nie\u017celaznych w Gliwicach Streszczenie projektu: Celem projektu jest opracowanie wysokowydajnej i bezodpadowej technologii wytwarzania wysoko-indukcyjnych i nisko-stratnych nanokompozyt\u00f3w magnetycznie mi\u0119kkich &hellip; <a href=\"https:\/\/physics.uwb.edu.pl\/wf\/magnet\/seemag\/\" class=\"more-link\">Czytaj dalej <span class=\"screen-reader-text\">SEEMAG<\/span> <span class=\"meta-nav\">&rarr;<\/span><\/a><\/p>\n","protected":false},"author":2,"featured_media":0,"parent":0,"menu_order":0,"comment_status":"closed","ping_status":"closed","template":"","meta":{"_acf_changed":false,"ngg_post_thumbnail":0,"footnotes":""},"categories":[],"tags":[],"class_list":["post-552","page","type-page","status-publish","hentry"],"acf":[],"_links":{"self":[{"href":"https:\/\/physics.uwb.edu.pl\/wf\/magnet\/wp-json\/wp\/v2\/pages\/552","targetHints":{"allow":["GET"]}}],"collection":[{"href":"https:\/\/physics.uwb.edu.pl\/wf\/magnet\/wp-json\/wp\/v2\/pages"}],"about":[{"href":"https:\/\/physics.uwb.edu.pl\/wf\/magnet\/wp-json\/wp\/v2\/types\/page"}],"author":[{"embeddable":true,"href":"https:\/\/physics.uwb.edu.pl\/wf\/magnet\/wp-json\/wp\/v2\/users\/2"}],"replies":[{"embeddable":true,"href":"https:\/\/physics.uwb.edu.pl\/wf\/magnet\/wp-json\/wp\/v2\/comments?post=552"}],"version-history":[{"count":2,"href":"https:\/\/physics.uwb.edu.pl\/wf\/magnet\/wp-json\/wp\/v2\/pages\/552\/revisions"}],"predecessor-version":[{"id":794,"href":"https:\/\/physics.uwb.edu.pl\/wf\/magnet\/wp-json\/wp\/v2\/pages\/552\/revisions\/794"}],"wp:attachment":[{"href":"https:\/\/physics.uwb.edu.pl\/wf\/magnet\/wp-json\/wp\/v2\/media?parent=552"}],"wp:term":[{"taxonomy":"category","embeddable":true,"href":"https:\/\/physics.uwb.edu.pl\/wf\/magnet\/wp-json\/wp\/v2\/categories?post=552"},{"taxonomy":"post_tag","embeddable":true,"href":"https:\/\/physics.uwb.edu.pl\/wf\/magnet\/wp-json\/wp\/v2\/tags?post=552"}],"curies":[{"name":"wp","href":"https:\/\/api.w.org\/{rel}","templated":true}]}}