{"id":563,"date":"2019-10-28T21:33:46","date_gmt":"2019-10-28T21:33:46","guid":{"rendered":"http:\/\/physics.uwb.edu.pl\/wf\/magnet\/?page_id=563"},"modified":"2019-10-28T21:33:46","modified_gmt":"2019-10-28T21:33:46","slug":"centrum-spinlab","status":"publish","type":"page","link":"https:\/\/physics.uwb.edu.pl\/wf\/magnet\/centrum-spinlab\/","title":{"rendered":"Centrum SPINLAB"},"content":{"rendered":"<h1><img decoding=\"async\" src=\"http:\/\/physics.uwb.edu.pl\/zfmag\/img\/logospinlab1.png\" alt=\"Centrum SPINLAB\" vspace=\"5\" hspace=\"5\" height=\"75\" border=\"0\" align=\"absmiddle\"> Centrum<\/h1>\n<h2>National Centrum of Nanophysics and Spintronics, SPINLAB<\/h2>\n<p>Presidium of Polish Academy of Sciences created (24th September 2013, decision 28\/2013) \u201cNational Centrum of Nanophysics and Spintronics &#8211; SPINLAB\u201d, CENTRUM ( \u201cKrajowe Centrum Nanofizyki i Spintroniki SPINLAB\u201d, CENTRUM).<br \/>\nCentrum continues activities of Polish National Network <a href=\"http:\/\/www.artmag.agh.edu.pl\/\" target=\"_blank\" rel=\"noopener noreferrer\"><img decoding=\"async\" src=\"http:\/\/physics.uwb.edu.pl\/zfmag\/img\/Artmag.png\" alt=\"Artmag\" vspace=\"5\" hspace=\"5\" height=\"35\" border=\"0\" align=\"absmiddle\"> ARTMAG <\/a>&#8211; &#8222;Magnetic nanostructures for spintronics&#8221; supported in the frame of European Union Operational Program for Innovative Economy 2007-2013 by the project National Centre: <a href=\"http:\/\/spinlab.uwb.edu.pl\/\">Magnetic Nanostructures for Spintronics Applications SPINLAB.<\/a><\/p>\n<table summary=\"\" frame=\"\">\n<tbody>\n<tr>\n<td>\n<ul>\n<li><a class=\"caption\" title=\"IF PAN\" href=\"http:\/\/www.ifpan.edu.pl\/\" target=\"_blank\" rel=\"noopener noreferrer\">Instytut Fizyki PAN w Warszawie<\/a><\/li>\n<li><a class=\"caption\" title=\"IFM PAN\" href=\"http:\/\/www.ifmpan.poznan.pl\/\" target=\"_blank\" rel=\"noopener noreferrer\">Instytut Fizyki Molekularnej PAN w Poznaniu<\/a><\/li>\n<li><a class=\"caption\" title=\"UAM\" href=\"http:\/\/www.fizyka.amu.edu.pl\/\" target=\"_blank\" rel=\"noopener noreferrer\">Wydzia\u0142 Fizyki Uniwersytetu im. Adama Mickiewicza w Poznaniu<\/a><\/li>\n<li><a class=\"caption\" title=\"IKiFP PAN\" href=\"http:\/\/www.ik-pan.krakow.pl\/\" target=\"_blank\" rel=\"noopener noreferrer\">Instytut Katalizy i Fizykochemii Powierzchni im Jerzego Habera PAN w Krakowie<\/a><\/li>\n<li><a class=\"caption\" title=\"UwB\" href=\"http:\/\/physics.uwb.edu.pl\/\" target=\"_blank\" rel=\"noopener noreferrer\">Wydzia\u0142 Fizyki Uniwersytetu w Bia\u0142ymstoku<\/a><\/li>\n<li><a class=\"caption\" title=\"AGH\" href=\"http:\/\/www.fis.agh.edu.pl\/\" target=\"_blank\" rel=\"noopener noreferrer\">Akademia G\u00f3rniczo-Hutnicza im. Stanis\u0142awa Staszica w Krakowie, Wydzia\u0142 Fizyki i Informatyki Stosowanej<\/a><\/li>\n<li><a class=\"caption\" title=\"AGH\" href=\"http:\/\/www.iet.agh.edu.pl\/pl\/\" target=\"_blank\" rel=\"noopener noreferrer\">Akademia G\u00f3rniczo-Hutnicza im. Stanis\u0142awa Staszica w Krakowie, Wydzia\u0142 Informatyki , Elektroniki i telekomunikacji<\/a><\/li>\n<\/ul>\n<\/td>\n<td><img decoding=\"async\" src=\"http:\/\/physics.uwb.edu.pl\/zfmag\/img\/pic\/Poland_Contour_spinlab_02-2-1.png\" alt=\"Centrum SPINLAB\" vspace=\"5\" hspace=\"5\" height=\"275\" border=\"0\" align=\"absmiddle\"><\/td>\n<\/tr>\n<\/tbody>\n<\/table>\n","protected":false},"excerpt":{"rendered":"<p>Centrum National Centrum of Nanophysics and Spintronics, SPINLAB Presidium of Polish Academy of Sciences created (24th September 2013, decision 28\/2013) \u201cNational Centrum of Nanophysics and Spintronics &#8211; SPINLAB\u201d, CENTRUM ( \u201cKrajowe Centrum Nanofizyki i Spintroniki SPINLAB\u201d, CENTRUM). Centrum continues activities of Polish National Network ARTMAG &#8211; &#8222;Magnetic nanostructures for spintronics&#8221; supported in the frame of &hellip; <a href=\"https:\/\/physics.uwb.edu.pl\/wf\/magnet\/centrum-spinlab\/\" class=\"more-link\">Czytaj dalej <span class=\"screen-reader-text\">Centrum SPINLAB<\/span> <span class=\"meta-nav\">&rarr;<\/span><\/a><\/p>\n","protected":false},"author":2,"featured_media":0,"parent":0,"menu_order":0,"comment_status":"closed","ping_status":"closed","template":"","meta":{"_acf_changed":false,"ngg_post_thumbnail":0,"footnotes":""},"categories":[],"tags":[],"class_list":["post-563","page","type-page","status-publish","hentry"],"acf":[],"_links":{"self":[{"href":"https:\/\/physics.uwb.edu.pl\/wf\/magnet\/wp-json\/wp\/v2\/pages\/563","targetHints":{"allow":["GET"]}}],"collection":[{"href":"https:\/\/physics.uwb.edu.pl\/wf\/magnet\/wp-json\/wp\/v2\/pages"}],"about":[{"href":"https:\/\/physics.uwb.edu.pl\/wf\/magnet\/wp-json\/wp\/v2\/types\/page"}],"author":[{"embeddable":true,"href":"https:\/\/physics.uwb.edu.pl\/wf\/magnet\/wp-json\/wp\/v2\/users\/2"}],"replies":[{"embeddable":true,"href":"https:\/\/physics.uwb.edu.pl\/wf\/magnet\/wp-json\/wp\/v2\/comments?post=563"}],"version-history":[{"count":1,"href":"https:\/\/physics.uwb.edu.pl\/wf\/magnet\/wp-json\/wp\/v2\/pages\/563\/revisions"}],"predecessor-version":[{"id":564,"href":"https:\/\/physics.uwb.edu.pl\/wf\/magnet\/wp-json\/wp\/v2\/pages\/563\/revisions\/564"}],"wp:attachment":[{"href":"https:\/\/physics.uwb.edu.pl\/wf\/magnet\/wp-json\/wp\/v2\/media?parent=563"}],"wp:term":[{"taxonomy":"category","embeddable":true,"href":"https:\/\/physics.uwb.edu.pl\/wf\/magnet\/wp-json\/wp\/v2\/categories?post=563"},{"taxonomy":"post_tag","embeddable":true,"href":"https:\/\/physics.uwb.edu.pl\/wf\/magnet\/wp-json\/wp\/v2\/tags?post=563"}],"curies":[{"name":"wp","href":"https:\/\/api.w.org\/{rel}","templated":true}]}}