{"id":774,"date":"2021-04-14T10:41:30","date_gmt":"2021-04-14T10:41:30","guid":{"rendered":"https:\/\/physics.uwb.edu.pl\/wf\/magnet\/?page_id=774"},"modified":"2021-04-14T12:05:05","modified_gmt":"2021-04-14T12:05:05","slug":"opus-19","status":"publish","type":"page","link":"https:\/\/physics.uwb.edu.pl\/wf\/magnet\/opus-19\/","title":{"rendered":"OPUS 19"},"content":{"rendered":"<h2>Syntetyczne warstwowe struktury magnetyczne z regulowanym interfejsowym oddzia\u0142ywaniem Dzia\u0142oszy\u0144skiego-Moriyi, prostopad\u0142\u0105 anizotropi\u0105 magnetyczn\u0105 i mi\u0119dzywarstwowym sprz\u0119\u017ceniem<\/h2>\n<div class=\"clearboth\">Projekt realizowane przez konsorcjum IFPAN (koordynator prof. dr hab. A.Wawro) i UwB (koordynator zada\u0144 UwB prof. dr hab. A.Maziewski)<\/div>\n<p class=\"row2\">NCN ID: <a href=\"https:\/\/projekty.ncn.gov.pl\/index.php?projekt_id=482357\">2020\/37\/B\/ST5\/02299<\/a><\/p>\n<p>Wsp\u00f3\u0142czesne technologie pozwalaj\u0105 na wytwarzanie nowych materia\u0142\u00f3w z precyzj\u0105 atomow\u0105 o<br \/>\nniespotykanych dot\u0105d w\u0142a\u015bciwo\u015bciach. W niniejszym projekcie badane b\u0119d\u0105 uk\u0142ady magnetyczne z\u0142o\u017cone z<br \/>\nwielu warstw sk\u0142adowych, z kt\u00f3rych ka\u017cda zbudowana jest jedynie z kilku warstw atomowych. W takich<br \/>\nstrukturach udzia\u0142 atom\u00f3w tworz\u0105cych granic\u0119 warstwy (interfejs) jest znaczny. Poniewa\u017c w\u0142a\u015bciwo\u015bci<br \/>\nmagnetyczne atom\u00f3w interfejsu r\u00f3\u017cni\u0105 si\u0119 od tych w \u015brodku warstwy ze wzgl\u0119du odmienn\u0105 symetri\u0119<br \/>\notoczenia, tego typu struktura charakteryzuje si\u0119 odmiennymi w\u0142a\u015bciwo\u015bciami ni\u017c materia\u0142 obj\u0119to\u015bciowy.<br \/>\nJednym z istotniejszych osi\u0105gni\u0119\u0107 bada\u0144 nanostruktur jest uzyskanie prostopad\u0142ego namagnesowania, gdy<br \/>\ngrubo\u015b\u0107 sk\u0142adowej warstwy magnetycznej maleje poni\u017cej pewnej krytycznej warto\u015bci. Ponadto, w przypadku<br \/>\nwyst\u0119powania sprz\u0119\u017cenia (IC) pomi\u0119dzy warstwami magnetycznymi, mo\u017cna wytworzy\u0107 materia\u0142y b\u0119d\u0105ce<br \/>\nsyntetycznymi ferromagnetykami lub antyferromagnetykami o odpowiednio r\u00f3wnoleg\u0142ym b\u0105d\u017a<br \/>\nantyr\u00f3wnoleg\u0142ym u\u0142o\u017ceniu namagnesowania.<br \/>\nPodejmowane w tym projekcie badania maj\u0105 na celu okre\u015blenie wp\u0142ywu parametr\u00f3w,<br \/>\ncharakteryzuj\u0105cych wytwarzane struktury, na ich w\u0142a\u015bciwo\u015bci magnetyczne. Nale\u017c\u0105 do nich: rodzaj warstw<br \/>\nsk\u0142adowych, sekwencja ich u\u0142o\u017cenia (skutkuj\u0105ca uformowaniem si\u0119 okre\u015blonych interfejs\u00f3w), grubo\u015b\u0107<br \/>\nwarstw sk\u0142adowych. Jedn\u0105 z podstawowych w\u0142a\u015bciwo\u015bci jest prostopad\u0142a anizotropia magnetyczna (PMA).<br \/>\nPowoduje ona, \u017ce namagnesowanie warstwy jest prostopad\u0142e do jej powierzchni. Cecha ta jest wykorzystana<br \/>\nnp. do zwi\u0119kszenia g\u0119sto\u015bci zapisu informacji na magnetycznych dyskach twardych. Wielko\u015b\u0107 anizotropii<br \/>\nodpowiada r\u00f3wnie\u017c za czasow\u0105 trwa\u0142o\u015b\u0107 tego zapisu oraz determinuje r\u00f3\u017cne konfiguracje namagnesowania<br \/>\nw materiale.<br \/>\nOd kilku lat intensywnie badane s\u0105 nanostruktury, w kt\u00f3rych dodatkowy wp\u0142yw na w\u0142a\u015bciwo\u015bci<br \/>\nmagnetyczne wywiera kolejny czynnik, okre\u015blany mianem oddzia\u0142ywania Dzia\u0142oszy\u0144skiego-Moriji (DMI).<br \/>\nOddzia\u0142ywanie to powoduje, \u017ce namagnesowanie ulega ci\u0105g\u0142emu skr\u0119ceniu w przestrzeni pr\u00f3bki. \u0179r\u00f3d\u0142em<br \/>\nDMI jest specyficzne oddzia\u0142ywanie pomi\u0119dzy atomami warstwy ferromagnetycznej, FM (np. Co lub Fe) z<br \/>\natomami s\u0105siaduj\u0105cej warstwy niemagnetycznej wykonanej z metali ci\u0119\u017ckich, HM (np. Pt, Ir, W, Pd)<br \/>\npoprzez wytworzony interfejs. Bardzo wyra\u017anie pojawia si\u0119 ono w asymetrycznych strukturach<br \/>\nwarstwowych typu HM1\/FM\/HM2, kt\u00f3re b\u0119d\u0105 badane w tym projekcie. W wyniku kolektywnego wp\u0142ywu<br \/>\nPMA, DMI oraz IC, w badanych warstwach mog\u0105 powstawa\u0107 zr\u00f3\u017cnicowane konfiguracje struktury<br \/>\nmagnetycznej, zmieniaj\u0105ce si\u0119 pod wp\u0142ywem przy\u0142o\u017conego zewn\u0119trznego pola magnetycznego. W\u015br\u00f3d nich<br \/>\ns\u0105 skyrmiony \u2013 lokalne stabilne wiry namagnesowania o bardzo ma\u0142ych rozmiarach rz\u0119du nanometr\u00f3w \u2013<br \/>\nkt\u00f3re obecnie s\u0105 bardzo intensywnie badane.<br \/>\nOpisywane struktury s\u0105 wytwarzane w specjalistycznych uk\u0142adach, w warunkach bardzo wysokiej<br \/>\npr\u00f3\u017cni. Ich w\u0142a\u015bciwo\u015bci magnetyczne i konfiguracje namagnesowania b\u0119d\u0105 badane zar\u00f3wno w skali<br \/>\nglobalnej (tzn. w skali ca\u0142ej pr\u00f3bki), jak i lokalnie (obszarach submikronowych). Liczne techniki pomiarowe<br \/>\nzastosowane do bada\u0144 w\u0142a\u015bciwo\u015bci statycznych i dynamicznych tych materia\u0142\u00f3w wykorzystuj\u0105 zjawisko<br \/>\nindukowania pr\u0105du elektrycznego (magnetometria), magnetyczne oddzia\u0142ywania dipolowe (mikroskopia si\u0142<br \/>\nmagnetycznych), oddzia\u0142ywanie \u015bwiat\u0142a (techniki magnetooptyczne oraz nieelastyczne rozpraszanie<br \/>\nBrillouina) lub przep\u0142ywaj\u0105cych elektron\u00f3w (transmisyjna mikroskopia Lorentza), a tak\u017ce poch\u0142anianie<br \/>\nprzez nie promieniowania synchrotronowego, wytwarzanego w akceleratorach. Wyniki eksperymentalne<br \/>\nb\u0119d\u0105 r\u00f3wnolegle symulowane w obliczeniach teoretycznych. Por\u00f3wnanie uzyskanych rezultat\u00f3w pozwoli na<br \/>\npe\u0142niejsz\u0105 interpretacj\u0119 wynik\u00f3w prowadzonych bada\u0144 oraz g\u0142\u0119bszy wgl\u0105d w fizyczn\u0105 natur\u0119 analizowanych<br \/>\nuk\u0142ad\u00f3w.<br \/>\nProponowane badania maj\u0105 na celu zrozumienie zjawisk magnetycznych pojawiaj\u0105cych si\u0119 na<br \/>\npoziomie atomowym (nanomagnetyzm) w sztucznie wytworzonych materia\u0142ach. Realizowane s\u0105 one na<br \/>\nkilku stopniach z\u0142o\u017cono\u015bci \u2013 od pojedynczych \u201dblok\u00f3w\u201d do bardziej z\u0142o\u017conych uk\u0142ad\u00f3w zbudowanych z<br \/>\ncoraz wi\u0119kszej ilo\u015bci tych \u201eblok\u00f3w\u201d. Dzi\u0119ki takiemu podej\u015bciu mo\u017cliwe b\u0119dzie wytworzenie inteligentnych<br \/>\nmateria\u0142\u00f3w o z g\u00f3ry zdefiniowanych w\u0142a\u015bciwo\u015bciach. W obecnych czasach bardzo intensywnie rozwija si\u0119<br \/>\nspintronika \u2013 nowa ga\u0142\u0105\u017a elektroniki \u2013 wykorzystuj\u0105ca nie tylko fakt, \u017ce elektron ma \u0142adunek elektryczny,<br \/>\nale r\u00f3wnie\u017c spin. Powoduje on, \u017ce elektron zachowuje si\u0119 jak magnes, kt\u00f3rego ruch mo\u017ce by\u0107 kontrolowany<br \/>\nnie tylko poprzez przy\u0142o\u017cone napi\u0119cie elektryczne, ale r\u00f3wnie\u017c przez zewn\u0119trzne pole magnetyczne. W<br \/>\nkonsekwencji przep\u0142yw pr\u0105du mo\u017ce zale\u017ce\u0107 od konfiguracji namagnesowania pr\u00f3bki. Przep\u0142ywaj\u0105cy pr\u0105d<br \/>\nmo\u017ce r\u00f3wnie\u017c modyfikowa\u0107 struktur\u0119 magnetyczn\u0105 pr\u00f3bki. Bogactwo tych oddzia\u0142ywa\u0144, kontrolowanych<br \/>\nczynnikami zewn\u0119trznymi powoduje, \u017ce nowe materia\u0142y mog\u0105 by\u0107 wykorzystane do budowy urz\u0105dze\u0144<br \/>\nelektronicznych o niespotykanej dot\u0105d funkcjonalno\u015bci (np. rekonfigurowalne polem magnetycznym<br \/>\nmetamateria\u0142y \u2013 kryszta\u0142y magnoniczne). Wspomniane wcze\u015bniej skyrmiony s\u0105 traktowane jako stabilne<br \/>\nobiekty (kwazicz\u0105stki) o dobrze okre\u015blonych parametrach, kt\u00f3re mog\u0105 by\u0107 w kontrolowany spos\u00f3b<br \/>\ngenerowane, anihilowane lub przesuwane w przestrzeni pr\u00f3bki za pomoc\u0105 p\u0142yn\u0105cego pr\u0105du. Dlatego te\u017c<br \/>\nbadane s\u0105 one intensywnie r\u00f3wnie\u017c pod k\u0105tem praktycznych zastosowa\u0144 jako no\u015bniki informacji<br \/>\nmagnetycznej lub medium w urz\u0105dzeniach wykonuj\u0105cych operacje logiczne<\/p>\n<p><a href=\"https:\/\/physics.uwb.edu.pl\/wf\/?page_id=11875\">Wi\u0119cej na stronach Wydzia\u0142u Fizyki UwB<\/a><\/p>\n<p><a href=\"https:\/\/projekty.ncn.gov.pl\/index.php?projekt_id=482357\">Informacja o projekcie na stronach NCN<\/a><\/p>\n<p>&nbsp;<\/p>\n","protected":false},"excerpt":{"rendered":"<p>Syntetyczne warstwowe struktury magnetyczne z regulowanym interfejsowym oddzia\u0142ywaniem Dzia\u0142oszy\u0144skiego-Moriyi, prostopad\u0142\u0105 anizotropi\u0105 magnetyczn\u0105 i mi\u0119dzywarstwowym sprz\u0119\u017ceniem Projekt realizowane przez konsorcjum IFPAN (koordynator prof. dr hab. A.Wawro) i UwB (koordynator zada\u0144 UwB prof. dr hab. A.Maziewski) NCN ID: 2020\/37\/B\/ST5\/02299 Wsp\u00f3\u0142czesne technologie pozwalaj\u0105 na wytwarzanie nowych materia\u0142\u00f3w z precyzj\u0105 atomow\u0105 o niespotykanych dot\u0105d w\u0142a\u015bciwo\u015bciach. W niniejszym projekcie badane &hellip; <a href=\"https:\/\/physics.uwb.edu.pl\/wf\/magnet\/opus-19\/\" class=\"more-link\">Czytaj dalej <span class=\"screen-reader-text\">OPUS 19<\/span> <span class=\"meta-nav\">&rarr;<\/span><\/a><\/p>\n","protected":false},"author":2,"featured_media":0,"parent":0,"menu_order":0,"comment_status":"closed","ping_status":"closed","template":"","meta":{"_acf_changed":false,"ngg_post_thumbnail":0,"footnotes":""},"categories":[],"tags":[],"class_list":["post-774","page","type-page","status-publish","hentry"],"acf":[],"_links":{"self":[{"href":"https:\/\/physics.uwb.edu.pl\/wf\/magnet\/wp-json\/wp\/v2\/pages\/774","targetHints":{"allow":["GET"]}}],"collection":[{"href":"https:\/\/physics.uwb.edu.pl\/wf\/magnet\/wp-json\/wp\/v2\/pages"}],"about":[{"href":"https:\/\/physics.uwb.edu.pl\/wf\/magnet\/wp-json\/wp\/v2\/types\/page"}],"author":[{"embeddable":true,"href":"https:\/\/physics.uwb.edu.pl\/wf\/magnet\/wp-json\/wp\/v2\/users\/2"}],"replies":[{"embeddable":true,"href":"https:\/\/physics.uwb.edu.pl\/wf\/magnet\/wp-json\/wp\/v2\/comments?post=774"}],"version-history":[{"count":5,"href":"https:\/\/physics.uwb.edu.pl\/wf\/magnet\/wp-json\/wp\/v2\/pages\/774\/revisions"}],"predecessor-version":[{"id":793,"href":"https:\/\/physics.uwb.edu.pl\/wf\/magnet\/wp-json\/wp\/v2\/pages\/774\/revisions\/793"}],"wp:attachment":[{"href":"https:\/\/physics.uwb.edu.pl\/wf\/magnet\/wp-json\/wp\/v2\/media?parent=774"}],"wp:term":[{"taxonomy":"category","embeddable":true,"href":"https:\/\/physics.uwb.edu.pl\/wf\/magnet\/wp-json\/wp\/v2\/categories?post=774"},{"taxonomy":"post_tag","embeddable":true,"href":"https:\/\/physics.uwb.edu.pl\/wf\/magnet\/wp-json\/wp\/v2\/tags?post=774"}],"curies":[{"name":"wp","href":"https:\/\/api.w.org\/{rel}","templated":true}]}}