{"id":780,"date":"2021-04-14T11:09:00","date_gmt":"2021-04-14T11:09:00","guid":{"rendered":"https:\/\/physics.uwb.edu.pl\/wf\/magnet\/?page_id=780"},"modified":"2021-04-14T12:13:07","modified_gmt":"2021-04-14T12:13:07","slug":"xlvi-nadzwyczajny-zjazd-fizykow-polskich-ptf-2020","status":"publish","type":"page","link":"https:\/\/physics.uwb.edu.pl\/wf\/magnet\/xlvi-nadzwyczajny-zjazd-fizykow-polskich-ptf-2020\/","title":{"rendered":"XLVI nadzwyczajny zjazd fizyk\u00f3w polskich PTF 2020"},"content":{"rendered":"<h2><a href=\"https:\/\/100lat.ptf.net.pl\/\">100 lat Polskiego Towarzystwa Fizycznego<\/a><\/h2>\n<p><a href=\"https:\/\/100lat.ptf.net.pl\/\">https:\/\/100lat.ptf.net.pl\/<\/a><\/p>\n<p>Obchodzone w roku 2020 stulecie Polskiego Towarzystwa Fizycznego to okazja, by przypomnie\u0107 i podkre\u015bli\u0107, jak wa\u017cne s\u0105 polskie odkrycia i dokonania w dziedzinie \u015bwiatowej fizyki. Naukowcy opowiedz\u0105 o tym podczas pa\u017adziernikowego Nadzwyczajnego Zjazdu Fizyk\u00f3w Polskich (16-18.10.2020 r.).<\/p>\n<p>Katedra Fizyki Magnetyk\u00f3w by\u0142a reprezentowana podczas <a href=\"https:\/\/100lat.ptf.net.pl\/?page=plakaty\">sesji plakatowej<\/a>:<\/p>\n<a href=\"https:\/\/physics.uwb.edu.pl\/wf\/magnet\/wp-content\/uploads\/sites\/16\/2021\/04\/plakat_ZF_PTF_2020-warstwy-YIG-Co.pdf\" class=\"pdfemb-viewer\" style=\"\" data-width=\"max\" data-height=\"max\" data-toolbar=\"bottom\" data-toolbar-fixed=\"off\">plakat_ZF_PTF_2020-warstwy-YIG-Co<\/a>\n<a href=\"https:\/\/physics.uwb.edu.pl\/wf\/magnet\/wp-content\/uploads\/sites\/16\/2021\/04\/plakat_ZF_PTF_2020_-sterowanie-magnetyzmem.pdf\" class=\"pdfemb-viewer\" style=\"\" data-width=\"max\" data-height=\"max\" data-toolbar=\"bottom\" data-toolbar-fixed=\"off\">plakat_ZF_PTF_2020_-sterowanie-magnetyzmem<\/a>\n","protected":false},"excerpt":{"rendered":"<p>100 lat Polskiego Towarzystwa Fizycznego https:\/\/100lat.ptf.net.pl\/ Obchodzone w roku 2020 stulecie Polskiego Towarzystwa Fizycznego to okazja, by przypomnie\u0107 i podkre\u015bli\u0107, jak wa\u017cne s\u0105 polskie odkrycia i dokonania w dziedzinie \u015bwiatowej fizyki. Naukowcy opowiedz\u0105 o tym podczas pa\u017adziernikowego Nadzwyczajnego Zjazdu Fizyk\u00f3w Polskich (16-18.10.2020 r.). Katedra Fizyki Magnetyk\u00f3w by\u0142a reprezentowana podczas sesji plakatowej:<\/p>\n","protected":false},"author":2,"featured_media":0,"parent":0,"menu_order":0,"comment_status":"closed","ping_status":"closed","template":"page-templates\/full-width.php","meta":{"_acf_changed":false,"ngg_post_thumbnail":0,"footnotes":""},"categories":[],"tags":[],"class_list":["post-780","page","type-page","status-publish","hentry"],"acf":[],"_links":{"self":[{"href":"https:\/\/physics.uwb.edu.pl\/wf\/magnet\/wp-json\/wp\/v2\/pages\/780","targetHints":{"allow":["GET"]}}],"collection":[{"href":"https:\/\/physics.uwb.edu.pl\/wf\/magnet\/wp-json\/wp\/v2\/pages"}],"about":[{"href":"https:\/\/physics.uwb.edu.pl\/wf\/magnet\/wp-json\/wp\/v2\/types\/page"}],"author":[{"embeddable":true,"href":"https:\/\/physics.uwb.edu.pl\/wf\/magnet\/wp-json\/wp\/v2\/users\/2"}],"replies":[{"embeddable":true,"href":"https:\/\/physics.uwb.edu.pl\/wf\/magnet\/wp-json\/wp\/v2\/comments?post=780"}],"version-history":[{"count":8,"href":"https:\/\/physics.uwb.edu.pl\/wf\/magnet\/wp-json\/wp\/v2\/pages\/780\/revisions"}],"predecessor-version":[{"id":796,"href":"https:\/\/physics.uwb.edu.pl\/wf\/magnet\/wp-json\/wp\/v2\/pages\/780\/revisions\/796"}],"wp:attachment":[{"href":"https:\/\/physics.uwb.edu.pl\/wf\/magnet\/wp-json\/wp\/v2\/media?parent=780"}],"wp:term":[{"taxonomy":"category","embeddable":true,"href":"https:\/\/physics.uwb.edu.pl\/wf\/magnet\/wp-json\/wp\/v2\/categories?post=780"},{"taxonomy":"post_tag","embeddable":true,"href":"https:\/\/physics.uwb.edu.pl\/wf\/magnet\/wp-json\/wp\/v2\/tags?post=780"}],"curies":[{"name":"wp","href":"https:\/\/api.w.org\/{rel}","templated":true}]}}