{"id":91,"date":"2018-01-02T11:26:21","date_gmt":"2018-01-02T11:26:21","guid":{"rendered":"http:\/\/physics.uwb.edu.pl\/wf\/magnet\/?page_id=91"},"modified":"2023-12-14T12:28:22","modified_gmt":"2023-12-14T12:28:22","slug":"aparatura","status":"publish","type":"page","link":"https:\/\/physics.uwb.edu.pl\/wf\/magnet\/aparatura\/","title":{"rendered":"Aparatura"},"content":{"rendered":"<ul>\n<li><a href=\"https:\/\/physics.uwb.edu.pl\/wf\/magnet\/aparatura\/magnetooptyczne-laboratorium-bazujace-na-laserach-femtosekundowych\/\">Magnetooptyczne laboratorium bazuj\u0105ce na laserach femtosekundowych<\/a><\/li>\n<li><a href=\"https:\/\/physics.uwb.edu.pl\/wf\/magnet\/aparatura\/uklady-mikroskopow-ze-skanujaca-sonda\/\">Uk\u0142ady mikroskop\u00f3w ze skanuj\u0105c\u0105 sond\u0105<\/a><\/li>\n<li><a href=\"https:\/\/physics.uwb.edu.pl\/wf\/magnet\/magnetooptyczny-magnetometr-kerra-o-wysokiej-czulosci\/\">Magnetooptyczny magnetometr Kerra o wysokiej czu\u0142o\u015bci<\/a><\/li>\n<li><a href=\"https:\/\/physics.uwb.edu.pl\/wf\/magnet\/aparatura\/magnetometry-bazujace-na-optycznych-mikroskopach-polaryzacyjnych\/\">Magnetometry bazuj\u0105ce na optycznych mikroskopach polaryzacyjnych<\/a><\/li>\n<li><a href=\"https:\/\/physics.uwb.edu.pl\/wf\/magnet\/aparatura\/uklad-generacji-pola-magnetycznego-3d-do-badan-magnetooptycznych\/\">Uk\u0142ad generacji pola magnetycznego 3D do bada\u0144 magnetooptycznych<\/a><\/li>\n<li><a href=\"https:\/\/physics.uwb.edu.pl\/wf\/magnet\/aparatura\/spektrometr-rozpraszania-swiatla-brillouina-z-rozdzielczoscia-czasowa-i-przestrzenna\/\">Spektrometr rozpraszania \u015bwiat\u0142a Brillouina z rozdzielczo\u015bci\u0105 czasow\u0105 i przestrzenn\u0105<\/a><\/li>\n<li><a href=\"https:\/\/physics.uwb.edu.pl\/wf\/magnet\/aparatura\/kriostat-pracujacy-w-obiegu-zamknietym-do-badan-magnetooptycznych\/\">Kriostat pracuj\u0105cy w obiegu zamkni\u0119tym do bada\u0144 magnetooptycznych<\/a><\/li>\n<li><a href=\"https:\/\/physics.uwb.edu.pl\/wf\/magnet\/aparatura\/spektrometr-rezonansu-ferromagnetycznego\/\">Spektrometr rezonansu ferromagnetycznego<\/a><\/li>\n<li><a href=\"https:\/\/physics.uwb.edu.pl\/wf\/magnet\/aparatura\/spektrometr-rezonansu-ferromagnetycznego-oparty-o-vna-vna-fmr\/\">Spektrometr rezonansu ferromagnetycznego oparty o VNA (VNA-FMR)<\/a><\/li>\n<li><a href=\"https:\/\/physics.uwb.edu.pl\/wf\/magnet\/femtosecond-lasers-based-magnetooptical-laboratory-2\/\">Laboratorium spektroskopii optycznej i proces\u00f3w ultraszybkich<\/a><\/li>\n<\/ul>\n","protected":false},"excerpt":{"rendered":"<p>Magnetooptyczne laboratorium bazuj\u0105ce na laserach femtosekundowych Uk\u0142ady mikroskop\u00f3w ze skanuj\u0105c\u0105 sond\u0105 Magnetooptyczny magnetometr Kerra o wysokiej czu\u0142o\u015bci Magnetometry bazuj\u0105ce na optycznych mikroskopach polaryzacyjnych Uk\u0142ad generacji pola magnetycznego 3D do bada\u0144 magnetooptycznych Spektrometr rozpraszania \u015bwiat\u0142a Brillouina z rozdzielczo\u015bci\u0105 czasow\u0105 i przestrzenn\u0105 Kriostat pracuj\u0105cy w obiegu zamkni\u0119tym do bada\u0144 magnetooptycznych Spektrometr rezonansu ferromagnetycznego Spektrometr rezonansu ferromagnetycznego oparty &hellip; <a href=\"https:\/\/physics.uwb.edu.pl\/wf\/magnet\/aparatura\/\" class=\"more-link\">Czytaj dalej <span class=\"screen-reader-text\">Aparatura<\/span> <span class=\"meta-nav\">&rarr;<\/span><\/a><\/p>\n","protected":false},"author":2,"featured_media":0,"parent":0,"menu_order":0,"comment_status":"closed","ping_status":"closed","template":"","meta":{"_acf_changed":false,"ngg_post_thumbnail":0,"footnotes":""},"categories":[],"tags":[],"class_list":["post-91","page","type-page","status-publish","hentry"],"acf":[],"_links":{"self":[{"href":"https:\/\/physics.uwb.edu.pl\/wf\/magnet\/wp-json\/wp\/v2\/pages\/91","targetHints":{"allow":["GET"]}}],"collection":[{"href":"https:\/\/physics.uwb.edu.pl\/wf\/magnet\/wp-json\/wp\/v2\/pages"}],"about":[{"href":"https:\/\/physics.uwb.edu.pl\/wf\/magnet\/wp-json\/wp\/v2\/types\/page"}],"author":[{"embeddable":true,"href":"https:\/\/physics.uwb.edu.pl\/wf\/magnet\/wp-json\/wp\/v2\/users\/2"}],"replies":[{"embeddable":true,"href":"https:\/\/physics.uwb.edu.pl\/wf\/magnet\/wp-json\/wp\/v2\/comments?post=91"}],"version-history":[{"count":10,"href":"https:\/\/physics.uwb.edu.pl\/wf\/magnet\/wp-json\/wp\/v2\/pages\/91\/revisions"}],"predecessor-version":[{"id":838,"href":"https:\/\/physics.uwb.edu.pl\/wf\/magnet\/wp-json\/wp\/v2\/pages\/91\/revisions\/838"}],"wp:attachment":[{"href":"https:\/\/physics.uwb.edu.pl\/wf\/magnet\/wp-json\/wp\/v2\/media?parent=91"}],"wp:term":[{"taxonomy":"category","embeddable":true,"href":"https:\/\/physics.uwb.edu.pl\/wf\/magnet\/wp-json\/wp\/v2\/categories?post=91"},{"taxonomy":"post_tag","embeddable":true,"href":"https:\/\/physics.uwb.edu.pl\/wf\/magnet\/wp-json\/wp\/v2\/tags?post=91"}],"curies":[{"name":"wp","href":"https:\/\/api.w.org\/{rel}","templated":true}]}}