{"id":59,"date":"2016-09-01T11:46:36","date_gmt":"2016-09-01T11:46:36","guid":{"rendered":"http:\/\/physics.uwb.edu.pl\/wf\/ossm2018\/?page_id=59"},"modified":"2018-01-30T09:10:24","modified_gmt":"2018-01-30T09:10:24","slug":"komitet-naukowy","status":"publish","type":"page","link":"https:\/\/physics.uwb.edu.pl\/wf\/ossm2018\/","title":{"rendered":"zaproszenie"},"content":{"rendered":"<div id=\"pl-59\" class=\"panel-layout\">\n<div id=\"pg-59-0\" class=\"panel-grid panel-no-style\">\n<div id=\"pgc-59-0-0\" class=\"panel-grid-cell\">\n<div id=\"panel-59-0-0-0\" class=\"so-panel widget widget_sow-editor panel-first-child panel-last-child\">\n<div class=\"so-widget-sow-editor so-widget-sow-editor-base\">\n<div class=\"siteorigin-widget-tinymce textwidget\">\n<p>\u00a0<\/p>\n<p>Zapraszamy do udzia\u0142u w XII Og\u00f3lnopolskim Seminarium Spektroskopii M\u00f6ssbauerowskiej, organizowanym przez Wydzia\u0142 Fizyki Uniwersytetu w Bia\u0142ymstoku i wsp\u00f3\u0142organizowanym przez Oddzia\u0142 Polskiej Akademii Nauk w Olsztynie i w Bia\u0142ymstoku z siedzib\u0105 w Olsztynie.<br \/> Seminarium to ma bogat\u0105 tradycj\u0119, zosta\u0142o zapocz\u0105tkowane przez profesora Mieczys\u0142awa Budzy\u0144skiego z UMCS w Lublinie w roku 1996. Seminarium organizowane jest co dwa lata przez inny o\u015brodek zajmuj\u0105cy si\u0119 spektroskopi\u0105 M\u00f6ssbauerowsk\u0105. Do tej pory OSSM organizowane by\u0142o w kolejno\u015bci przez o\u015brodki znajduj\u0105ce si\u0119 w Lublinie (1996), Wroc\u0142awiu (Sob\u00f3tka G\u00f3rka, 1998), Radomiu ( Zbo\u017cenna, 2000), Bia\u0142ymstoku (Goni\u0105dz, 2002), Katowicach (Wis\u0142a, 2004) Cz\u0119stochowie (Kosz\u0119cin, 2006), Krakowie (Koninki, 2008), Warszawie (2010), Lublinie (Kazimierz Dolny, 2012), Wroc\u0142awiu (Paw\u0142owice, 2014), Radomiu (Turno, 2016). Materia\u0142y konferencyjne wydawane s\u0105 tradycyjnie w regularnym, recenzowanym czasopismie angloj\u0119zycznym o zasi\u0119gu mi\u0119dzynarodowym. W roku 2018 materia\u0142y planujemy wyda\u0107 w Acta Physica Polonica.<br \/> Mamy nadziej\u0119, \u017ce w malowniczo po\u0142o\u017conym o\u015brodku w Goni\u0105dzu, sp\u0119dzicie Pa\u0144stwo czas owocnie, uczestnicz\u0105c w konferencji naukowej oraz zrelaksujecie si\u0119 w wolnych chwilach, ch\u0142on\u0105c uroki Biebrza\u0144skiego Parku Narodowego.<\/p>\n<p>Zapraszamy do odwiedzenia stron <a href=\"http:\/\/www.ptsm-mossbauer.us.edu.pl\/\">Polskiego Towarzystwa Spektroskopii M\u00f6ssbauerowskiej<\/a>.<\/p>\n<p>\u00a0<\/p>\n<p>\u00a0<\/p>\n<\/div>\n<\/div>\n<\/div>\n<\/div>\n<\/div>\n<\/div>\n","protected":false},"excerpt":{"rendered":"<p>\u00a0 Zapraszamy do udzia\u0142u w XII Og\u00f3lnopolskim Seminarium Spektroskopii M\u00f6ssbauerowskiej, organizowanym przez Wydzia\u0142 Fizyki Uniwersytetu w Bia\u0142ymstoku i wsp\u00f3\u0142organizowanym przez Oddzia\u0142 Polskiej Akademii Nauk w Olsztynie i w Bia\u0142ymstoku z siedzib\u0105 w Olsztynie. Seminarium to ma bogat\u0105 tradycj\u0119, zosta\u0142o zapocz\u0105tkowane przez profesora Mieczys\u0142awa Budzy\u0144skiego z UMCS w Lublinie w roku 1996. Seminarium organizowane jest co [&hellip;]<\/p>\n","protected":false},"author":7,"featured_media":0,"parent":0,"menu_order":0,"comment_status":"closed","ping_status":"closed","template":"","meta":{"ngg_post_thumbnail":0,"footnotes":""},"class_list":["post-59","page","type-page","status-publish","hentry"],"_links":{"self":[{"href":"https:\/\/physics.uwb.edu.pl\/wf\/ossm2018\/wp-json\/wp\/v2\/pages\/59","targetHints":{"allow":["GET"]}}],"collection":[{"href":"https:\/\/physics.uwb.edu.pl\/wf\/ossm2018\/wp-json\/wp\/v2\/pages"}],"about":[{"href":"https:\/\/physics.uwb.edu.pl\/wf\/ossm2018\/wp-json\/wp\/v2\/types\/page"}],"author":[{"embeddable":true,"href":"https:\/\/physics.uwb.edu.pl\/wf\/ossm2018\/wp-json\/wp\/v2\/users\/7"}],"replies":[{"embeddable":true,"href":"https:\/\/physics.uwb.edu.pl\/wf\/ossm2018\/wp-json\/wp\/v2\/comments?post=59"}],"version-history":[{"count":65,"href":"https:\/\/physics.uwb.edu.pl\/wf\/ossm2018\/wp-json\/wp\/v2\/pages\/59\/revisions"}],"predecessor-version":[{"id":1280,"href":"https:\/\/physics.uwb.edu.pl\/wf\/ossm2018\/wp-json\/wp\/v2\/pages\/59\/revisions\/1280"}],"wp:attachment":[{"href":"https:\/\/physics.uwb.edu.pl\/wf\/ossm2018\/wp-json\/wp\/v2\/media?parent=59"}],"curies":[{"name":"wp","href":"https:\/\/api.w.org\/{rel}","templated":true}]}}