{"id":132,"date":"2021-10-14T17:42:18","date_gmt":"2021-10-14T17:42:18","guid":{"rendered":"https:\/\/physics.uwb.edu.pl\/wf\/ptf\/?page_id=132"},"modified":"2023-10-13T12:27:33","modified_gmt":"2023-10-13T12:27:33","slug":"warunki-przystapienia-do-ptf","status":"publish","type":"page","link":"https:\/\/physics.uwb.edu.pl\/wf\/ptf\/warunki-przystapienia-do-ptf\/","title":{"rendered":"Warunki przyst\u0105pienia do PTF"},"content":{"rendered":"\n<p>Aby wst\u0105pi\u0107 do PTF nale\u017cy wype\u0142ni\u0107 deklaracj\u0119 cz\u0142onkowsk\u0105 i z\u0142o\u017cy\u0107 j\u0105 w wybranym oddziale PTF. Potrzebne s\u0105 podpisy dw\u00f3ch cz\u0142onk\u00f3w wprowadzaj\u0105cych. Decyzj\u0119 o przyj\u0119ciu cz\u0142onka podejmuje zarz\u0105d danego oddzia\u0142u PTF. Kopia deklaracji cz\u0142onkowskiej jest nast\u0119pnie przesy\u0142ana do Zarz\u0105du G\u0142\u00f3wnego PTF, kt\u00f3ry przydziela nowemu cz\u0142onkowi unikalny numer cz\u0142onkowski i tworzy dla niego profil cz\u0142onkowski w portalu PTF. Zarz\u0105d G\u0142\u00f3wny potwierdza fakt uzyskania cz\u0142onkostwa PTF po op\u0142aceniu sk\u0142adki cz\u0142onkowskiej.<\/p>\n\n\n\n<p>Deklaracja cz\u0142onkowska w formie interaktywnego formularza PDF jest zamieszczona poni\u017cej, prosimy wype\u0142ni\u0107 j\u0105 na komputerze dla unikni\u0119cia pomy\u0142ek w nazwiskach i adresach e-mailowych.<\/p>\n\n\n\n<p><a href=\"https:\/\/physics.uwb.edu.pl\/wf\/ptf\/wp-content\/uploads\/sites\/24\/2023\/09\/Deklaracja-Czlonkowska-PTF.pdf\">Deklaracja Cz\u0142onkowska PTF<\/a><\/p>\n","protected":false},"excerpt":{"rendered":"<p>Aby wst\u0105pi\u0107 do PTF nale\u017cy wype\u0142ni\u0107 deklaracj\u0119 cz\u0142onkowsk\u0105 i z\u0142o\u017cy\u0107 j\u0105 w wybranym oddziale PTF. Potrzebne s\u0105 podpisy dw\u00f3ch cz\u0142onk\u00f3w wprowadzaj\u0105cych. Decyzj\u0119 o przyj\u0119ciu cz\u0142onka podejmuje zarz\u0105d danego oddzia\u0142u PTF. Kopia deklaracji cz\u0142onkowskiej jest nast\u0119pnie przesy\u0142ana do Zarz\u0105du G\u0142\u00f3wnego PTF, kt\u00f3ry przydziela nowemu cz\u0142onkowi unikalny numer cz\u0142onkowski i tworzy dla niego profil cz\u0142onkowski w portalu [&hellip;]<\/p>\n","protected":false},"author":25,"featured_media":0,"parent":0,"menu_order":0,"comment_status":"closed","ping_status":"closed","template":"","meta":{"site-sidebar-layout":"default","site-content-layout":"","ast-site-content-layout":"default","site-content-style":"default","site-sidebar-style":"default","ast-global-header-display":"","ast-banner-title-visibility":"","ast-main-header-display":"","ast-hfb-above-header-display":"","ast-hfb-below-header-display":"","ast-hfb-mobile-header-display":"","site-post-title":"","ast-breadcrumbs-content":"","ast-featured-img":"","footer-sml-layout":"","ast-disable-related-posts":"","theme-transparent-header-meta":"","adv-header-id-meta":"","stick-header-meta":"","header-above-stick-meta":"","header-main-stick-meta":"","header-below-stick-meta":"","astra-migrate-meta-layouts":"set","ast-page-background-enabled":"default","ast-page-background-meta":{"desktop":{"background-color":"var(--ast-global-color-4)","background-image":"","background-repeat":"repeat","background-position":"center center","background-size":"auto","background-attachment":"scroll","background-type":"","background-media":"","overlay-type":"","overlay-color":"","overlay-opacity":"","overlay-gradient":""},"tablet":{"background-color":"","background-image":"","background-repeat":"repeat","background-position":"center center","background-size":"auto","background-attachment":"scroll","background-type":"","background-media":"","overlay-type":"","overlay-color":"","overlay-opacity":"","overlay-gradient":""},"mobile":{"background-color":"","background-image":"","background-repeat":"repeat","background-position":"center center","background-size":"auto","background-attachment":"scroll","background-type":"","background-media":"","overlay-type":"","overlay-color":"","overlay-opacity":"","overlay-gradient":""}},"ast-content-background-meta":{"desktop":{"background-color":"var(--ast-global-color-5)","background-image":"","background-repeat":"repeat","background-position":"center center","background-size":"auto","background-attachment":"scroll","background-type":"","background-media":"","overlay-type":"","overlay-color":"","overlay-opacity":"","overlay-gradient":""},"tablet":{"background-color":"var(--ast-global-color-5)","background-image":"","background-repeat":"repeat","background-position":"center center","background-size":"auto","background-attachment":"scroll","background-type":"","background-media":"","overlay-type":"","overlay-color":"","overlay-opacity":"","overlay-gradient":""},"mobile":{"background-color":"var(--ast-global-color-5)","background-image":"","background-repeat":"repeat","background-position":"center center","background-size":"auto","background-attachment":"scroll","background-type":"","background-media":"","overlay-type":"","overlay-color":"","overlay-opacity":"","overlay-gradient":""}},"ngg_post_thumbnail":0,"footnotes":""},"class_list":["post-132","page","type-page","status-publish","hentry"],"_links":{"self":[{"href":"https:\/\/physics.uwb.edu.pl\/wf\/ptf\/wp-json\/wp\/v2\/pages\/132","targetHints":{"allow":["GET"]}}],"collection":[{"href":"https:\/\/physics.uwb.edu.pl\/wf\/ptf\/wp-json\/wp\/v2\/pages"}],"about":[{"href":"https:\/\/physics.uwb.edu.pl\/wf\/ptf\/wp-json\/wp\/v2\/types\/page"}],"author":[{"embeddable":true,"href":"https:\/\/physics.uwb.edu.pl\/wf\/ptf\/wp-json\/wp\/v2\/users\/25"}],"replies":[{"embeddable":true,"href":"https:\/\/physics.uwb.edu.pl\/wf\/ptf\/wp-json\/wp\/v2\/comments?post=132"}],"version-history":[{"count":5,"href":"https:\/\/physics.uwb.edu.pl\/wf\/ptf\/wp-json\/wp\/v2\/pages\/132\/revisions"}],"predecessor-version":[{"id":736,"href":"https:\/\/physics.uwb.edu.pl\/wf\/ptf\/wp-json\/wp\/v2\/pages\/132\/revisions\/736"}],"wp:attachment":[{"href":"https:\/\/physics.uwb.edu.pl\/wf\/ptf\/wp-json\/wp\/v2\/media?parent=132"}],"curies":[{"name":"wp","href":"https:\/\/api.w.org\/{rel}","templated":true}]}}