{"id":140,"date":"2021-10-14T17:49:27","date_gmt":"2021-10-14T17:49:27","guid":{"rendered":"https:\/\/physics.uwb.edu.pl\/wf\/ptf\/?page_id=140"},"modified":"2024-01-15T08:55:44","modified_gmt":"2024-01-15T08:55:44","slug":"skladka","status":"publish","type":"page","link":"https:\/\/physics.uwb.edu.pl\/wf\/ptf\/skladka\/","title":{"rendered":"Sk\u0142adki cz\u0142onkowskie"},"content":{"rendered":"\n<h1 class=\"wp-block-heading\"><strong>Sposoby uiszczania sk\u0142adek:<\/strong><\/h1>\n\n\n\n<p class=\"has-black-color has-text-color\">Preferowanym sposobem uiszczania sk\u0142adki jest p\u0142atno\u015b\u0107 automatyczna za po\u015brednictwem portalu Autopay. Aby wnie\u015b\u0107 op\u0142at\u0119 tym sposobem, po wej\u015bciu na stron\u0119 <a href=\"http:\/\/ptf.net.pl\/\">http:\/\/ptf.net.pl\/<\/a> nale\u017cy zalogowa\u0107 si\u0119 do swojego profilu cz\u0142onkowskiego przez naci\u015bni\u0119cie przycisku &#8222;Zaloguj&#8221; w prawym g\u00f3rnym roku strony i post\u0119powa\u0107 zgodnie z zamieszczon\u0105 instrukcj\u0105:<\/p>\n\n\n\n<p class=\"has-text-align-center\"><a href=\"https:\/\/physics.uwb.edu.pl\/wf\/ptf\/wp-content\/uploads\/sites\/24\/2023\/09\/Instrukcja_oplaty_skladki_czlonkowskiej.pdf\">Instrukcja op\u0142aty sk\u0142adki cz\u0142onkowskiej<\/a><\/p>\n\n\n\n<p>Innym sposobem uiszczenia sk\u0142adki jest wniesienia op\u0142aty bezpo\u015brednim przelewem na wydzielone subkonto sk\u0142adkowe PTF w Banku Handlowym (prosimy nie wnosi\u0107 innych op\u0142at na to konto!):&nbsp;<\/p>\n\n\n\n<p class=\"has-text-align-center\"><strong>50 1030 0019 0109 8533 0003 8362<\/strong><\/p>\n\n\n\n<p>kt\u00f3rego w\u0142a\u015bcicielem jest: Polskie Towarzystwo Fizyczne, 02-093 Warszawa, ul. Pasteura 5.<\/p>\n\n\n\n<p>W opisie przelewu nale\u017cy poda\u0107 imi\u0119 i nazwisko cz\u0142onka oraz rok, za kt\u00f3ry jest wp\u0142acana sk\u0142adka. Dodatkowym u\u0142atwieniem w identyfikacji wp\u0142aty jest podanie numeru cz\u0142onkowskiego.<\/p>\n\n\n\n<h1 class=\"wp-block-heading\"><strong>Wysoko\u015b\u0107 sk\u0142adek cz\u0142onkowskich&nbsp;<\/strong><\/h1>\n\n\n\n<p>Zgodnie z uchwa\u0142\u0105 Zarz\u0105du G\u0142\u00f3wnego Polskiego Towarzystwa Fizycznego z dnia 22 stycznia 2013 roku uczniowie, studenci i doktoranci przyjmowani po raz pierwszy do PTF-u przez dwa lata od chwili przyj\u0119cia p\u0142ac\u0105 obni\u017con\u0105 sk\u0142adk\u0119 w wysoko\u015bci 10 z\u0142.<\/p>\n\n\n\n<p>Wysoko\u015bci sk\u0142adek dla pozosta\u0142ych cz\u0142onk\u00f3w s\u0105 nast\u0119puj\u0105ce:<\/p>\n\n\n\n<figure class=\"wp-block-table\"><table><tbody><tr><td>osoby nieposiadaj\u0105ce stopnia naukowego doktora<\/td><td>40 z\u0142<\/td><\/tr><tr><td>osoby posiadaj\u0105ce stopie\u0144 naukowy doktora<\/td><td>80 z\u0142<\/td><\/tr><tr><td>osoby posiadaj\u0105ce stopie\u0144 naukowy dr hab. lub tytu\u0142 profesora<\/td><td>120 z\u0142<\/td><\/tr><tr><td>emeryci<\/td><td>40 z\u0142<\/td><\/tr><\/tbody><\/table><\/figure>\n\n\n\n<p>Sk\u0142adka powinna by\u0107 op\u0142acona jednorazowo do 31 marca danego roku kalendarzowego.<\/p>\n\n\n\n<p><\/p>\n","protected":false},"excerpt":{"rendered":"<p>Sposoby uiszczania sk\u0142adek: Preferowanym sposobem uiszczania sk\u0142adki jest p\u0142atno\u015b\u0107 automatyczna za po\u015brednictwem portalu Autopay. Aby wnie\u015b\u0107 op\u0142at\u0119 tym sposobem, po wej\u015bciu na stron\u0119 http:\/\/ptf.net.pl\/ nale\u017cy zalogowa\u0107 si\u0119 do swojego profilu cz\u0142onkowskiego przez naci\u015bni\u0119cie przycisku &#8222;Zaloguj&#8221; w prawym g\u00f3rnym roku strony i post\u0119powa\u0107 zgodnie z zamieszczon\u0105 instrukcj\u0105: Instrukcja op\u0142aty sk\u0142adki cz\u0142onkowskiej Innym sposobem uiszczenia sk\u0142adki jest [&hellip;]<\/p>\n","protected":false},"author":25,"featured_media":0,"parent":0,"menu_order":0,"comment_status":"closed","ping_status":"closed","template":"","meta":{"site-sidebar-layout":"default","site-content-layout":"","ast-site-content-layout":"default","site-content-style":"default","site-sidebar-style":"default","ast-global-header-display":"","ast-banner-title-visibility":"","ast-main-header-display":"","ast-hfb-above-header-display":"","ast-hfb-below-header-display":"","ast-hfb-mobile-header-display":"","site-post-title":"","ast-breadcrumbs-content":"","ast-featured-img":"","footer-sml-layout":"","ast-disable-related-posts":"","theme-transparent-header-meta":"","adv-header-id-meta":"","stick-header-meta":"","header-above-stick-meta":"","header-main-stick-meta":"","header-below-stick-meta":"","astra-migrate-meta-layouts":"set","ast-page-background-enabled":"default","ast-page-background-meta":{"desktop":{"background-color":"var(--ast-global-color-4)","background-image":"","background-repeat":"repeat","background-position":"center center","background-size":"auto","background-attachment":"scroll","background-type":"","background-media":"","overlay-type":"","overlay-color":"","overlay-opacity":"","overlay-gradient":""},"tablet":{"background-color":"","background-image":"","background-repeat":"repeat","background-position":"center center","background-size":"auto","background-attachment":"scroll","background-type":"","background-media":"","overlay-type":"","overlay-color":"","overlay-opacity":"","overlay-gradient":""},"mobile":{"background-color":"","background-image":"","background-repeat":"repeat","background-position":"center center","background-size":"auto","background-attachment":"scroll","background-type":"","background-media":"","overlay-type":"","overlay-color":"","overlay-opacity":"","overlay-gradient":""}},"ast-content-background-meta":{"desktop":{"background-color":"var(--ast-global-color-5)","background-image":"","background-repeat":"repeat","background-position":"center center","background-size":"auto","background-attachment":"scroll","background-type":"","background-media":"","overlay-type":"","overlay-color":"","overlay-opacity":"","overlay-gradient":""},"tablet":{"background-color":"var(--ast-global-color-5)","background-image":"","background-repeat":"repeat","background-position":"center center","background-size":"auto","background-attachment":"scroll","background-type":"","background-media":"","overlay-type":"","overlay-color":"","overlay-opacity":"","overlay-gradient":""},"mobile":{"background-color":"var(--ast-global-color-5)","background-image":"","background-repeat":"repeat","background-position":"center center","background-size":"auto","background-attachment":"scroll","background-type":"","background-media":"","overlay-type":"","overlay-color":"","overlay-opacity":"","overlay-gradient":""}},"ngg_post_thumbnail":0,"footnotes":""},"class_list":["post-140","page","type-page","status-publish","hentry"],"_links":{"self":[{"href":"https:\/\/physics.uwb.edu.pl\/wf\/ptf\/wp-json\/wp\/v2\/pages\/140","targetHints":{"allow":["GET"]}}],"collection":[{"href":"https:\/\/physics.uwb.edu.pl\/wf\/ptf\/wp-json\/wp\/v2\/pages"}],"about":[{"href":"https:\/\/physics.uwb.edu.pl\/wf\/ptf\/wp-json\/wp\/v2\/types\/page"}],"author":[{"embeddable":true,"href":"https:\/\/physics.uwb.edu.pl\/wf\/ptf\/wp-json\/wp\/v2\/users\/25"}],"replies":[{"embeddable":true,"href":"https:\/\/physics.uwb.edu.pl\/wf\/ptf\/wp-json\/wp\/v2\/comments?post=140"}],"version-history":[{"count":11,"href":"https:\/\/physics.uwb.edu.pl\/wf\/ptf\/wp-json\/wp\/v2\/pages\/140\/revisions"}],"predecessor-version":[{"id":865,"href":"https:\/\/physics.uwb.edu.pl\/wf\/ptf\/wp-json\/wp\/v2\/pages\/140\/revisions\/865"}],"wp:attachment":[{"href":"https:\/\/physics.uwb.edu.pl\/wf\/ptf\/wp-json\/wp\/v2\/media?parent=140"}],"curies":[{"name":"wp","href":"https:\/\/api.w.org\/{rel}","templated":true}]}}