{"id":326,"date":"2021-11-12T20:31:07","date_gmt":"2021-11-12T20:31:07","guid":{"rendered":"https:\/\/physics.uwb.edu.pl\/wf\/ptf\/?page_id=326"},"modified":"2023-09-20T08:24:33","modified_gmt":"2023-09-20T08:24:33","slug":"cele-ptf","status":"publish","type":"page","link":"https:\/\/physics.uwb.edu.pl\/wf\/ptf\/cele-ptf\/","title":{"rendered":"Cele PTF"},"content":{"rendered":"\n<h1 class=\"wp-block-heading\"><strong>Cele Polskiego Towarzystwa Fizycznego:<\/strong><\/h1>\n\n\n\n<ul class=\"wp-block-list\">\n<li>upowszechnianie fizyki i nauk pokrewnych, podnoszenie og\u00f3lnego poziomu wiedzy fizycznej w spo\u0142ecze\u0144stwie oraz popieranie rozwoju fizyki w Polsce,<\/li>\n\n\n\n<li>rozwijanie wi\u0119zi mi\u0119dzy fizykami zatrudnionymi w o\u015bwiacie, w nauce oraz w r\u00f3\u017cnych ga\u0142\u0119ziach gospodarki,<\/li>\n\n\n\n<li>reprezentowanie \u015brodowiska fizyk\u00f3w w spo\u0142ecze\u0144stwie, wobec organ\u00f3w pa\u0144stwowych, samorz\u0105dowych, a tak\u017ce innych organizacji publicznych i prywatnych w kraju oraz za granic\u0105.<\/li>\n<\/ul>\n\n\n\n<h1 class=\"wp-block-heading\"><strong>Cele realizowane s\u0105 w szczeg\u00f3lno\u015bci przez:<\/strong><\/h1>\n\n\n\n<ul class=\"wp-block-list\">\n<li>wspieranie lub organizowanie bada\u0144 w dziedzinie fizyki, ich nagradzanie oraz upowszechnianie,<\/li>\n\n\n\n<li>dzia\u0142alno\u015b\u0107 wydawnicz\u0105 z dziedziny fizyki i jej zastosowa\u0144,<\/li>\n\n\n\n<li>popieranie i nagradzanie dzia\u0142alno\u015bci dydaktycznej zwi\u0105zanej z nauczaniem fizyki na wszystkich poziomach,<\/li>\n\n\n\n<li>wspieranie popularyzacji fizyki i jej osi\u0105gni\u0119\u0107,<\/li>\n\n\n\n<li>organizowanie i rozwijanie wsp\u00f3\u0142pracy z krajowymi i zagranicznymi instytucjami i towarzystwami naukowymi.<\/li>\n<\/ul>\n\n\n\n<p>Wi\u0119cej informacji na stronie g\u0142\u00f3wnej Polskiego Towarzystwa Fizycznego: <a href=\"http:\/\/www.ptf.net.pl\">http:\/\/www.ptf.net.pl<\/a><\/p>\n","protected":false},"excerpt":{"rendered":"<p>Cele Polskiego Towarzystwa Fizycznego: Cele realizowane s\u0105 w szczeg\u00f3lno\u015bci przez: Wi\u0119cej informacji na stronie g\u0142\u00f3wnej Polskiego Towarzystwa Fizycznego: http:\/\/www.ptf.net.pl<\/p>\n","protected":false},"author":25,"featured_media":0,"parent":0,"menu_order":0,"comment_status":"closed","ping_status":"closed","template":"","meta":{"site-sidebar-layout":"default","site-content-layout":"","ast-site-content-layout":"default","site-content-style":"default","site-sidebar-style":"default","ast-global-header-display":"","ast-banner-title-visibility":"","ast-main-header-display":"","ast-hfb-above-header-display":"","ast-hfb-below-header-display":"","ast-hfb-mobile-header-display":"","site-post-title":"","ast-breadcrumbs-content":"","ast-featured-img":"","footer-sml-layout":"","ast-disable-related-posts":"","theme-transparent-header-meta":"","adv-header-id-meta":"","stick-header-meta":"","header-above-stick-meta":"","header-main-stick-meta":"","header-below-stick-meta":"","astra-migrate-meta-layouts":"set","ast-page-background-enabled":"default","ast-page-background-meta":{"desktop":{"background-color":"var(--ast-global-color-4)","background-image":"","background-repeat":"repeat","background-position":"center center","background-size":"auto","background-attachment":"scroll","background-type":"","background-media":"","overlay-type":"","overlay-color":"","overlay-opacity":"","overlay-gradient":""},"tablet":{"background-color":"","background-image":"","background-repeat":"repeat","background-position":"center center","background-size":"auto","background-attachment":"scroll","background-type":"","background-media":"","overlay-type":"","overlay-color":"","overlay-opacity":"","overlay-gradient":""},"mobile":{"background-color":"","background-image":"","background-repeat":"repeat","background-position":"center center","background-size":"auto","background-attachment":"scroll","background-type":"","background-media":"","overlay-type":"","overlay-color":"","overlay-opacity":"","overlay-gradient":""}},"ast-content-background-meta":{"desktop":{"background-color":"var(--ast-global-color-5)","background-image":"","background-repeat":"repeat","background-position":"center center","background-size":"auto","background-attachment":"scroll","background-type":"","background-media":"","overlay-type":"","overlay-color":"","overlay-opacity":"","overlay-gradient":""},"tablet":{"background-color":"var(--ast-global-color-5)","background-image":"","background-repeat":"repeat","background-position":"center center","background-size":"auto","background-attachment":"scroll","background-type":"","background-media":"","overlay-type":"","overlay-color":"","overlay-opacity":"","overlay-gradient":""},"mobile":{"background-color":"var(--ast-global-color-5)","background-image":"","background-repeat":"repeat","background-position":"center center","background-size":"auto","background-attachment":"scroll","background-type":"","background-media":"","overlay-type":"","overlay-color":"","overlay-opacity":"","overlay-gradient":""}},"ngg_post_thumbnail":0,"footnotes":""},"class_list":["post-326","page","type-page","status-publish","hentry"],"_links":{"self":[{"href":"https:\/\/physics.uwb.edu.pl\/wf\/ptf\/wp-json\/wp\/v2\/pages\/326","targetHints":{"allow":["GET"]}}],"collection":[{"href":"https:\/\/physics.uwb.edu.pl\/wf\/ptf\/wp-json\/wp\/v2\/pages"}],"about":[{"href":"https:\/\/physics.uwb.edu.pl\/wf\/ptf\/wp-json\/wp\/v2\/types\/page"}],"author":[{"embeddable":true,"href":"https:\/\/physics.uwb.edu.pl\/wf\/ptf\/wp-json\/wp\/v2\/users\/25"}],"replies":[{"embeddable":true,"href":"https:\/\/physics.uwb.edu.pl\/wf\/ptf\/wp-json\/wp\/v2\/comments?post=326"}],"version-history":[{"count":3,"href":"https:\/\/physics.uwb.edu.pl\/wf\/ptf\/wp-json\/wp\/v2\/pages\/326\/revisions"}],"predecessor-version":[{"id":417,"href":"https:\/\/physics.uwb.edu.pl\/wf\/ptf\/wp-json\/wp\/v2\/pages\/326\/revisions\/417"}],"wp:attachment":[{"href":"https:\/\/physics.uwb.edu.pl\/wf\/ptf\/wp-json\/wp\/v2\/media?parent=326"}],"curies":[{"name":"wp","href":"https:\/\/api.w.org\/{rel}","templated":true}]}}