{"id":404,"date":"2023-09-20T08:02:00","date_gmt":"2023-09-20T08:02:00","guid":{"rendered":"https:\/\/physics.uwb.edu.pl\/wf\/ptf\/?page_id=404"},"modified":"2023-09-20T12:26:02","modified_gmt":"2023-09-20T12:26:02","slug":"nagrody","status":"publish","type":"page","link":"https:\/\/physics.uwb.edu.pl\/wf\/ptf\/nagrody\/","title":{"rendered":"Nagrody"},"content":{"rendered":"\n<p>Ka\u017cdego roku Polskie Towarzystwo Fizyczne przyznaje:<\/p>\n\n\n\n<ul class=\"wp-block-list\">\n<li><strong>Medal Mariana Smoluchowskiego<\/strong> &#8211; jest to najwy\u017csze odznaczenie nadawane przez Polskie Towarzystwo Fizyczne za osi\u0105gni\u0119cia naukowe w&nbsp;dziedzinie nauk fizycznych,<\/li>\n\n\n\n<li><strong>Nagrod\u0119 Mariana Smoluchowskiego &#8211; Emila Warburga<\/strong> &#8211; przyznawana jest co dwa lata za wybitny osi\u0105gni\u0119cia w&nbsp;dziedzinie fizyki lub jej zastosowa\u0144,<\/li>\n\n\n\n<li><strong>Nagrod\u0119 Naukow\u0105 im. Wojciecha Rubinowicza<\/strong> &#8211; za artyku\u0142 lub seri\u0119 artyku\u0142\u00f3w opublikowanych w okresie pi\u0119ciu lat kalendarzowych poprzedzaj\u0105cych rok z\u0142o\u017cenia wniosku,\n<ul class=\"wp-block-list\">\n<li>2022 &#8211; prof. dr hab. Andrei Stupakevich<\/li>\n<\/ul>\n<\/li>\n\n\n\n<li><strong>Nagrod\u0119 Doktorska im. Zygmunta Florentego Wr\u00f3blewskiego<\/strong> &#8211; za rozpraw\u0119 doktorsk\u0105 obronion\u0105 w roku kalendarzowym poprzedzaj\u0105cym rok z\u0142o\u017cenia wniosku,\n<ul class=\"wp-block-list\">\n<li>2018 &#8211; dr Krzysztof Szerenos<\/li>\n<\/ul>\n<\/li>\n\n\n\n<li><strong>Nagrod\u0119 Magistersk\u0105 im. Arkadiusza Piekary<\/strong> -za prac\u0119 magistersk\u0105 obronion\u0105 w roku kalendarzowym poprzedzaj\u0105cym rok z\u0142o\u017cenia wniosku,<\/li>\n\n\n\n<li><strong>Nagrod\u0119 i Medal za Popularyzacj\u0119 im. Krzysztofa Ernsta<\/strong> -za wybitn\u0105 dzia\u0142alno\u015b\u0107 popularnonaukow\u0105 w okresie trzech lat kalendarzowych poprzedzaj\u0105cych rok z\u0142o\u017cenia wniosku, na kt\u00f3r\u0105 sk\u0142ada si\u0119 publikowanie artyku\u0142\u00f3w lub ksi\u0105\u017cek, wyg\u0142aszanie wyk\u0142ad\u00f3w popularyzuj\u0105cych fizyk\u0119, przygotowywanie audycji radiowych lub telewizyjnych oraz aktywno\u015b\u0107 w internecie o takim charakterze, a tak\u017ce organizowanie publicznych imprez, wystaw, pokaz\u00f3w zwi\u0105zanych z upowszechnianiem fizyki. Nagroda za Popularyzacj\u0119 mo\u017ce by\u0107 przyznana r\u00f3wnie\u017c za d\u0142ugoletni\u0105 wyr\u00f3\u017cniaj\u0105c\u0105 si\u0119 dzia\u0142alno\u015b\u0107 popularnonaukow\u0105,\n<ul class=\"wp-block-list\">\n<li>2023 &#8211; prof. dr hab. Andrzej Maziewski (nagroda zaspo\u0142owa)<\/li>\n\n\n\n<li>2007 &#8211; prof. dr hab. Andrzej Maziewski (nagroda indywidualna)<\/li>\n<\/ul>\n<\/li>\n\n\n\n<li><strong>Nagrod\u0119 za Artyku\u0142 Popularnonaukowy<\/strong> &#8211; za wyr\u00f3\u017cniaj\u0105cy si\u0119 artyku\u0142 popularnonaukowy opublikowany przez obywatela polskiego w ci\u0105gu roku kalendarzowego poprzedzaj\u0105cego rok z\u0142o\u017cenia wniosku,<\/li>\n\n\n\n<li><strong>Nagrod\u0119 im. Grzegorza Bia\u0142kowskiego dla Nauczycieli Fizyki<\/strong> &#8211; za wybitn\u0105 dzia\u0142alno\u015b\u0107 dydaktyczn\u0105 i wychowawcz\u0105 nauczycielom fizyki w szko\u0142ach podstawowych i ponadpodstawowych oraz wychowawcom w plac\u00f3wkach o\u015bwiatowo-wychowawczych i kszta\u0142cenia ustawicznego. Nagroda honoruje ponadstandardowe wyniki nauczania fizyki, autorstwo podr\u0119cznik\u00f3w, autorstwo opracowa\u0144 metodycznych, wprowadzanie innowacyjnych metod nauczania,<\/li>\n\n\n\n<li><strong>Nagrod\u0119 specjaln\u0105<\/strong> &#8211; za szczeg\u00f3lne zas\u0142ugi dla rozwoju organizacji,<\/li>\n\n\n\n<li><strong>Nagrod\u0119 za najlepsz\u0105 prac\u0119 magistersk\u0105 z optyki i fotoniki<\/strong> &#8211; dotyczy prac z zakresu optyki i fotoniki: do\u015bwiadczalnych, teoretycznych i mieszanych. Tematyka prac mo\u017ce obejmowa\u0107 opisy nowych zjawisk, modelowanie, symulacje numeryczne, projektowanie, a tak\u017ce technologie wytwarzania materia\u0142\u00f3w, element\u00f3w, uk\u0142ad\u00f3w i system\u00f3w oraz pomiary ich w\u0142a\u015bciwo\u015bci i zastosowania. Wszystkie prace mieszcz\u0105ce si\u0119 w obszarze optyki i fotoniki s\u0105 traktowane jednakowo, bez preferencji dla wybranych zagadnie\u0144.\n<ul class=\"wp-block-list\">\n<li>2023 &#8211; Mateusz Ko\u0142odziejczyk<\/li>\n<\/ul>\n<\/li>\n<\/ul>\n\n\n\n<p>Szczeg\u00f3\u0142owe zasady przyznawania nagr\u00f3d oraz pe\u0142n\u0105 list\u0119 os\u00f3b nagrodzonych mo\u017cna znale\u017a\u0107 na stronie <a href=\"https:\/\/www.ptf.net.pl\/\">https:\/\/www.ptf.net.pl\/<\/a><\/p>\n","protected":false},"excerpt":{"rendered":"<p>Ka\u017cdego roku Polskie Towarzystwo Fizyczne przyznaje: Szczeg\u00f3\u0142owe zasady przyznawania nagr\u00f3d oraz pe\u0142n\u0105 list\u0119 os\u00f3b nagrodzonych mo\u017cna znale\u017a\u0107 na stronie https:\/\/www.ptf.net.pl\/<\/p>\n","protected":false},"author":25,"featured_media":0,"parent":0,"menu_order":0,"comment_status":"closed","ping_status":"closed","template":"","meta":{"site-sidebar-layout":"default","site-content-layout":"","ast-site-content-layout":"default","site-content-style":"default","site-sidebar-style":"default","ast-global-header-display":"","ast-banner-title-visibility":"","ast-main-header-display":"","ast-hfb-above-header-display":"","ast-hfb-below-header-display":"","ast-hfb-mobile-header-display":"","site-post-title":"","ast-breadcrumbs-content":"","ast-featured-img":"","footer-sml-layout":"","ast-disable-related-posts":"","theme-transparent-header-meta":"","adv-header-id-meta":"","stick-header-meta":"","header-above-stick-meta":"","header-main-stick-meta":"","header-below-stick-meta":"","astra-migrate-meta-layouts":"set","ast-page-background-enabled":"default","ast-page-background-meta":{"desktop":{"background-color":"var(--ast-global-color-4)","background-image":"","background-repeat":"repeat","background-position":"center center","background-size":"auto","background-attachment":"scroll","background-type":"","background-media":"","overlay-type":"","overlay-color":"","overlay-opacity":"","overlay-gradient":""},"tablet":{"background-color":"","background-image":"","background-repeat":"repeat","background-position":"center center","background-size":"auto","background-attachment":"scroll","background-type":"","background-media":"","overlay-type":"","overlay-color":"","overlay-opacity":"","overlay-gradient":""},"mobile":{"background-color":"","background-image":"","background-repeat":"repeat","background-position":"center center","background-size":"auto","background-attachment":"scroll","background-type":"","background-media":"","overlay-type":"","overlay-color":"","overlay-opacity":"","overlay-gradient":""}},"ast-content-background-meta":{"desktop":{"background-color":"var(--ast-global-color-5)","background-image":"","background-repeat":"repeat","background-position":"center center","background-size":"auto","background-attachment":"scroll","background-type":"","background-media":"","overlay-type":"","overlay-color":"","overlay-opacity":"","overlay-gradient":""},"tablet":{"background-color":"var(--ast-global-color-5)","background-image":"","background-repeat":"repeat","background-position":"center center","background-size":"auto","background-attachment":"scroll","background-type":"","background-media":"","overlay-type":"","overlay-color":"","overlay-opacity":"","overlay-gradient":""},"mobile":{"background-color":"var(--ast-global-color-5)","background-image":"","background-repeat":"repeat","background-position":"center center","background-size":"auto","background-attachment":"scroll","background-type":"","background-media":"","overlay-type":"","overlay-color":"","overlay-opacity":"","overlay-gradient":""}},"ngg_post_thumbnail":0,"footnotes":""},"class_list":["post-404","page","type-page","status-publish","hentry"],"_links":{"self":[{"href":"https:\/\/physics.uwb.edu.pl\/wf\/ptf\/wp-json\/wp\/v2\/pages\/404","targetHints":{"allow":["GET"]}}],"collection":[{"href":"https:\/\/physics.uwb.edu.pl\/wf\/ptf\/wp-json\/wp\/v2\/pages"}],"about":[{"href":"https:\/\/physics.uwb.edu.pl\/wf\/ptf\/wp-json\/wp\/v2\/types\/page"}],"author":[{"embeddable":true,"href":"https:\/\/physics.uwb.edu.pl\/wf\/ptf\/wp-json\/wp\/v2\/users\/25"}],"replies":[{"embeddable":true,"href":"https:\/\/physics.uwb.edu.pl\/wf\/ptf\/wp-json\/wp\/v2\/comments?post=404"}],"version-history":[{"count":3,"href":"https:\/\/physics.uwb.edu.pl\/wf\/ptf\/wp-json\/wp\/v2\/pages\/404\/revisions"}],"predecessor-version":[{"id":572,"href":"https:\/\/physics.uwb.edu.pl\/wf\/ptf\/wp-json\/wp\/v2\/pages\/404\/revisions\/572"}],"wp:attachment":[{"href":"https:\/\/physics.uwb.edu.pl\/wf\/ptf\/wp-json\/wp\/v2\/media?parent=404"}],"curies":[{"name":"wp","href":"https:\/\/api.w.org\/{rel}","templated":true}]}}