{"id":51,"date":"2021-10-13T19:45:52","date_gmt":"2021-10-13T19:45:52","guid":{"rendered":"https:\/\/physics.uwb.edu.pl\/wf\/ptf\/?page_id=51"},"modified":"2024-06-25T11:53:05","modified_gmt":"2024-06-25T11:53:05","slug":"zarzad-oddzialu-bialostockiego-polskiego-towarzystwa-fizycznego","status":"publish","type":"page","link":"https:\/\/physics.uwb.edu.pl\/wf\/ptf\/zarzad-oddzialu-bialostockiego-polskiego-towarzystwa-fizycznego\/","title":{"rendered":"Zarz\u0105d Oddzia\u0142u Bia\u0142ostockiego Polskiego Towarzystwa Fizycznego"},"content":{"rendered":"\n<h1 class=\"wp-block-heading\"><strong>Sk\u0142ad Zarz\u0105du:<\/strong><\/h1>\n\n\n\n<ul class=\"wp-block-list\">\n<li>Przewodnicz\u0105cy \u2013 <strong>prof. dr hab. Krzysztof Szyma\u0144ski<\/strong> (Wydzia\u0142 Fizyki UwB)<\/li>\n\n\n\n<li>Sekretarz \u2013 <strong>dr Piotr Zaleski<\/strong><a href=\"http:\/\/physics.uwb.edu.pl\/wf\/?pracownik=piotr-zaleski&amp;lang=pl\"><\/a> (Wydzia\u0142 Fizyki UwB)<\/li>\n\n\n\n<li>Skarbnik \u2013 <strong>dr Wojciech Olszewski<\/strong><a href=\"https:\/\/physics.uwb.edu.pl\/wf\/?pracownik=wojciech-olszewski\"><\/a> (Wydzia\u0142 Fizyki UwB)<\/li>\n\n\n\n<li>Cz\u0142onek Zarz\u0105du \u2013 <strong>prof. dr hab. Andrzej Maziewski<\/strong> (Wydzia\u0142 Fizyki UwB)<\/li>\n\n\n\n<li>Cz\u0142onek Zarz\u0105du \u2013 <strong>prof. dr hab. Eugeniusz \u017bukowski<\/strong> (emerytowany pracownik Wydzia\u0142u Fizyki UwB)<\/li>\n<\/ul>\n\n\n\n<h1 class=\"wp-block-heading\"><strong>Z Zarz\u0105dem wsp\u00f3\u0142pracuj\u0105:<\/strong><\/h1>\n\n\n\n<ul class=\"wp-block-list\">\n<li>Korespondent Oddzia\u0142u \u2013 <strong>dr Wojciech Olszewski<\/strong> (Wydzia\u0142 Fizyki UwB)<\/li>\n\n\n\n<li>Zarz\u0105dzaj\u0105cy stron\u0105 www oraz mediami spo\u0142eczno\u015bciowymi Oddzia\u0142u &#8211; <strong>dr Wojciech Olszewski<\/strong> (Wydzia\u0142 Fizyki UwB)<\/li>\n<\/ul>\n","protected":false},"excerpt":{"rendered":"<p>Sk\u0142ad Zarz\u0105du: Z Zarz\u0105dem wsp\u00f3\u0142pracuj\u0105:<\/p>\n","protected":false},"author":25,"featured_media":0,"parent":0,"menu_order":0,"comment_status":"closed","ping_status":"closed","template":"","meta":{"site-sidebar-layout":"default","site-content-layout":"","ast-site-content-layout":"default","site-content-style":"default","site-sidebar-style":"default","ast-global-header-display":"","ast-banner-title-visibility":"","ast-main-header-display":"","ast-hfb-above-header-display":"","ast-hfb-below-header-display":"","ast-hfb-mobile-header-display":"","site-post-title":"","ast-breadcrumbs-content":"","ast-featured-img":"","footer-sml-layout":"","ast-disable-related-posts":"","theme-transparent-header-meta":"","adv-header-id-meta":"","stick-header-meta":"","header-above-stick-meta":"","header-main-stick-meta":"","header-below-stick-meta":"","astra-migrate-meta-layouts":"set","ast-page-background-enabled":"default","ast-page-background-meta":{"desktop":{"background-color":"var(--ast-global-color-4)","background-image":"","background-repeat":"repeat","background-position":"center center","background-size":"auto","background-attachment":"scroll","background-type":"","background-media":"","overlay-type":"","overlay-color":"","overlay-opacity":"","overlay-gradient":""},"tablet":{"background-color":"","background-image":"","background-repeat":"repeat","background-position":"center center","background-size":"auto","background-attachment":"scroll","background-type":"","background-media":"","overlay-type":"","overlay-color":"","overlay-opacity":"","overlay-gradient":""},"mobile":{"background-color":"","background-image":"","background-repeat":"repeat","background-position":"center center","background-size":"auto","background-attachment":"scroll","background-type":"","background-media":"","overlay-type":"","overlay-color":"","overlay-opacity":"","overlay-gradient":""}},"ast-content-background-meta":{"desktop":{"background-color":"var(--ast-global-color-5)","background-image":"","background-repeat":"repeat","background-position":"center center","background-size":"auto","background-attachment":"scroll","background-type":"","background-media":"","overlay-type":"","overlay-color":"","overlay-opacity":"","overlay-gradient":""},"tablet":{"background-color":"var(--ast-global-color-5)","background-image":"","background-repeat":"repeat","background-position":"center center","background-size":"auto","background-attachment":"scroll","background-type":"","background-media":"","overlay-type":"","overlay-color":"","overlay-opacity":"","overlay-gradient":""},"mobile":{"background-color":"var(--ast-global-color-5)","background-image":"","background-repeat":"repeat","background-position":"center center","background-size":"auto","background-attachment":"scroll","background-type":"","background-media":"","overlay-type":"","overlay-color":"","overlay-opacity":"","overlay-gradient":""}},"ngg_post_thumbnail":0,"footnotes":""},"class_list":["post-51","page","type-page","status-publish","hentry"],"_links":{"self":[{"href":"https:\/\/physics.uwb.edu.pl\/wf\/ptf\/wp-json\/wp\/v2\/pages\/51","targetHints":{"allow":["GET"]}}],"collection":[{"href":"https:\/\/physics.uwb.edu.pl\/wf\/ptf\/wp-json\/wp\/v2\/pages"}],"about":[{"href":"https:\/\/physics.uwb.edu.pl\/wf\/ptf\/wp-json\/wp\/v2\/types\/page"}],"author":[{"embeddable":true,"href":"https:\/\/physics.uwb.edu.pl\/wf\/ptf\/wp-json\/wp\/v2\/users\/25"}],"replies":[{"embeddable":true,"href":"https:\/\/physics.uwb.edu.pl\/wf\/ptf\/wp-json\/wp\/v2\/comments?post=51"}],"version-history":[{"count":11,"href":"https:\/\/physics.uwb.edu.pl\/wf\/ptf\/wp-json\/wp\/v2\/pages\/51\/revisions"}],"predecessor-version":[{"id":1043,"href":"https:\/\/physics.uwb.edu.pl\/wf\/ptf\/wp-json\/wp\/v2\/pages\/51\/revisions\/1043"}],"wp:attachment":[{"href":"https:\/\/physics.uwb.edu.pl\/wf\/ptf\/wp-json\/wp\/v2\/media?parent=51"}],"curies":[{"name":"wp","href":"https:\/\/api.w.org\/{rel}","templated":true}]}}