{"id":536,"date":"2023-09-20T11:52:57","date_gmt":"2023-09-20T11:52:57","guid":{"rendered":"https:\/\/physics.uwb.edu.pl\/wf\/ptf\/?page_id=536"},"modified":"2023-09-20T11:52:57","modified_gmt":"2023-09-20T11:52:57","slug":"iv-konferencja-nauczycieli-fizyki-2020","status":"publish","type":"page","link":"https:\/\/physics.uwb.edu.pl\/wf\/ptf\/iv-konferencja-nauczycieli-fizyki-2020\/","title":{"rendered":"IV Konferencja Nauczycieli Fizyki \u2013 2020"},"content":{"rendered":"\n<figure class=\"wp-block-image aligncenter size-full\"><img loading=\"lazy\" decoding=\"async\" width=\"640\" height=\"180\" src=\"https:\/\/physics.uwb.edu.pl\/wf\/ptf\/wp-content\/uploads\/sites\/24\/2023\/09\/obraz-19.png\" alt=\"\" class=\"wp-image-537\" srcset=\"https:\/\/physics.uwb.edu.pl\/wf\/ptf\/wp-content\/uploads\/sites\/24\/2023\/09\/obraz-19.png 640w, https:\/\/physics.uwb.edu.pl\/wf\/ptf\/wp-content\/uploads\/sites\/24\/2023\/09\/obraz-19-300x84.png 300w\" sizes=\"auto, (max-width: 640px) 100vw, 640px\" \/><\/figure>\n\n\n\n<p>W sobot\u0119 26 wrze\u015bnia 2020 r. na Wydziale Fizyki Uniwersytetu w Bia\u0142ymstoku przy ul. Konstantego Cio\u0142kowskiego 1L odby\u0142a si\u0119 IV Konferencja Nauczycieli Fizyki.<\/p>\n\n\n\n<p>By\u0142o to kolejne spotkanie, kt\u00f3re zorganizowa\u0142 Wydzia\u0142 Fizyki Uniwersytetu w Bia\u0142ymstoku we wsp\u00f3\u0142pracy z Polskim Towarzystwem Fizycznym oddzia\u0142 w Bia\u0142ymstoku oraz Polsk\u0105 Akademi\u0105 Nauk oddzia\u0142 w Olsztynie i w Bia\u0142ymstoku z siedzib\u0105 w Olsztynie. Celem konferencji by\u0142a integracja \u015brodowiska nauczycieli przedmiot\u00f3w przyrodniczych, poszerzanie kompetencji zawodowych nauczycieli i pracownik\u00f3w naukowo-dydaktycznych oraz dzielenie si\u0119 do\u015bwiadczeniami z w\u0142asnej pracy i przekazywanie aktualnych informacji.<\/p>\n\n\n\n<p>W tym roku spo\u015br\u00f3d 64 zarejestrowanych u\u017cytkownik\u00f3w w konferencji uczestniczy\u0142o 36 os\u00f3b. Byli w\u015br\u00f3d nich nauczyciele, pracownicy naukowo-dydaktyczni, zaproszeni wyk\u0142adowcy, osoby reprezentuj\u0105ce lokalny przemys\u0142 oraz prezentuj\u0105ce ofert\u0119 pomocy dydaktycznych dla szk\u00f3\u0142.<\/p>\n\n\n\n<figure class=\"wp-block-image size-full\"><img loading=\"lazy\" decoding=\"async\" width=\"1000\" height=\"667\" src=\"https:\/\/physics.uwb.edu.pl\/wf\/ptf\/wp-content\/uploads\/sites\/24\/2023\/09\/obraz-20.png\" alt=\"\" class=\"wp-image-538\" srcset=\"https:\/\/physics.uwb.edu.pl\/wf\/ptf\/wp-content\/uploads\/sites\/24\/2023\/09\/obraz-20.png 1000w, https:\/\/physics.uwb.edu.pl\/wf\/ptf\/wp-content\/uploads\/sites\/24\/2023\/09\/obraz-20-300x200.png 300w, https:\/\/physics.uwb.edu.pl\/wf\/ptf\/wp-content\/uploads\/sites\/24\/2023\/09\/obraz-20-768x512.png 768w\" sizes=\"auto, (max-width: 1000px) 100vw, 1000px\" \/><\/figure>\n\n\n\n<p class=\"has-text-align-center\">Uczestnicy IV Konferencji Nauczycieli Fizyki<br><em>Autor zdj\u0119cia: Marek Brancewicz<\/em><\/p>\n\n\n\n<p>Cieszymy si\u0119, \u017ce pomimo trudnej i niepewnej sytuacji epidemiologicznej spotkali\u015bmy si\u0119 w tak licznym gronie (cho\u0107 nie tak jak w latach poprzednich). Dzi\u0119kujemy wszystkim uczestnikom, kt\u00f3rzy uczestniczyli czynnie w konferencji, ale r\u00f3wnie\u017c tym, kt\u00f3rzy w trosce o wsp\u00f3lne bezpiecze\u0144stwo zdecydowali si\u0119 pozosta\u0107 w domach.<\/p>\n\n\n\n<p>Dzi\u0119kujemy za zainteresowanie nasz\u0105 konferencj\u0105 i zapraszamy na jej kolejn\u0105 edycj\u0119 za rok (prawdopodobnie 25.09.2021).<\/p>\n\n\n\n<p>Szczeg\u00f3\u0142owe informacje na temat konferencji znale\u017a\u0107 mo\u017cna na stronie: <a href=\"https:\/\/web.archive.org\/web\/20230531030339\/https:\/physics.uwb.edu.pl\/wf\/knf2020\/\">https:\/\/physics.uwb.edu.pl\/wf\/knf2020\/<\/a>.<\/p>\n","protected":false},"excerpt":{"rendered":"<p>W sobot\u0119 26 wrze\u015bnia 2020 r. na Wydziale Fizyki Uniwersytetu w Bia\u0142ymstoku przy ul. Konstantego Cio\u0142kowskiego 1L odby\u0142a si\u0119 IV Konferencja Nauczycieli Fizyki. By\u0142o to kolejne spotkanie, kt\u00f3re zorganizowa\u0142 Wydzia\u0142 Fizyki Uniwersytetu w Bia\u0142ymstoku we wsp\u00f3\u0142pracy z Polskim Towarzystwem Fizycznym oddzia\u0142 w Bia\u0142ymstoku oraz Polsk\u0105 Akademi\u0105 Nauk oddzia\u0142 w Olsztynie i w Bia\u0142ymstoku z siedzib\u0105 [&hellip;]<\/p>\n","protected":false},"author":25,"featured_media":0,"parent":0,"menu_order":0,"comment_status":"closed","ping_status":"closed","template":"","meta":{"site-sidebar-layout":"default","site-content-layout":"","ast-site-content-layout":"default","site-content-style":"default","site-sidebar-style":"default","ast-global-header-display":"","ast-banner-title-visibility":"","ast-main-header-display":"","ast-hfb-above-header-display":"","ast-hfb-below-header-display":"","ast-hfb-mobile-header-display":"","site-post-title":"","ast-breadcrumbs-content":"","ast-featured-img":"","footer-sml-layout":"","ast-disable-related-posts":"","theme-transparent-header-meta":"","adv-header-id-meta":"","stick-header-meta":"","header-above-stick-meta":"","header-main-stick-meta":"","header-below-stick-meta":"","astra-migrate-meta-layouts":"set","ast-page-background-enabled":"default","ast-page-background-meta":{"desktop":{"background-color":"var(--ast-global-color-4)","background-image":"","background-repeat":"repeat","background-position":"center center","background-size":"auto","background-attachment":"scroll","background-type":"","background-media":"","overlay-type":"","overlay-color":"","overlay-opacity":"","overlay-gradient":""},"tablet":{"background-color":"","background-image":"","background-repeat":"repeat","background-position":"center center","background-size":"auto","background-attachment":"scroll","background-type":"","background-media":"","overlay-type":"","overlay-color":"","overlay-opacity":"","overlay-gradient":""},"mobile":{"background-color":"","background-image":"","background-repeat":"repeat","background-position":"center center","background-size":"auto","background-attachment":"scroll","background-type":"","background-media":"","overlay-type":"","overlay-color":"","overlay-opacity":"","overlay-gradient":""}},"ast-content-background-meta":{"desktop":{"background-color":"var(--ast-global-color-5)","background-image":"","background-repeat":"repeat","background-position":"center center","background-size":"auto","background-attachment":"scroll","background-type":"","background-media":"","overlay-type":"","overlay-color":"","overlay-opacity":"","overlay-gradient":""},"tablet":{"background-color":"var(--ast-global-color-5)","background-image":"","background-repeat":"repeat","background-position":"center center","background-size":"auto","background-attachment":"scroll","background-type":"","background-media":"","overlay-type":"","overlay-color":"","overlay-opacity":"","overlay-gradient":""},"mobile":{"background-color":"var(--ast-global-color-5)","background-image":"","background-repeat":"repeat","background-position":"center center","background-size":"auto","background-attachment":"scroll","background-type":"","background-media":"","overlay-type":"","overlay-color":"","overlay-opacity":"","overlay-gradient":""}},"ngg_post_thumbnail":0,"footnotes":""},"class_list":["post-536","page","type-page","status-publish","hentry"],"_links":{"self":[{"href":"https:\/\/physics.uwb.edu.pl\/wf\/ptf\/wp-json\/wp\/v2\/pages\/536","targetHints":{"allow":["GET"]}}],"collection":[{"href":"https:\/\/physics.uwb.edu.pl\/wf\/ptf\/wp-json\/wp\/v2\/pages"}],"about":[{"href":"https:\/\/physics.uwb.edu.pl\/wf\/ptf\/wp-json\/wp\/v2\/types\/page"}],"author":[{"embeddable":true,"href":"https:\/\/physics.uwb.edu.pl\/wf\/ptf\/wp-json\/wp\/v2\/users\/25"}],"replies":[{"embeddable":true,"href":"https:\/\/physics.uwb.edu.pl\/wf\/ptf\/wp-json\/wp\/v2\/comments?post=536"}],"version-history":[{"count":1,"href":"https:\/\/physics.uwb.edu.pl\/wf\/ptf\/wp-json\/wp\/v2\/pages\/536\/revisions"}],"predecessor-version":[{"id":539,"href":"https:\/\/physics.uwb.edu.pl\/wf\/ptf\/wp-json\/wp\/v2\/pages\/536\/revisions\/539"}],"wp:attachment":[{"href":"https:\/\/physics.uwb.edu.pl\/wf\/ptf\/wp-json\/wp\/v2\/media?parent=536"}],"curies":[{"name":"wp","href":"https:\/\/api.w.org\/{rel}","templated":true}]}}

<figure class="wp-block-image aligncenter size-full"><img loading="lazy" decoding="async" width="640" height="180" src="https://physics.uwb.edu.pl/wf/ptf/wp-content/uploads/sites/24/2023/09/obraz-19.png" alt="" class="wp-image-537" srcset="https://physics.uwb.edu.pl/wf/ptf/wp-content/uploads/sites/24/2023/09/obraz-19.png 640w, https://physics.uwb.edu.pl/wf/ptf/wp-content/uploads/sites/24/2023/09/obraz-19-300x84.png 300w" sizes="auto, (max-width: 640px) 100vw, 640px" /></figure>



<p>W sobotę 26 września 2020 r. na Wydziale Fizyki Uniwersytetu w Białymstoku przy ul. Konstantego Ciołkowskiego 1L odbyła się IV Konferencja Nauczycieli Fizyki.</p>



<p>Było to kolejne spotkanie, które zorganizował Wydział Fizyki Uniwersytetu w Białymstoku we współpracy z Polskim Towarzystwem Fizycznym oddział w Białymstoku oraz Polską Akademią Nauk oddział w Olsztynie i w Białymstoku z siedzibą w Olsztynie. Celem konferencji była integracja środowiska nauczycieli przedmiotów przyrodniczych, poszerzanie kompetencji zawodowych nauczycieli i pracowników naukowo-dydaktycznych oraz dzielenie się doświadczeniami z własnej pracy i przekazywanie aktualnych informacji.</p>



<p>W tym roku spośród 64 zarejestrowanych użytkowników w konferencji uczestniczyło 36 osób. Byli wśród nich nauczyciele, pracownicy naukowo-dydaktyczni, zaproszeni wykładowcy, osoby reprezentujące lokalny przemysł oraz prezentujące ofertę pomocy dydaktycznych dla szkół.</p>



<figure class="wp-block-image size-full"><img loading="lazy" decoding="async" width="1000" height="667" src="https://physics.uwb.edu.pl/wf/ptf/wp-content/uploads/sites/24/2023/09/obraz-20.png" alt="" class="wp-image-538" srcset="https://physics.uwb.edu.pl/wf/ptf/wp-content/uploads/sites/24/2023/09/obraz-20.png 1000w, https://physics.uwb.edu.pl/wf/ptf/wp-content/uploads/sites/24/2023/09/obraz-20-300x200.png 300w, https://physics.uwb.edu.pl/wf/ptf/wp-content/uploads/sites/24/2023/09/obraz-20-768x512.png 768w" sizes="auto, (max-width: 1000px) 100vw, 1000px" /></figure>



<p class="has-text-align-center">Uczestnicy IV Konferencji Nauczycieli Fizyki<br><em>Autor zdjęcia: Marek Brancewicz</em></p>



<p>Cieszymy się, że pomimo trudnej i niepewnej sytuacji epidemiologicznej spotkaliśmy się w tak licznym gronie (choć nie tak jak w latach poprzednich). Dziękujemy wszystkim uczestnikom, którzy uczestniczyli czynnie w konferencji, ale również tym, którzy w trosce o wspólne bezpieczeństwo zdecydowali się pozostać w domach.</p>



<p>Dziękujemy za zainteresowanie naszą konferencją i zapraszamy na jej kolejną edycję za rok (prawdopodobnie 25.09.2021).</p>



<p>Szczegółowe informacje na temat konferencji znaleźć można na stronie: <a href="https://web.archive.org/web/20230531030339/https:/physics.uwb.edu.pl/wf/knf2020/">https://physics.uwb.edu.pl/wf/knf2020/</a>.</p>

<p>W sobotę 26 września 2020 r. na Wydziale Fizyki Uniwersytetu w Białymstoku przy ul. Konstantego Ciołkowskiego 1L odbyła się IV Konferencja Nauczycieli Fizyki. Było to kolejne spotkanie, które zorganizował Wydział Fizyki Uniwersytetu w Białymstoku we współpracy z Polskim Towarzystwem Fizycznym oddział w Białymstoku oraz Polską Akademią Nauk oddział w Olsztynie i w Białymstoku z siedzibą [&hellip;]</p>
