{"id":597,"date":"2023-09-20T13:02:42","date_gmt":"2023-09-20T13:02:42","guid":{"rendered":"https:\/\/physics.uwb.edu.pl\/wf\/ptf\/?page_id=597"},"modified":"2023-09-20T13:12:11","modified_gmt":"2023-09-20T13:12:11","slug":"transport-wody-i-substancji-odzywczych-w-roslinach","status":"publish","type":"page","link":"https:\/\/physics.uwb.edu.pl\/wf\/ptf\/wyklady-ptf\/transport-wody-i-substancji-odzywczych-w-roslinach\/","title":{"rendered":"&#8222;Transport wody i substancji od\u017cywczych w ro\u015blinach&#8221;"},"content":{"rendered":"\n<p class=\"has-text-align-center\">W sobot\u0119 4 czerwca 2022 roku o godz. 11.00<\/p>\n\n\n\n<p class=\"has-text-align-center\">w sali 2011 Wydzia\u0142u Fizyki przy ul. Konstantego Cio\u0142kowskiego 1L<\/p>\n\n\n\n<p class=\"has-text-align-center\" style=\"font-size:25px\"><strong>prof. dr hab. Iwona Ciereszko<\/strong><\/p>\n\n\n\n<p class=\"has-text-align-center\">Wydzia\u0142 Biologii, Uniwersytet w Bia\u0142ymstoku<\/p>\n\n\n\n<p class=\"has-text-align-center\">wyg\u0142osi wyk\u0142ad pt.<\/p>\n\n\n\n<p class=\"has-text-align-center\" style=\"font-size:25px\"><strong>Transport wody i substancji od\u017cywczych<\/strong> <strong>w ro\u015blinach<\/strong><\/p>\n\n\n\n<p><strong><em>Streszczenie:<\/em><\/strong><br>Wyk\u0142ad dotyczy\u0107 b\u0119dzie transportu kr\u00f3tko- i dalekodystansowego wody, wybranych jon\u00f3w i asymilat\u00f3w u ro\u015blin, zw\u0142aszcza dwuli\u015bciennych. Przedstawione zostan\u0105 m.in. drogi transportu, struktura tkanek przewodz\u0105cych, transportery b\u0142onowe (nowo poznane) oraz czynniki \u015brodowiskowe wp\u0142ywaj\u0105ce na procesy transportu.<\/p>\n\n\n\n<p><strong><em>Wydarzenie na Facebooku:<br><\/em><\/strong><a href=\"https:\/\/www.facebook.com\/events\/1606758559707771\">https:\/\/www.facebook.com\/events\/1606758559707771<\/a><\/p>\n\n\n\n<p><em><strong>Informacja o <\/strong><\/em><strong><em>wyk\u0142adowcy<\/em><\/strong><em><strong>:<\/strong><\/em><br><em>prof. Iwona Ciereszko jest fizjologiem ro\u015blin, autorem rozdzia\u0142u o transporcie i dystrybucji asymilat\u00f3w w podr\u0119czniku akademickim. Opublikowa\u0142a ponad 80 prac z zakresu ekofizjologii i biologii molekularnej ro\u015blin; bada\u0142a wraz z zespo\u0142em procesy aklimatyzacji aparatu fotosyntetycznego, pod\u0142o\u017ce reakcji ro\u015blin na niedob\u00f3r fosforan\u00f3w, szlaki przekazywania sygna\u0142u i regulacyjn\u0105 rol\u0119 cukr\u00f3w. Wsp\u00f3\u0142pracowa\u0142a z wieloma o\u015brodkami naukowymi. Pe\u0142ni\u0142a liczne funkcje, obecnie jest m.in. cz\u0142onkiem Rady Naukowej Instytutu Fizjologii Ro\u015blin Polskiej Akademii Nauk w Krakowie, pe\u0142ni\u0142a funkcj\u0119 Prezydenta Polskiego Towarzystwa Biologii Eksperymentalnej Ro\u015blin, w latach wcze\u015bniejszych by\u0142a tak\u017ce prodziekanem i dziekanem wydzia\u0142u.<\/em><\/p>\n\n\n\n<p>Wszystkie osoby zainteresowane serdecznie zapraszamy!<\/p>\n","protected":false},"excerpt":{"rendered":"<p>W sobot\u0119 4 czerwca 2022 roku o godz. 11.00 w sali 2011 Wydzia\u0142u Fizyki przy ul. Konstantego Cio\u0142kowskiego 1L prof. dr hab. Iwona Ciereszko Wydzia\u0142 Biologii, Uniwersytet w Bia\u0142ymstoku wyg\u0142osi wyk\u0142ad pt. Transport wody i substancji od\u017cywczych w ro\u015blinach Streszczenie:Wyk\u0142ad dotyczy\u0107 b\u0119dzie transportu kr\u00f3tko- i dalekodystansowego wody, wybranych jon\u00f3w i asymilat\u00f3w u ro\u015blin, zw\u0142aszcza dwuli\u015bciennych. [&hellip;]<\/p>\n","protected":false},"author":25,"featured_media":598,"parent":105,"menu_order":0,"comment_status":"closed","ping_status":"closed","template":"","meta":{"site-sidebar-layout":"default","site-content-layout":"","ast-site-content-layout":"default","site-content-style":"default","site-sidebar-style":"default","ast-global-header-display":"","ast-banner-title-visibility":"","ast-main-header-display":"","ast-hfb-above-header-display":"","ast-hfb-below-header-display":"","ast-hfb-mobile-header-display":"","site-post-title":"","ast-breadcrumbs-content":"","ast-featured-img":"disabled","footer-sml-layout":"","ast-disable-related-posts":"","theme-transparent-header-meta":"","adv-header-id-meta":"","stick-header-meta":"","header-above-stick-meta":"","header-main-stick-meta":"","header-below-stick-meta":"","astra-migrate-meta-layouts":"set","ast-page-background-enabled":"default","ast-page-background-meta":{"desktop":{"background-color":"var(--ast-global-color-4)","background-image":"","background-repeat":"repeat","background-position":"center center","background-size":"auto","background-attachment":"scroll","background-type":"","background-media":"","overlay-type":"","overlay-color":"","overlay-opacity":"","overlay-gradient":""},"tablet":{"background-color":"","background-image":"","background-repeat":"repeat","background-position":"center center","background-size":"auto","background-attachment":"scroll","background-type":"","background-media":"","overlay-type":"","overlay-color":"","overlay-opacity":"","overlay-gradient":""},"mobile":{"background-color":"","background-image":"","background-repeat":"repeat","background-position":"center center","background-size":"auto","background-attachment":"scroll","background-type":"","background-media":"","overlay-type":"","overlay-color":"","overlay-opacity":"","overlay-gradient":""}},"ast-content-background-meta":{"desktop":{"background-color":"var(--ast-global-color-5)","background-image":"","background-repeat":"repeat","background-position":"center center","background-size":"auto","background-attachment":"scroll","background-type":"","background-media":"","overlay-type":"","overlay-color":"","overlay-opacity":"","overlay-gradient":""},"tablet":{"background-color":"var(--ast-global-color-5)","background-image":"","background-repeat":"repeat","background-position":"center center","background-size":"auto","background-attachment":"scroll","background-type":"","background-media":"","overlay-type":"","overlay-color":"","overlay-opacity":"","overlay-gradient":""},"mobile":{"background-color":"var(--ast-global-color-5)","background-image":"","background-repeat":"repeat","background-position":"center center","background-size":"auto","background-attachment":"scroll","background-type":"","background-media":"","overlay-type":"","overlay-color":"","overlay-opacity":"","overlay-gradient":""}},"ngg_post_thumbnail":0,"footnotes":""},"class_list":["post-597","page","type-page","status-publish","has-post-thumbnail","hentry"],"_links":{"self":[{"href":"https:\/\/physics.uwb.edu.pl\/wf\/ptf\/wp-json\/wp\/v2\/pages\/597","targetHints":{"allow":["GET"]}}],"collection":[{"href":"https:\/\/physics.uwb.edu.pl\/wf\/ptf\/wp-json\/wp\/v2\/pages"}],"about":[{"href":"https:\/\/physics.uwb.edu.pl\/wf\/ptf\/wp-json\/wp\/v2\/types\/page"}],"author":[{"embeddable":true,"href":"https:\/\/physics.uwb.edu.pl\/wf\/ptf\/wp-json\/wp\/v2\/users\/25"}],"replies":[{"embeddable":true,"href":"https:\/\/physics.uwb.edu.pl\/wf\/ptf\/wp-json\/wp\/v2\/comments?post=597"}],"version-history":[{"count":3,"href":"https:\/\/physics.uwb.edu.pl\/wf\/ptf\/wp-json\/wp\/v2\/pages\/597\/revisions"}],"predecessor-version":[{"id":605,"href":"https:\/\/physics.uwb.edu.pl\/wf\/ptf\/wp-json\/wp\/v2\/pages\/597\/revisions\/605"}],"up":[{"embeddable":true,"href":"https:\/\/physics.uwb.edu.pl\/wf\/ptf\/wp-json\/wp\/v2\/pages\/105"}],"wp:featuredmedia":[{"embeddable":true,"href":"https:\/\/physics.uwb.edu.pl\/wf\/ptf\/wp-json\/wp\/v2\/media\/598"}],"wp:attachment":[{"href":"https:\/\/physics.uwb.edu.pl\/wf\/ptf\/wp-json\/wp\/v2\/media?parent=597"}],"curies":[{"name":"wp","href":"https:\/\/api.w.org\/{rel}","templated":true}]}}