{"id":892,"date":"2024-04-12T08:39:30","date_gmt":"2024-04-12T08:39:30","guid":{"rendered":"https:\/\/physics.uwb.edu.pl\/wf\/ptf\/?page_id=892"},"modified":"2024-05-20T13:17:02","modified_gmt":"2024-05-20T13:17:02","slug":"xx-podlaski-festiwal-nauki-i-sztuki","status":"publish","type":"page","link":"https:\/\/physics.uwb.edu.pl\/wf\/ptf\/xx-podlaski-festiwal-nauki-i-sztuki\/","title":{"rendered":"XX Podlaski Festiwal Nauki i Sztuki"},"content":{"rendered":"\n<figure class=\"wp-block-image size-large\"><img loading=\"lazy\" decoding=\"async\" width=\"1024\" height=\"341\" src=\"https:\/\/physics.uwb.edu.pl\/wf\/ptf\/wp-content\/uploads\/sites\/24\/2024\/04\/banner_PFNiS_2400x800_cytat-1024x341.jpg\" alt=\"\" class=\"wp-image-893\" srcset=\"https:\/\/physics.uwb.edu.pl\/wf\/ptf\/wp-content\/uploads\/sites\/24\/2024\/04\/banner_PFNiS_2400x800_cytat-1024x341.jpg 1024w, https:\/\/physics.uwb.edu.pl\/wf\/ptf\/wp-content\/uploads\/sites\/24\/2024\/04\/banner_PFNiS_2400x800_cytat-300x100.jpg 300w, https:\/\/physics.uwb.edu.pl\/wf\/ptf\/wp-content\/uploads\/sites\/24\/2024\/04\/banner_PFNiS_2400x800_cytat-768x256.jpg 768w, https:\/\/physics.uwb.edu.pl\/wf\/ptf\/wp-content\/uploads\/sites\/24\/2024\/04\/banner_PFNiS_2400x800_cytat-1536x512.jpg 1536w, https:\/\/physics.uwb.edu.pl\/wf\/ptf\/wp-content\/uploads\/sites\/24\/2024\/04\/banner_PFNiS_2400x800_cytat-2048x683.jpg 2048w\" sizes=\"auto, (max-width: 1024px) 100vw, 1024px\" \/><\/figure>\n\n\n\n<h1 class=\"wp-block-heading\"><strong>Og\u0142oszenie:<\/strong><\/h1>\n\n\n\n<p>Wydzia\u0142 Fizyki UwB, Oddzia\u0142 Bia\u0142ostocki Polskiego Towarzystwa Fizycznego oraz Bia\u0142ostocki Oddzia\u0142 Polskiego Towarzystwa Mi\u0142o\u015bnik\u00f3w Astronomii zapraszaj\u0105 na <strong>XX Podlaski Festiwal Nauki i Sztuki<\/strong>:<\/p>\n\n\n\n<p><strong>14 maja 2023 (9:00 \u2013 13:00) oraz 17 maja 2023 (11:00 &#8211; 13:00):<\/strong><br><strong>Dzie\u0144 na Wydziale Fizyki UwB (ul. K. Cio\u0142kowskiego 1L)<\/strong>:<br>To r\u00f3\u017cnorodna oferta ciekawych wyk\u0142ad\u00f3w, pokaz\u00f3w oraz warsztat\u00f3w z fizyki i astronomii.<\/p>\n\n\n\n<p><strong>18 maja 2023 (10:00 \u2013 15:00):<\/strong><br><strong>Rodzinny Piknik Naukowy na Stadionie Miejskim w Bia\u0142ymstoku (ul. S\u0142oneczna 1)<\/strong>:<br>We\u017a udzia\u0142 w niesamowitej podr\u00f3\u017cy do \u015bwiata fizyki i astronomii. A to wszystko w prostych oraz przemawiaj\u0105cych do wyobra\u017ani eksperymentach, kt\u00f3re zaciekawi\u0105 zar\u00f3wno dzieci, jak i doros\u0142ych. Zabawki fizyczne, programowalne roboty, obserwacje plam na S\u0142o\u0144cu \u2013 to tylko ma\u0142y przedsmak tego, co b\u0119dzie mo\u017cna zobaczy\u0107 na naszym stoisku.<br>Odwied\u017a nas koniecznie \u2013 to doskona\u0142a okazja, \u017ceby poszerza\u0107 swoj\u0105 wiedz\u0119 i zrobi\u0107 razem co\u015b fascynuj\u0105cego.<\/p>\n\n\n\n<p><strong>Szczeg\u00f3\u0142owy plan imprez:<\/strong><\/p>\n\n\n\n<figure class=\"wp-block-table\"><table><tbody><tr><td><img loading=\"lazy\" decoding=\"async\" width=\"450\" height=\"629\" class=\"wp-image-894\" style=\"width: 450px;\" src=\"https:\/\/physics.uwb.edu.pl\/wf\/ptf\/wp-content\/uploads\/sites\/24\/2024\/04\/plan_imprez-scaled.jpg\" alt=\"\" srcset=\"https:\/\/physics.uwb.edu.pl\/wf\/ptf\/wp-content\/uploads\/sites\/24\/2024\/04\/plan_imprez-scaled.jpg 1832w, https:\/\/physics.uwb.edu.pl\/wf\/ptf\/wp-content\/uploads\/sites\/24\/2024\/04\/plan_imprez-215x300.jpg 215w, https:\/\/physics.uwb.edu.pl\/wf\/ptf\/wp-content\/uploads\/sites\/24\/2024\/04\/plan_imprez-733x1024.jpg 733w, https:\/\/physics.uwb.edu.pl\/wf\/ptf\/wp-content\/uploads\/sites\/24\/2024\/04\/plan_imprez-768x1073.jpg 768w, https:\/\/physics.uwb.edu.pl\/wf\/ptf\/wp-content\/uploads\/sites\/24\/2024\/04\/plan_imprez-1099x1536.jpg 1099w, https:\/\/physics.uwb.edu.pl\/wf\/ptf\/wp-content\/uploads\/sites\/24\/2024\/04\/plan_imprez-1466x2048.jpg 1466w\" sizes=\"auto, (max-width: 450px) 100vw, 450px\" \/><\/td><td><img loading=\"lazy\" decoding=\"async\" width=\"450\" height=\"629\" class=\"wp-image-895\" style=\"width: 450px;\" src=\"https:\/\/physics.uwb.edu.pl\/wf\/ptf\/wp-content\/uploads\/sites\/24\/2024\/04\/plan_imprez_2-scaled.jpg\" alt=\"\" srcset=\"https:\/\/physics.uwb.edu.pl\/wf\/ptf\/wp-content\/uploads\/sites\/24\/2024\/04\/plan_imprez_2-scaled.jpg 1832w, https:\/\/physics.uwb.edu.pl\/wf\/ptf\/wp-content\/uploads\/sites\/24\/2024\/04\/plan_imprez_2-215x300.jpg 215w, https:\/\/physics.uwb.edu.pl\/wf\/ptf\/wp-content\/uploads\/sites\/24\/2024\/04\/plan_imprez_2-733x1024.jpg 733w, https:\/\/physics.uwb.edu.pl\/wf\/ptf\/wp-content\/uploads\/sites\/24\/2024\/04\/plan_imprez_2-768x1073.jpg 768w, https:\/\/physics.uwb.edu.pl\/wf\/ptf\/wp-content\/uploads\/sites\/24\/2024\/04\/plan_imprez_2-1099x1536.jpg 1099w, https:\/\/physics.uwb.edu.pl\/wf\/ptf\/wp-content\/uploads\/sites\/24\/2024\/04\/plan_imprez_2-1466x2048.jpg 1466w\" sizes=\"auto, (max-width: 450px) 100vw, 450px\" \/><\/td><\/tr><\/tbody><\/table><\/figure>\n\n\n\n<p>Wst\u0119p na wszystkie imprezy jest bezp\u0142atny, chocia\u017c na wi\u0119kszo\u015b\u0107 z nich obowi\u0105zuje rejestracja.<br>Szczeg\u00f3\u0142owe informacje o imprezach festiwalowych oraz rejestracja dost\u0119pne s\u0105 na stronie: <a href=\"https:\/\/podlaskifestiwal.pl\/\">https:\/\/podlaskifestiwal.pl\/<\/a><\/p>\n\n\n\n<p>Zapraszamy serdecznie!<\/p>\n\n\n\n<h1 class=\"wp-block-heading\"><strong>Relacja:<\/strong><\/h1>\n\n\n\n<figure class=\"wp-block-table\"><table><tbody><tr><td><img alt=\"\"><img decoding=\"async\" src=\"https:\/\/physics.uwb.edu.pl\/wf\/ptf\/wp-content\/uploads\/sites\/24\/2024\/05\/DSC_5651-1024x683.jpg\" alt=\"\"><\/td><td><img decoding=\"async\" src=\"https:\/\/physics.uwb.edu.pl\/wf\/ptf\/wp-content\/uploads\/sites\/24\/2024\/05\/DSC_5669-1024x683.jpg\" alt=\"\"><\/td><\/tr><\/tbody><\/table><\/figure>\n\n\n\n<p>Tegoroczny XX Podlaski Festiwal Nauki i Sztuki up\u0142yn\u0105\u0142 pod has\u0142em: \u201eNiczego w \u017cyciu nie nale\u017cy si\u0119 ba\u0107, nale\u017cy to tylko zrozumie\u0107\u201d. Id\u0105c za tym przes\u0142aniem Marii Sk\u0142odowskiej-Curie 14 maja 2024 r. Wydzia\u0142 Fizyki UwB przygotowa\u0142 bogat\u0105 ofert\u0119 dydaktyczn\u0105. Nie by\u0142o dla nas zaskoczeniem, i\u017c sympatycy fizyki jak zwykle nie zawiedli i ch\u0119tnie wzi\u0119li udzia\u0142 w zorganizowanych przez nas wydarzeniach. A by\u0142o w czym wybiera\u0107! Mo\u017cna by\u0142o wys\u0142ucha\u0107 interesuj\u0105cych wyk\u0142ad\u00f3w, poeksperymentowa\u0107 wsp\u00f3lnie z naszymi studentami oraz zmierzy\u0107 si\u0119 z zagadkami logicznymi na szlaku naszej s\u0142ynnej noblistki. Oczywi\u015bcie nie mog\u0142o zabrakn\u0105\u0107 zaj\u0119\u0107 z astronomii, kt\u00f3re zorganizowa\u0142 niezawodny Bia\u0142ostocki Oddzia\u0142 Polskiego Towarzystwa Mi\u0142o\u015bnik\u00f3w Astronomii.<\/p>\n\n\n\n<figure class=\"wp-block-table\"><table><tbody><tr><td><img decoding=\"async\" src=\"https:\/\/physics.uwb.edu.pl\/wf\/ptf\/wp-content\/uploads\/sites\/24\/2024\/05\/bez-nazwy-5-1024x683.jpg\" alt=\"\"><\/td><td><img decoding=\"async\" src=\"https:\/\/physics.uwb.edu.pl\/wf\/ptf\/wp-content\/uploads\/sites\/24\/2024\/05\/bez-nazwy-14-1024x683.jpg\" alt=\"\"><\/td><\/tr><\/tbody><\/table><\/figure>\n\n\n\n<p>Dodatkowo w tym dniu klub \u201eNewton, Einstein a teraz My\u201d po raz pierwszy uczestniczy\u0142 w Pikniku Klub\u00f3w M\u0142odego Odkrywcy. Klubowicze w dw\u00f3ch grupach wiekowych zaprezentowali dzia\u0142alno\u015b\u0107 naszego klubu. Przy okazji wykonali zaprojektowane przez siebie \u201eproste\u201d, ale jak\u017ce pouczaj\u0105ce eksperymenty fizyczne.<\/p>\n\n\n\n<figure class=\"wp-block-table\"><table><tbody><tr><td><img decoding=\"async\" src=\"https:\/\/physics.uwb.edu.pl\/wf\/ptf\/wp-content\/uploads\/sites\/24\/2024\/05\/DSC_5754-1024x683.jpg\" alt=\"\"><\/td><td><img decoding=\"async\" src=\"https:\/\/physics.uwb.edu.pl\/wf\/ptf\/wp-content\/uploads\/sites\/24\/2024\/05\/DSC_5739-1024x683.jpg\" alt=\"\"><\/td><\/tr><\/tbody><\/table><\/figure>\n\n\n\n<p>Z kolei 17 maja 2024 r. grupa uczni\u00f3w z VI Liceum Og\u00f3lnokszta\u0142c\u0105cego w Bia\u0142ymstoku zapozna\u0142a si\u0119 z informatyczn\u0105 stron\u0105 fizyki. Na pocz\u0105tek uczestnicy wys\u0142uchali wyk\u0142adu o silnikach fizyki w grach komputerowych. Nast\u0119pnie zapoznali si\u0119 z hobbystycznie wykonywanymi maszynami CNC. Na zako\u0144czenie dnia odby\u0142y si\u0119 warsztaty, podczas kt\u00f3rych mogli napisa\u0107 w\u0142asn\u0105, \u201eprost\u0105\u201d gr\u0119 2D.<\/p>\n\n\n\n<figure class=\"wp-block-table\"><table><tbody><tr><td> <figure class=\"wp-block-image size-large\"><img loading=\"lazy\" decoding=\"async\" width=\"1024\" height=\"683\" class=\"wp-image-916\" src=\"https:\/\/physics.uwb.edu.pl\/wf\/ptf\/wp-content\/uploads\/sites\/24\/2024\/05\/DSC_5788-1024x683.jpg\" alt=\"\" srcset=\"https:\/\/physics.uwb.edu.pl\/wf\/ptf\/wp-content\/uploads\/sites\/24\/2024\/05\/DSC_5788-1024x683.jpg 1024w, https:\/\/physics.uwb.edu.pl\/wf\/ptf\/wp-content\/uploads\/sites\/24\/2024\/05\/DSC_5788-300x200.jpg 300w, https:\/\/physics.uwb.edu.pl\/wf\/ptf\/wp-content\/uploads\/sites\/24\/2024\/05\/DSC_5788-768x512.jpg 768w, https:\/\/physics.uwb.edu.pl\/wf\/ptf\/wp-content\/uploads\/sites\/24\/2024\/05\/DSC_5788.jpg 1500w\" sizes=\"auto, (max-width: 1024px) 100vw, 1024px\" \/><\/figure> <\/td><td><img decoding=\"async\" src=\"https:\/\/physics.uwb.edu.pl\/wf\/ptf\/wp-content\/uploads\/sites\/24\/2024\/05\/DSC_5794-1024x683.jpg\" alt=\"\"><\/td><\/tr><\/tbody><\/table><\/figure>\n\n\n\n<p>Zwie\u0144czeniem naszej aktywno\u015bci festiwalowej by\u0142 Rodzinny Piknik Naukowy na Stadionie Miejskim w Bia\u0142ymstoku. Jak co roku mi\u0142o\u015bnicy nauki nie zawiedli i t\u0142umnie odwiedzali nasze stanowisko. Mamy nadziej\u0119, \u017ce ka\u017cdy, niezale\u017cnie od wieku, znalaz\u0142 tu co\u015b dla siebie. W dzia\u0142aniach tradycyjnie ju\u017c wspar\u0142 nas Bia\u0142ostocki Oddzia\u0142 Polskiego Towarzystwa Mi\u0142o\u015bnik\u00f3w Astronomii organizuj\u0105c fascynuj\u0105ce obserwacje S\u0142o\u0144ca.<\/p>\n\n\n\n<p>Bardzo serdecznie dzi\u0119kujemy wszystkim odwiedzaj\u0105cym za ch\u0119\u0107 poznawania nauki i za to, \u017ce byli\u015bcie z nami! &nbsp;Obiecujemy, \u017ce z ka\u017cd\u0105 kolejn\u0105 edycj\u0105 Podlaskiego Festiwalu Nauki i Sztuki oczekiwa\u0107 b\u0119d\u0105 na Pa\u0144stwa nowe i ciekawe propozycje imprez festiwalowych.<\/p>\n\n\n\n<p>R\u00f3wnie serdecznie dzi\u0119kujemy wszystkim pracownikom i studentom za wielkie zaanga\u017cowanie w przygotowanie oferty Wydzia\u0142u Fizyki. Bez Was to wszystko nie by\u0142oby mo\u017cliwe.<\/p>\n\n\n\n<p>Do zobaczenia za rok!<\/p>\n\n\n\n<p>Na naszym <a href=\"https:\/\/www.facebook.com\/PTFBialystok\/\">Facebooku<\/a> oraz <a href=\"https:\/\/www.instagram.com\/ptfbialystok\/\">Instagramie<\/a> dost\u0119pna jest obszerna fotorelacja z imprez festiwalowych. Natomiast na <a href=\"https:\/\/www.youtube.com\/@PTFBialystok\">kanale YouTube<\/a> mo\u017cna obejrze\u0107 relacje wideo oraz zapis wyk\u0142ad\u00f3w z dnia na Wydziale Fizyki. Serdecznie zapraszamy do ogl\u0105dania, polubienia i komentowania.<\/p>\n\n\n\n<p class=\"has-text-align-right\"><strong><em>Tekst:<\/em><\/strong> Wojciech Olszewski<br><strong><em>Zdj\u0119cia:<\/em><\/strong> Daniel Andruczyk i Marek Brancewicz<\/p>\n","protected":false},"excerpt":{"rendered":"<p>Og\u0142oszenie: Wydzia\u0142 Fizyki UwB, Oddzia\u0142 Bia\u0142ostocki Polskiego Towarzystwa Fizycznego oraz Bia\u0142ostocki Oddzia\u0142 Polskiego Towarzystwa Mi\u0142o\u015bnik\u00f3w Astronomii zapraszaj\u0105 na XX Podlaski Festiwal Nauki i Sztuki: 14 maja 2023 (9:00 \u2013 13:00) oraz 17 maja 2023 (11:00 &#8211; 13:00):Dzie\u0144 na Wydziale Fizyki UwB (ul. K. Cio\u0142kowskiego 1L):To r\u00f3\u017cnorodna oferta ciekawych wyk\u0142ad\u00f3w, pokaz\u00f3w oraz warsztat\u00f3w z fizyki i [&hellip;]<\/p>\n","protected":false},"author":25,"featured_media":0,"parent":0,"menu_order":0,"comment_status":"closed","ping_status":"closed","template":"","meta":{"site-sidebar-layout":"default","site-content-layout":"","ast-site-content-layout":"default","site-content-style":"default","site-sidebar-style":"default","ast-global-header-display":"","ast-banner-title-visibility":"","ast-main-header-display":"","ast-hfb-above-header-display":"","ast-hfb-below-header-display":"","ast-hfb-mobile-header-display":"","site-post-title":"","ast-breadcrumbs-content":"","ast-featured-img":"","footer-sml-layout":"","ast-disable-related-posts":"","theme-transparent-header-meta":"","adv-header-id-meta":"","stick-header-meta":"","header-above-stick-meta":"","header-main-stick-meta":"","header-below-stick-meta":"","astra-migrate-meta-layouts":"set","ast-page-background-enabled":"default","ast-page-background-meta":{"desktop":{"background-color":"var(--ast-global-color-4)","background-image":"","background-repeat":"repeat","background-position":"center center","background-size":"auto","background-attachment":"scroll","background-type":"","background-media":"","overlay-type":"","overlay-color":"","overlay-opacity":"","overlay-gradient":""},"tablet":{"background-color":"","background-image":"","background-repeat":"repeat","background-position":"center center","background-size":"auto","background-attachment":"scroll","background-type":"","background-media":"","overlay-type":"","overlay-color":"","overlay-opacity":"","overlay-gradient":""},"mobile":{"background-color":"","background-image":"","background-repeat":"repeat","background-position":"center center","background-size":"auto","background-attachment":"scroll","background-type":"","background-media":"","overlay-type":"","overlay-color":"","overlay-opacity":"","overlay-gradient":""}},"ast-content-background-meta":{"desktop":{"background-color":"var(--ast-global-color-5)","background-image":"","background-repeat":"repeat","background-position":"center center","background-size":"auto","background-attachment":"scroll","background-type":"","background-media":"","overlay-type":"","overlay-color":"","overlay-opacity":"","overlay-gradient":""},"tablet":{"background-color":"var(--ast-global-color-5)","background-image":"","background-repeat":"repeat","background-position":"center center","background-size":"auto","background-attachment":"scroll","background-type":"","background-media":"","overlay-type":"","overlay-color":"","overlay-opacity":"","overlay-gradient":""},"mobile":{"background-color":"var(--ast-global-color-5)","background-image":"","background-repeat":"repeat","background-position":"center center","background-size":"auto","background-attachment":"scroll","background-type":"","background-media":"","overlay-type":"","overlay-color":"","overlay-opacity":"","overlay-gradient":""}},"ngg_post_thumbnail":0,"footnotes":""},"class_list":["post-892","page","type-page","status-publish","hentry"],"_links":{"self":[{"href":"https:\/\/physics.uwb.edu.pl\/wf\/ptf\/wp-json\/wp\/v2\/pages\/892","targetHints":{"allow":["GET"]}}],"collection":[{"href":"https:\/\/physics.uwb.edu.pl\/wf\/ptf\/wp-json\/wp\/v2\/pages"}],"about":[{"href":"https:\/\/physics.uwb.edu.pl\/wf\/ptf\/wp-json\/wp\/v2\/types\/page"}],"author":[{"embeddable":true,"href":"https:\/\/physics.uwb.edu.pl\/wf\/ptf\/wp-json\/wp\/v2\/users\/25"}],"replies":[{"embeddable":true,"href":"https:\/\/physics.uwb.edu.pl\/wf\/ptf\/wp-json\/wp\/v2\/comments?post=892"}],"version-history":[{"count":5,"href":"https:\/\/physics.uwb.edu.pl\/wf\/ptf\/wp-json\/wp\/v2\/pages\/892\/revisions"}],"predecessor-version":[{"id":920,"href":"https:\/\/physics.uwb.edu.pl\/wf\/ptf\/wp-json\/wp\/v2\/pages\/892\/revisions\/920"}],"wp:attachment":[{"href":"https:\/\/physics.uwb.edu.pl\/wf\/ptf\/wp-json\/wp\/v2\/media?parent=892"}],"curies":[{"name":"wp","href":"https:\/\/api.w.org\/{rel}","templated":true}]}}