{"id":130,"date":"2019-05-23T20:12:05","date_gmt":"2019-05-23T20:12:05","guid":{"rendered":"http:\/\/physics.uwb.edu.pl\/wf\/wolszewski\/?page_id=130"},"modified":"2026-04-23T09:34:57","modified_gmt":"2026-04-23T09:34:57","slug":"dzialalnosc-popularyzatorska","status":"publish","type":"page","link":"https:\/\/physics.uwb.edu.pl\/wf\/wolszewski\/dzialalnosc-popularyzatorska\/","title":{"rendered":"Dzia\u0142alno\u015b\u0107 popularyzatorska"},"content":{"rendered":"\n<h2 class=\"wp-block-heading\">Rok akademicki 2025\/2026:<\/h2>\n\n\n\n<ul class=\"wp-block-list\">\n<li>03.03.2026 \u2013 promocja Wydzia\u0142u Fizyki podczas akcji Uczelnie w powiecie w Zespole Szk\u00f3\u0142 nr 1 w Zambrowie;<\/li>\n<\/ul>\n\n\n\n<h2 class=\"wp-block-heading\">Rok akademicki 2024\/2025:<\/h2>\n\n\n\n<ul class=\"wp-block-list\">\n<li>Wsp\u00f3\u0142prowadzenie spotka\u0144 z uczniami klas szk\u00f3\u0142 podstawowych w ramach Klubu M\u0142odego Odkrywcy \u201eNewton, Einstein a teraz my\u201d;<\/li>\n<\/ul>\n\n\n\n<h2 class=\"wp-block-heading\">Rok akademicki 2023\/2024:<\/h2>\n\n\n\n<ul class=\"wp-block-list\">\n<li>24.01-13.03.2024 &#8211; Wsp\u00f3\u0142prowadzenie spotka\u0144 dla uczni\u00f3w szk\u00f3l podstawowych w ramach projektu \u201eUrz\u0105dzenia mobilne wspomagaj\u0105ce m\u0142odego fizyka\u201d;<\/li>\n\n\n\n<li>20.10.2023 \u2013 Wsp\u00f3\u0142prowadzenie pokazu \u201eWahad\u0142o Foucoulta\u201d w ramach Nocy Innowacji 2023;<\/li>\n\n\n\n<li>Pe\u0142nienie funkcji koordynatora Wydzia\u0142u Fizyki ds. Podlaskiego Festiwalu Nauki i Sztuki;<\/li>\n\n\n\n<li>Wsp\u00f3\u0142prowadzenie spotka\u0144 z uczniami klas szk\u00f3\u0142 podstawowych w ramach Klubu M\u0142odego Odkrywcy \u201eNewton, Einstein a teraz my\u201d;<\/li>\n\n\n\n<li>Wsp\u00f3\u0142prowadzenie zaj\u0119\u0107 z uczniami szk\u00f3\u0142 podstawowych i ponadpodstawowych w ramach projektu &#8222;Misja Bior\u00f3\u017cnorodno\u015b\u0107&#8221;;<\/li>\n\n\n\n<li>Wsp\u00f3\u0142prowadzenie zaj\u0119\u0107 z uczniami szk\u00f3\u0142 podstawowych i ponadpodstawowych w ramach M\u0142odzie\u017cowego Uniwersytetu Przyrodniczego \u201eNowe technologie w obronie bior\u00f3\u017cnorodno\u015bci\u201d.<\/li>\n<\/ul>\n\n\n\n<h2 class=\"wp-block-heading\">Rok akademicki 2022\/2023:<\/h2>\n\n\n\n<ul class=\"wp-block-list\">\n<li>Pe\u0142nienie funkcji koordynatora Wydzia\u0142u Fizyki ds. Podlaskiego Festiwalu Nauki i Sztuki;<\/li>\n\n\n\n<li>Wsp\u00f3\u0142prowadzenie spotka\u0144 z uczniami klas szk\u00f3\u0142 podstawowych w ramach Klubu M\u0142odego Odkrywcy \u201eNewton, Einstein a teraz my\u201d;<\/li>\n\n\n\n<li>Wsp\u00f3\u0142prowadzenie zaj\u0119\u0107 z uczniami szk\u00f3\u0142 podstawowych i ponadpodstawowych w ramach M\u0142odzie\u017cowego Uniwersytetu Przyrodniczego \u201eNowe technologie w obronie bior\u00f3\u017cnorodno\u015bci\u201d.<\/li>\n<\/ul>\n\n\n\n<h2 class=\"wp-block-heading\">Rok akademicki 2021\/2022:<\/h2>\n\n\n\n<ul class=\"wp-block-list\">\n<li>Wsp\u00f3\u0142prowadzenie zaj\u0119\u0107 z uczniami klas V-VIII w ramach M\u0142odzie\u017cowego Uniwersytetu Przyrodniczego &#8222;Cztery \u017bywio\u0142y Ziemi \u2013 poznaj\u0119 i m\u0105drze korzystam&#8221;.<\/li>\n<\/ul>\n\n\n\n<h2 class=\"wp-block-heading\">Rok akademicki 2020\/2021:<\/h2>\n\n\n\n<ul class=\"wp-block-list\">\n<li>15.06.2021 &#8211; Przygotowanie wystawy &#8222;Dziesi\u0119ciu fizyk\u00f3w stulecia PTF&#8221; prezentowanej w holu Wydzia\u0142u Fizyki;<\/li>\n\n\n\n<li>26.05.2021 &#8211; Przygotowanie filmu wykorzystanego podczas pokazu &#8222;S\u0142one i s\u0142odkie struktury krystaliczne&#8221; odbywaj\u0105cego si\u0119 w ramach Spotka\u0144 z Nauk\u0105 2021;<\/li>\n\n\n\n<li>Wsp\u00f3\u0142prowadzenie zaj\u0119\u0107 z uczniami klas V-VIII w ramach M\u0142odzie\u017cowego Uniwersytetu Przyrodniczego &#8222;Cztery \u017bywio\u0142y Ziemi \u2013 poznaj\u0119 i m\u0105drze korzystam&#8221;.<\/li>\n<\/ul>\n\n\n\n<h2 class=\"wp-block-heading\">Rok akademicki 2019\/2020:<\/h2>\n\n\n\n<ul class=\"wp-block-list\">\n<li>Brak (<em>pandemia<\/em>).<\/li>\n<\/ul>\n\n\n\n<h2 class=\"wp-block-heading\">Rok akademicki 2018\/2019:<\/h2>\n\n\n\n<ul class=\"wp-block-list\">\n<li>09.09.2019 &#8211; Wsp\u00f3\u0142organizowanie stanowiska Wydzia\u0142u Fizyki podczas Salonu Maturzyst\u00f3w &#8222;Perspektywy&#8221; 2019;<\/li>\n\n\n\n<li>25.05.2019 &#8211; Wsp\u00f3\u0142organizowanie stanowiska Wydzia\u0142u Fizyki podczas Rodzinnego Pikniku Naukowego na Stadionie Miejskim w Bia\u0142ymstoku;<\/li>\n\n\n\n<li>20.05.2019 &#8211; Wsp\u00f3\u0142organizowanie pokaz\u00f3w na Wydziale Fizyki w ramach XVII Podlaskiego Festiwalu Nauki i Sztuki.<\/li>\n<\/ul>\n\n\n\n<h2 class=\"wp-block-heading\">Rok akademicki 2017\/2018:<\/h2>\n\n\n\n<ul class=\"wp-block-list\">\n<li>Urlop naukowy<\/li>\n<\/ul>\n\n\n\n<h2 class=\"wp-block-heading\">Rok akademicki 2016\/2017:<\/h2>\n\n\n\n<ul class=\"wp-block-list\">\n<li>Urlop naukowy<\/li>\n<\/ul>\n\n\n\n<h2 class=\"wp-block-heading\">Rok akademicki 2015\/2016:<\/h2>\n\n\n\n<ul class=\"wp-block-list\">\n<li>Urlop naukowy<\/li>\n<\/ul>\n\n\n\n<h2 class=\"wp-block-heading\">Rok akademicki 2014\/2015:<\/h2>\n\n\n\n<ul class=\"wp-block-list\">\n<li>Urlop naukowy<\/li>\n<\/ul>\n\n\n\n<h2 class=\"wp-block-heading\">Rok akademicki 2013\/2014:<\/h2>\n\n\n\n<ul class=\"wp-block-list\">\n<li>20.11.2013 &#8211; prezentacja Wydzia\u0142u Fizyki podczas targ\u00f3w edukacyjnych w XI LO w Bia\u0142ymstoku;<\/li>\n\n\n\n<li>Wsp\u00f3\u0142prowadzenie spotka\u0144 dla uczni\u00f3w i nauczycieli szk\u00f3\u0142 gimnazjalnych i ponadgimnazjalnych w ramach <i>Pokaz\u00f3w z fizyki<\/i>: mechanika.<\/li>\n<\/ul>\n\n\n\n<h2 class=\"wp-block-heading\">Rok akademicki 2012\/2013:<\/h2>\n\n\n\n<ul class=\"wp-block-list\">\n<li>13.10.2012 &#8211; przeprowadzenie pokaz\u00f3w tematycznych &#8222;To co drga i faluje&#8221; oraz &#8222;Zabawy z r\u00f3wnowag\u0105&#8221; dla uczni\u00f3w klas II i III Gimnazjum nr 1 w Grajewie;<\/li>\n\n\n\n<li>Wsp\u00f3\u0142prowadzenie spotka\u0144 dla uczni\u00f3w i nauczycieli szk\u00f3\u0142 gimnazjalnych i ponadgimnazjalnych w ramach <i>Pokaz\u00f3w z fizyki<\/i>: mechanika.<\/li>\n<\/ul>\n\n\n\n<h2 class=\"wp-block-heading\">Rok akademicki 2011\/2012:<\/h2>\n\n\n\n<ul class=\"wp-block-list\">\n<li>Wsp\u00f3\u0142prowadzenie spotka\u0144 dla uczni\u00f3w i nauczycieli szk\u00f3\u0142 gimnazjalnych i ponadgimnazjalnych w ramach <i>Pokaz\u00f3w z fizyki<\/i>: mechanika.<\/li>\n<\/ul>\n\n\n\n<h2 class=\"wp-block-heading\">Rok akademicki 2010\/2011:<\/h2>\n\n\n\n<ul class=\"wp-block-list\">\n<li>27.06.2011 &#8211; prowadzenie pokazu prostych do\u015bwiadcze\u0144 fizycznych w ramach Dnia Akademickiego ko\u0144cz\u0105cego IX Podlaski Festiwal Nauki i Sztuki;<\/li>\n\n\n\n<li>27.11.2010 &#8211; przeprowadzenie pokaz\u00f3w tematycznych z mechaniki oraz z u\u017cyciem ciek\u0142ego azotu dla uczni\u00f3w klas II Gimnazjum w Dzia\u0142dowie;<\/li>\n\n\n\n<li>Wsp\u00f3\u0142prowadzenie spotka\u0144 dla uczni\u00f3w i nauczycieli szk\u00f3\u0142 gimnazjalnych i ponadgimnazjalnych w ramach <i>Pokaz\u00f3w z fizyki<\/i>: mechanika.<\/li>\n<\/ul>\n\n\n\n<h2 class=\"wp-block-heading\">Rok akademicki 2009\/2010:<\/h2>\n\n\n\n<ul class=\"wp-block-list\">\n<li>19.05.2010 &#8211; asystowanie przy pokazie &#8222;Oddzia\u0142ywanie promieniowania z materi\u0105&#8221; przeprowadzonego w ramach VIII Podlaskiego Festiwalu Nauki i Sztuki;<\/li>\n\n\n\n<li>20.11.2009 &#8211; promocja Wydzia\u0142u Fizyki w Zespole Szk\u00f3\u0142 Technicznych w Kolnie i Zespole Szk\u00f3\u0142 nr. 1 w Zambrowie;<\/li>\n\n\n\n<li>23.09.2009 &#8211; prezentacja do\u015bwiadczenia z absorpcj\u0105 promieniowania alfa i gamma w ramach panelu <i>\u201eDlaczego warto studiowa\u0107 na kierunkach technicznych, matematycznych i przyrodniczych\u201d<\/i>; Salon Maturzyst\u00f3w Perspektywy 2009;<\/li>\n\n\n\n<li>Wsp\u00f3\u0142prowadzenie spotka\u0144 dla uczni\u00f3w i nauczycieli szk\u00f3\u0142 gimnazjalnych i ponadgimnazjalnych w ramach <i>Pokaz\u00f3w z fizyki<\/i>: mechanika;<\/li>\n\n\n\n<li>Wsp\u00f3\u0142redagowanie dzia\u0142u &#8222;Zadaj pytanie fizykowi&#8221;.<\/li>\n<\/ul>\n\n\n\n<h2 class=\"wp-block-heading\">Rok akademicki 2008\/2009:<\/h2>\n\n\n\n<ul class=\"wp-block-list\">\n<li>01-06.06.2009 &#8211; opieka nad stanowiskiem &#8222;Kolejka magnetyczna MagLev&#8221; w trakcie wystawy <i>Wielki Zderzacz Hadron\u00f3w &#8211; Jak to dzia\u0142a?;<\/i><\/li>\n\n\n\n<li>Prezentacja wybranych do\u015bwiadcze\u0144 z mechaniki w ramach dni otwartych Wydzia\u0142u Fizyki;<\/li>\n\n\n\n<li>Wsp\u00f3\u0142prowadzenie spotka\u0144 dla uczni\u00f3w i nauczycieli szk\u00f3\u0142 gimnazjalnych i ponadgimnazjalnych w ramach <i>Pokaz\u00f3w z fizyki<\/i>: mechanika;<\/li>\n\n\n\n<li>Zaprojektowanie i prowadzenie strony internetowej <i>Pokaz\u00f3w z fizyki.<\/i><\/li>\n<\/ul>\n\n\n\n<h2 class=\"wp-block-heading\">Rok akademicki 2007\/2008:<\/h2>\n\n\n\n<ul class=\"wp-block-list\">\n<li>Prowadzenie spotka\u0144 dla uczni\u00f3w i nauczycieli szk\u00f3\u0142 gimnazjalnych i ponadgimnazjalnych w ramach <i>Pokaz\u00f3w z fizyki<\/i>: mechanika, elektromagnetyzm, gimnazjum w pigu\u0142ce.<\/li>\n<\/ul>\n\n\n\n<h2 class=\"wp-block-heading\">Rok akademicki 2006\/2007:<\/h2>\n\n\n\n<ul class=\"wp-block-list\">\n<li>Prezentacja Instytutu Fizyki na Dniach otwartych Uniwersytetu w Bia\u0142ymstoku.<\/li>\n<\/ul>\n\n\n\n<h2 class=\"wp-block-heading\">Rok akademicki 2005\/2006:<\/h2>\n\n\n\n<ul class=\"wp-block-list\">\n<li>Prezentacja Instytutu Fizyki na Targach edukacyjnych zorganizowanych w Liceum Og\u00f3lnokszta\u0142c\u0105cym nr. II w Bia\u0142ymstoku.<\/li>\n<\/ul>\n\n\n\n<h2 class=\"wp-block-heading\">Rok akademicki 2004\/2005:<\/h2>\n\n\n\n<ul class=\"wp-block-list\">\n<li>Prezentacja Instytutu Fizyki na Dniach otwartych Uniwersytetu w Bia\u0142ymstoku.<\/li>\n<\/ul>\n","protected":false},"excerpt":{"rendered":"<p>Rok akademicki 2025\/2026: Rok akademicki 2024\/2025: Rok akademicki 2023\/2024: Rok akademicki 2022\/2023: Rok akademicki 2021\/2022: Rok akademicki 2020\/2021: Rok akademicki 2019\/2020: Rok akademicki 2018\/2019: Rok akademicki 2017\/2018: Rok akademicki 2016\/2017: Rok akademicki 2015\/2016: Rok akademicki 2014\/2015: Rok akademicki 2013\/2014: Rok akademicki 2012\/2013: Rok akademicki 2011\/2012: Rok akademicki 2010\/2011: Rok akademicki 2009\/2010: Rok akademicki 2008\/2009: Rok [&hellip;]<\/p>\n","protected":false},"author":25,"featured_media":0,"parent":0,"menu_order":1,"comment_status":"closed","ping_status":"closed","template":"","meta":{"site-sidebar-layout":"default","site-content-layout":"","ast-site-content-layout":"default","site-content-style":"default","site-sidebar-style":"default","ast-global-header-display":"","ast-banner-title-visibility":"","ast-main-header-display":"","ast-hfb-above-header-display":"","ast-hfb-below-header-display":"","ast-hfb-mobile-header-display":"","site-post-title":"","ast-breadcrumbs-content":"","ast-featured-img":"","footer-sml-layout":"","ast-disable-related-posts":"","theme-transparent-header-meta":"","adv-header-id-meta":"","stick-header-meta":"","header-above-stick-meta":"","header-main-stick-meta":"","header-below-stick-meta":"","astra-migrate-meta-layouts":"default","ast-page-background-enabled":"default","ast-page-background-meta":{"desktop":{"background-color":"var(--ast-global-color-4)","background-image":"","background-repeat":"repeat","background-position":"center center","background-size":"auto","background-attachment":"scroll","background-type":"","background-media":"","overlay-type":"","overlay-color":"","overlay-opacity":"","overlay-gradient":""},"tablet":{"background-color":"","background-image":"","background-repeat":"repeat","background-position":"center center","background-size":"auto","background-attachment":"scroll","background-type":"","background-media":"","overlay-type":"","overlay-color":"","overlay-opacity":"","overlay-gradient":""},"mobile":{"background-color":"","background-image":"","background-repeat":"repeat","background-position":"center center","background-size":"auto","background-attachment":"scroll","background-type":"","background-media":"","overlay-type":"","overlay-color":"","overlay-opacity":"","overlay-gradient":""}},"ast-content-background-meta":{"desktop":{"background-color":"var(--ast-global-color-5)","background-image":"","background-repeat":"repeat","background-position":"center center","background-size":"auto","background-attachment":"scroll","background-type":"","background-media":"","overlay-type":"","overlay-color":"","overlay-opacity":"","overlay-gradient":""},"tablet":{"background-color":"var(--ast-global-color-5)","background-image":"","background-repeat":"repeat","background-position":"center center","background-size":"auto","background-attachment":"scroll","background-type":"","background-media":"","overlay-type":"","overlay-color":"","overlay-opacity":"","overlay-gradient":""},"mobile":{"background-color":"var(--ast-global-color-5)","background-image":"","background-repeat":"repeat","background-position":"center center","background-size":"auto","background-attachment":"scroll","background-type":"","background-media":"","overlay-type":"","overlay-color":"","overlay-opacity":"","overlay-gradient":""}},"ngg_post_thumbnail":0,"footnotes":""},"class_list":["post-130","page","type-page","status-publish","hentry"],"_links":{"self":[{"href":"https:\/\/physics.uwb.edu.pl\/wf\/wolszewski\/wp-json\/wp\/v2\/pages\/130","targetHints":{"allow":["GET"]}}],"collection":[{"href":"https:\/\/physics.uwb.edu.pl\/wf\/wolszewski\/wp-json\/wp\/v2\/pages"}],"about":[{"href":"https:\/\/physics.uwb.edu.pl\/wf\/wolszewski\/wp-json\/wp\/v2\/types\/page"}],"author":[{"embeddable":true,"href":"https:\/\/physics.uwb.edu.pl\/wf\/wolszewski\/wp-json\/wp\/v2\/users\/25"}],"replies":[{"embeddable":true,"href":"https:\/\/physics.uwb.edu.pl\/wf\/wolszewski\/wp-json\/wp\/v2\/comments?post=130"}],"version-history":[{"count":16,"href":"https:\/\/physics.uwb.edu.pl\/wf\/wolszewski\/wp-json\/wp\/v2\/pages\/130\/revisions"}],"predecessor-version":[{"id":1796,"href":"https:\/\/physics.uwb.edu.pl\/wf\/wolszewski\/wp-json\/wp\/v2\/pages\/130\/revisions\/1796"}],"wp:attachment":[{"href":"https:\/\/physics.uwb.edu.pl\/wf\/wolszewski\/wp-json\/wp\/v2\/media?parent=130"}],"curies":[{"name":"wp","href":"https:\/\/api.w.org\/{rel}","templated":true}]}}