{"id":340,"date":"2019-10-03T13:51:05","date_gmt":"2019-10-03T13:51:05","guid":{"rendered":"http:\/\/physics.uwb.edu.pl\/wf\/wolszewski\/?page_id=340"},"modified":"2025-07-01T12:27:06","modified_gmt":"2025-07-01T12:27:06","slug":"orals-and-posters","status":"publish","type":"page","link":"https:\/\/physics.uwb.edu.pl\/wf\/wolszewski\/en\/orals-and-posters\/","title":{"rendered":"Oral and poster presentations"},"content":{"rendered":"\n<h2 class=\"wp-block-heading\">Invited oral presentations:<\/h2>\n\n\n\n<ol class=\"wp-block-list\">\n<li>W. Olszewski, L. Simonelli, C. Marini, N. Ramanan, M. Okubo, T. Mizokawa, N. L. Saini<b> &#8222;<\/b><b>The role of the atomic bond strengths and structural disorder in <\/b><b>MXene<\/b><b> materials for rechargeable ion-batteries<\/b><b>&#8222;<\/b>; 3rd International Conference on Battery and Fuel Cell Technology (2018); London, United Kingdom;<\/li>\n\n\n\n<li>W. Olszewski, L. Simonelli, C. Marini, M. Avila, M. Okubo, T. Mizokawa, N. L. Saini <strong>&#8222;Study of Li and Na-ion cathode materials by hard x-ray absorption and emission spectroscopies&#8221;<\/strong>; EMN Meeting on Fuel Cells (2016), Jeju, South Korea.<\/li>\n<\/ol>\n\n\n\n<h2 class=\"wp-block-heading\">Oral presentations:<\/h2>\n\n\n\n<ol class=\"wp-block-list\">\n<li>W. Olszewski, L. Simonelli <strong>&#8222;Innovative Approach for the Study of Battery Materials&#8221;<\/strong>, Materials Today Conference (2025), Sitges, Hiszpania,<\/li>\n\n\n\n<li>W. Olszewski, P. Kaghazchi, C. Marini, B. M. Okubo, A. Yamada, T. Mizokawa, N.L. Saini, L. Simonelli <strong>\u201eThe role of the local structural properties in the electrochemical characteristics of Na<sub>1-x<\/sub>Fe<sub>1-y<\/sub>Ni<sub>y<\/sub>O<sub>2<\/sub> cathodes\u201d<\/strong>, XI AUSE Conference and VI ALBA Users Meeting (2024), Oviedo, Hiszpania,<\/li>\n\n\n\n<li>W. Olszewski<strong> &#8222;<\/strong>The impact of structural disorder on the properties of selected cathode materials<strong>&#8222;<\/strong>; Faculty of Physics; (2024) Bia\u0142ystok, Poland;<\/li>\n\n\n\n<li>W. Olszewski, C. Marini, S. Kajiyama, M. Okubo, A. Yamada, T. Mizokawa, N.L. Saini, L.&nbsp;Simonelli <strong>\u201eXAS measurements of Ti Based MAX and MXene Materials\u201d<\/strong>; 7th European Congress on Advanced Nanotechnology and Nanomaterials, Rome, Italy;<\/li>\n\n\n\n<li>W. Olszewski, C. Marini, S. Kajiyama, M. Okubo, A. Yamada, T. Mizokawa, N.L. Saini, L.&nbsp;Simonelli <strong>\u201eInvestigating the Local Structure of Ti Based MXene Materials by Temperature Dependent X-Ray Absorption Spectroscopy\u201d<\/strong>; X AUSE Conference &amp; V ALBA user\u2019s meeting (2022), Barcelona, Spain;<\/li>\n\n\n\n<li>W. Olszewski, L. Simonelli, C. Marini, N. Ramanan, M. Okubo, T. Mizokawa, N. L. Saini<b> &#8222;<\/b><b>Investigation of <\/b><b>MXene<\/b><b> materials for rechargeable ion-batteries<\/b><b>&#8222;<\/b>; 20th International Conference on Advanced Energy Materials and Research (2018); Dublin, Ireland;<\/li>\n\n\n\n<li>W. Olszewski, L. Simonelli, C. Marini, M. Avila, M. Okubo, T. Mizokawa, N. L. Saini <strong>&#8222;Local properties of V2O5 probed by X-ray absorption spectroscopy&#8221;<\/strong>; Materials Research Society meeting (2017); Boston, USA<strong>;<\/strong><\/li>\n\n\n\n<li>W. Olszewski, L. Simonelli, C. Marini, M. Avila, M. Okubo, T. Mizokawa, N. L. Saini <strong>&#8222;Nano-structuring effects on the local properties of V2O5 probed by temperature dependent X-ray absorption spectroscopy&#8221;<\/strong>; European Materials Research Society Fall meeting (2016); Warsaw, Poland;<\/li>\n\n\n\n<li>W. Olszewski, M. Avila, <b>&#8222;BL22 \u2013 CL\u00c6SS Core Level Absorption &amp; Emission Spectroscopies status &amp; near future upgrades&#8221;<\/b>; <i>EAgLE Workshop: New challenges and solutions for XAS data analysis part I &#8211; mXAN code for XANES analysis (2014)<\/i>; Warsaw, Poland;<\/li>\n\n\n\n<li>W. Olszewski, <b>&#8222;Changes in local structure of iron ion in selected electrolytes&#8221;<\/b>; <i>ALBA-CELLS<\/i>; (2014) Cerdanyola del Valles, Spain.<\/li>\n<\/ol>\n\n\n\n<h2 class=\"wp-block-heading\">Oral presentations in Polish:<\/h2>\n\n\n\n<ol class=\"wp-block-list\">\n<li>U. Klekotka, W. Olszewski, M. Bielicka, D. Satu\u0142a, B. Kalska-Szostko, \u201eWp\u0142yw warunk\u00f3w syntezy na w\u0142a\u015bciwo\u015bci nanocz\u0105stek tlenku \u017celaza \u2013 badania temperaturowe\u201d; <em>XIII <\/em><i>National M\u00f6ssbauer Spectroscopy Seminar<\/i>; (2024) Zawiercie, Poland;<\/li>\n\n\n\n<li>W. Olszewski,<strong> &#8222;Badania materia\u0142\u00f3w katodowych metod\u0105 rentgenowskiej spektroskopii absorpcyjnej i emisyjnej&#8221;<\/strong>; <em><i>Faculty of Physics<\/i><\/em>; (2020) Bia\u0142ystok, Poland;<\/li>\n\n\n\n<li>W. Olszewski, <b>&#8222;Lokalna struktura jonu \u017celaza w wybranych elektrolitach oraz perspektywy ich zastosowa\u0144&#8221;<\/b>; <i>Faculty of Physics<\/i>; (2013) Bia\u0142ystok, Poland;<\/li>\n\n\n\n<li>W. Olszewski, <b>&#8222;Nadprzewodz\u0105ce w\u0142a\u015bciwo\u015bci chalkogenidk\u00f3w \u017celaza&#8221;<\/b>; <i>Faculty of Physics<\/i>; (2011) Bia\u0142ystok, Poland;<\/li>\n\n\n\n<li>W. Olszewski, <b>&#8222;Zmiany lokalnego otoczenia jonu Fe(II) w elektrolitach na bazie wody i acetonu&#8221;<\/b>; <i>Faculty of Physics<\/i>; (2010) Bia\u0142ystok, Poland;<\/li>\n\n\n\n<li>W. Olszewski, <b>&#8222;Badania XAFS elektrolit\u00f3w &#8211; wodnego i acetonowego&#8221;<\/b>; <i>Faculty of Physics<\/i>; (2009) Bia\u0142ystok, Polska;<\/li>\n\n\n\n<li>W. Olszewski, K.Szyma\u0144ski, D.Satu\u0142a, M.Biernacka, E.K.Talik, <b>&#8222;Badania warstw Fe nanoszonych z elektrolitu na bazie acetonu&#8221;<\/b>; <i>National M\u00f6ssbauer Spectroscopy Seminar<\/i>; (2008) Koninki, Poland;<\/li>\n\n\n\n<li>W. Olszewski, <b>&#8222;Warstwy metaliczne otrzymywane z elektrolit\u00f3w na bazie keton\u00f3w&#8221;<\/b>; <i>Institute of Expetimental Physics<\/i>; (2007) Bia\u0142ystok, Poland;<\/li>\n\n\n\n<li>W. Olszewski, K.Szyma\u0144ski, D.Satu\u0142a, L.Dobrzy\u0144ski, <b>&#8222;Wyznaczenie tekstury magnetycznej przy u\u017cyciu CEMS z promieniowaniem spolaryzowanym ko\u0142owo&#8221;<\/b>; <i>National M\u00f6ssbauer Spectroscopy Seminar<\/i>; (2006) Cz\u0119stochowa-Kosz\u0119cin, Poland;<\/li>\n\n\n\n<li>W. Olszewski, <b>&#8222;Metody polarymetryczne w spektroskopii M\u00f6ssbauera&#8221;<\/b>; <i>Institute of Expetimental Physics<\/i>; (2005) Bia\u0142ystok, Poland.<\/li>\n<\/ol>\n\n\n\n<h2 class=\"wp-block-heading\">Poster presentations:<\/h2>\n\n\n\n<ol class=\"wp-block-list\">\n<li>W. Olszewski, P. Ba\u0144kowski, M. Reyaud, J. Serrano Sevillano, L. Musuvadhi Babual, D. Saurel, A. Skorynina, A. Sorrentino, V. Martin Diaconescu, M. Casas Cabanas, L. Simonelli <strong>&#8222;Impact of the microstructural features on the electrochemical performances of Li2MnO3&#8221;<\/strong>, Materials Today Conference (2025), Sitges, Hiszpania,<\/li>\n\n\n\n<li>P. Butkiewicz, M. Biernacka, W. Olszewski, D. Satu\u0142a, K. Re\u0107ko, P. Dziawa, K. Szyma\u0144ski <strong>\u201eScanning electron microscopy investigations of GaFeO3 single crystal\u201d<\/strong>; IEEE International Symposium on Applications of Ferroelectrics (2022); Tours, France;<\/li>\n\n\n\n<li>W. Olszewski, K. Re\u0107ko, C. Marini, D. Satu\u0142a, G. Andre, U. Wykowska <strong>&#8222;Local structural study of orthogonal and hexagonal multiferroic GaFeO3 samples prepared by sol-gel methods&#8221;<\/strong>; International Conference on Strongly Correlated Electron Systems (2017); Prague, Czech Republic;<\/li>\n\n\n\n<li>W. Olszewski, K. Re\u0107ko, C. Marini, D. Satu\u0142a, G. Andre, U. Wykowska <strong>&#8222;Temperature study of multiferroic GaFeO3 samples prepared by sol-gel method&#8221;<\/strong>; European Materials Research Society Fall meeting (2015); Warsaw, Poland;<\/li>\n\n\n\n<li>W. Olszewski, K. Re\u0107ko, C. Marini, D. Satu\u0142a, G. Andre, U. Wykowska <strong>&#8222;Local structural study of multiferroic GaFeO3 samples&#8221;<\/strong>; 5th European Conference on Molecular Magnetism (2015); Zaragoza, Spain;<\/li>\n\n\n\n<li>W. Olszewski, K. Re\u0107ko, D. Satu\u0142a, G. Andre, U. Wykowska <b>&#8222;Studies of orthorhombic and hexagonal GaFeO<sub>3<\/sub> multiferroic compound&#8221;<\/b>; SAC &#8211; Science Advisory Board Meeting (2014); Cerdanyola del Valles, Spain;<\/li>\n\n\n\n<li>W. Olszewski, K. Szyma\u0144ski, D. Satu\u0142a <b>&#8222;M\u00f6ssbauer Measurements Of Iron In Acetone Based Frozen Electrolytes&#8221;<\/b>; &#8222;M\u00f6ssbauer Spectroscopy in Materials Science&#8221; (2012); Olomouc, Czech Republic; <i>Award for the best poster<\/i>;<\/li>\n\n\n\n<li>W. Olszewski, K. Szyma\u0144ski, D. Satu\u0142a, D. Oleszak <b>&#8222;M\u00f6ssbauer investigation of bcc, Fe based, multicomponent alloys&#8221;<\/b>; <i>National M\u00f6ssbauer Spectroscopy Seminar<\/i> (2012); Lublin, Poland;<\/li>\n\n\n\n<li>W. Olszewski, K. Szyma\u0144ski <b>&#8222;M\u00f6ssbauer Measurements Of Iron In Water &amp; Acetone Based Electrolytes&#8221;<\/b>; 7th Seeheim Workshop on M\u00f6ssbauer Spectroscopy (2011); Frankfurt, Germany;<\/li>\n\n\n\n<li>W. Olszewski, K. Szyma\u0144ski, P. Zaleski, D. A. Zaj\u0105c <b>&#8222;Changes in local structure of Fe(II) ion in water and acetone based solutions&#8221;<\/b>; 14th International Conference on X-ray Absorption Fine Structure (2009); Camerino, Italy;<\/li>\n\n\n\n<li>W. Olszewski, K. Szyma\u0144ski, P. Zaleski, D. A. Zaj\u0105c <b>&#8222;EXAFS analysis of Fe2+ water and acetone based solution&#8221;<\/b>; 9th International School and Symposium on Synchrotron Radiation in Natural Science (2008); Ameli\u00f3wka, Poland;&nbsp;<i>Award for the best poster<\/i>;<\/li>\n\n\n\n<li>W. Olszewski, K. Szyma\u0144ski, R. Sobiecki <b>&#8222;3d-metallic layers electrochemically deposited from nearly nonaqueous electrolyte&#8221;<\/b>; The MAG-EL-MAT Scientific Network Members Meeting \u201eNew materials for magnetoelectronics\u201d (2007); B\u0119dlewo, Poland;<\/li>\n\n\n\n<li>W. Olszewski, K. Szyma\u0144ski, D. Satu\u0142a, L. Dobrzy\u0144ski <b>&#8222;Applications of CEMS with circularly polarized radiation&#8221;<\/b>; XVIII International School on Physics and Chemistry of Condensed Matter \u201cSpectroscopy of Modern Materials\u201d (2006); Bia\u0142owie\u017ca, Poland;<\/li>\n\n\n\n<li>W. Olszewski, K. Szyma\u0144ski, L. Dobrzy\u0144ski, D. Satu\u0142a <b>&#8222;Conversion electron M\u00f6ssbauer spectroscopy with a single-line circularly polarized source&#8221;<\/b>; Sixth Seeheim Workshop on M\u00f6ssbauer Spectroscopy (2006); Seeheim, Germany;<\/li>\n\n\n\n<li>W. Olszewski, K. Szyma\u0144ski, L. Dobrzy\u0144ski, D. Satu\u0142a, J. Jankowska-Kisieli\u0144ska <b>&#8222;Magnetic moments distribution in gamma-Mn-Fe single crystal&#8221;<\/b>; XVII International School on Physics and Chemistry of Condensed Matter and V International Symposium on Physics in Material Science &#8222;Materials in Transition&#8221; (2005); Bia\u0142owie\u017ca, Poland.<\/li>\n<\/ol>\n","protected":false},"excerpt":{"rendered":"<p>Invited oral presentations: Oral presentations: Oral presentations in Polish: Poster presentations:<\/p>\n","protected":false},"author":25,"featured_media":0,"parent":0,"menu_order":6,"comment_status":"closed","ping_status":"closed","template":"","meta":{"site-sidebar-layout":"default","site-content-layout":"","ast-site-content-layout":"default","site-content-style":"default","site-sidebar-style":"default","ast-global-header-display":"","ast-banner-title-visibility":"","ast-main-header-display":"","ast-hfb-above-header-display":"","ast-hfb-below-header-display":"","ast-hfb-mobile-header-display":"","site-post-title":"","ast-breadcrumbs-content":"","ast-featured-img":"","footer-sml-layout":"","ast-disable-related-posts":"","theme-transparent-header-meta":"","adv-header-id-meta":"","stick-header-meta":"","header-above-stick-meta":"","header-main-stick-meta":"","header-below-stick-meta":"","astra-migrate-meta-layouts":"default","ast-page-background-enabled":"default","ast-page-background-meta":{"desktop":{"background-color":"var(--ast-global-color-4)","background-image":"","background-repeat":"repeat","background-position":"center center","background-size":"auto","background-attachment":"scroll","background-type":"","background-media":"","overlay-type":"","overlay-color":"","overlay-opacity":"","overlay-gradient":""},"tablet":{"background-color":"","background-image":"","background-repeat":"repeat","background-position":"center center","background-size":"auto","background-attachment":"scroll","background-type":"","background-media":"","overlay-type":"","overlay-color":"","overlay-opacity":"","overlay-gradient":""},"mobile":{"background-color":"","background-image":"","background-repeat":"repeat","background-position":"center center","background-size":"auto","background-attachment":"scroll","background-type":"","background-media":"","overlay-type":"","overlay-color":"","overlay-opacity":"","overlay-gradient":""}},"ast-content-background-meta":{"desktop":{"background-color":"var(--ast-global-color-5)","background-image":"","background-repeat":"repeat","background-position":"center center","background-size":"auto","background-attachment":"scroll","background-type":"","background-media":"","overlay-type":"","overlay-color":"","overlay-opacity":"","overlay-gradient":""},"tablet":{"background-color":"var(--ast-global-color-5)","background-image":"","background-repeat":"repeat","background-position":"center center","background-size":"auto","background-attachment":"scroll","background-type":"","background-media":"","overlay-type":"","overlay-color":"","overlay-opacity":"","overlay-gradient":""},"mobile":{"background-color":"var(--ast-global-color-5)","background-image":"","background-repeat":"repeat","background-position":"center center","background-size":"auto","background-attachment":"scroll","background-type":"","background-media":"","overlay-type":"","overlay-color":"","overlay-opacity":"","overlay-gradient":""}},"ngg_post_thumbnail":0,"footnotes":""},"class_list":["post-340","page","type-page","status-publish","hentry"],"_links":{"self":[{"href":"https:\/\/physics.uwb.edu.pl\/wf\/wolszewski\/wp-json\/wp\/v2\/pages\/340","targetHints":{"allow":["GET"]}}],"collection":[{"href":"https:\/\/physics.uwb.edu.pl\/wf\/wolszewski\/wp-json\/wp\/v2\/pages"}],"about":[{"href":"https:\/\/physics.uwb.edu.pl\/wf\/wolszewski\/wp-json\/wp\/v2\/types\/page"}],"author":[{"embeddable":true,"href":"https:\/\/physics.uwb.edu.pl\/wf\/wolszewski\/wp-json\/wp\/v2\/users\/25"}],"replies":[{"embeddable":true,"href":"https:\/\/physics.uwb.edu.pl\/wf\/wolszewski\/wp-json\/wp\/v2\/comments?post=340"}],"version-history":[{"count":12,"href":"https:\/\/physics.uwb.edu.pl\/wf\/wolszewski\/wp-json\/wp\/v2\/pages\/340\/revisions"}],"predecessor-version":[{"id":1757,"href":"https:\/\/physics.uwb.edu.pl\/wf\/wolszewski\/wp-json\/wp\/v2\/pages\/340\/revisions\/1757"}],"wp:attachment":[{"href":"https:\/\/physics.uwb.edu.pl\/wf\/wolszewski\/wp-json\/wp\/v2\/media?parent=340"}],"curies":[{"name":"wp","href":"https:\/\/api.w.org\/{rel}","templated":true}]}}