{"id":76,"date":"2019-05-22T17:36:14","date_gmt":"2019-05-22T17:36:14","guid":{"rendered":"http:\/\/physics.uwb.edu.pl\/wf\/wolszewski\/?page_id=76"},"modified":"2025-06-12T07:26:49","modified_gmt":"2025-06-12T07:26:49","slug":"zajecia-ze-studentami","status":"publish","type":"page","link":"https:\/\/physics.uwb.edu.pl\/wf\/wolszewski\/zajecia-ze-studentami\/","title":{"rendered":"Zaj\u0119cia dydaktyczne"},"content":{"rendered":"<h2>Rok akademicki 2024\/2025:<\/h2>\n<ul>\n<li>Budowa materii (wyk.) &#8211; w j\u0119zyku angielskim<\/li>\n<li>Budowa materii (kon.)<\/li>\n<li>Podstawy Absorpcyjnej i Emisyjnej Spektroskopii Promieniowania X (wyk. monograficzny)<\/li>\n<\/ul>\n<h2>Rok akademicki 2023\/2024:<\/h2>\n<ul>\n<li>Podstawy fizyki fazy skondensowanej (wyk.) &#8211; w j\u0119zyku angielskim<\/li>\n<li>Budowa materii (wyk.) &#8211; w j\u0119zyku angielskim<\/li>\n<li>Budowa materii (kon.)<\/li>\n<\/ul>\n<h2>Rok akademicki 2022\/2023:<\/h2>\n<ul>\n<li>Budowa materii (wyk.) &#8211; w j\u0119zyku angielskim<\/li>\n<li>Podstawy fizyki fazy skondensowanej (kon.)<\/li>\n<li>Mechanika (lab.)<\/li>\n<li>Wst\u0119p do fizyki (lab.)<\/li>\n<li>Algebra z geometri\u0105 (lab.)<\/li>\n<li>Druga pracownia fizyczna I (lab.)<\/li>\n<li>Druga pracownia fizyczna II (lab.)<\/li>\n<li>Wizualizacja danych (lab.)<\/li>\n<\/ul>\n<h2>Rok akademicki 2021\/2022:<\/h2>\n<ul>\n<li>Podstawy Absorpcyjnej i Emisyjnej Spektroskopii Promieniowania X (wyk. monograficzny)<\/li>\n<li>Budowa materii (wyk.) &#8211; w j\u0119zyku angielskim<\/li>\n<li>Podstawy fizyki fazy skondensowanej (kon.)<\/li>\n<li>Mechanika (lab.)<\/li>\n<li>Narz\u0119dzia komputerowe (lab.)<\/li>\n<li>Technologia informacyjna dla prawnik\u00f3w (\u0107w.)<\/li>\n<\/ul>\n<h2>Rok akademicki 2020\/2021:<\/h2>\n<ul>\n<li>Podstawy fizyki fazy skondensowanej (kon.)<\/li>\n<li>Budowa materii (wyk.) &#8211; w j\u0119zyku angielskim<\/li>\n<li>Budowa materii (lab.) &#8211; w j\u0119zyku angielskim<\/li>\n<li>Rachunek niepewno\u015bci pomiarowych (lab.)<\/li>\n<li>Narz\u0119dzia komputerowe (lab.) &#8211; w j\u0119zyku angielskim<\/li>\n<li>Komputerowe techniki pomiarowe (lab.)<\/li>\n<li>Wizualizacja danych (lab.)<\/li>\n<\/ul>\n<h2>Rok akademicki 2019\/2020:<\/h2>\n<ul>\n<li>Podstawy fizyki fazy skondensowanej (kon.)<\/li>\n<li>Termodynamika (lab.) &#8211; w j\u0119zyku angielskim<\/li>\n<li>Pracownia fizyczna (lab.)<\/li>\n<li>Budowa materii (lab.) &#8211; w j\u0119zyku angielskim<\/li>\n<li>Podstawy fizyki j\u0105drowej i cz\u0105stek elementarnych (lab.) &#8211; w j\u0119zyku angielskim<\/li>\n<li>Rachunek niepewno\u015bci pomiarowych (lab.)<\/li>\n<li>Komputerowe techniki pomiarowe (lab.)<\/li>\n<li>Wizualizacja danych (lab.)<\/li>\n<li>Promocja dyscypliny fizyka w szkolnictwie powszechnym (kon.)<\/li>\n<\/ul>\n<h2>Rok akademicki 2018\/2019:<\/h2>\n<ul>\n<li>Algebra (lab.)<\/li>\n<li>Komputerowe metody obliczeniowe (lab.) &#8211; w j\u0119zyku angielskim<\/li>\n<li>Komputerowe techniki pomiarowe (lab.)<\/li>\n<li>Wizualizacja danych (kon.)<\/li>\n<\/ul>\n<h2>Rok akademicki 2017\/2018:<\/h2>\n<ul>\n<li>Urlop naukowy<\/li>\n<\/ul>\n<h2>Rok akademicki 2016\/2017:<\/h2>\n<ul>\n<li>Urlop naukowy<\/li>\n<\/ul>\n<h2>Rok akademicki 2015\/2016:<\/h2>\n<ul>\n<li>Urlop naukowy<\/li>\n<\/ul>\n<h2>Rok akademicki 2014\/2015:<\/h2>\n<ul>\n<li>Urlop naukowy<\/li>\n<\/ul>\n<h2>Rok akademicki 2013\/2014:<\/h2>\n<ul>\n<li>Termodynamika (lab.)<\/li>\n<li>Wst\u0119p do fizyki (\u0107w.)<\/li>\n<li>Podstawy fizyki j\u0105dra atomowego i cz\u0105stek elementarnych (lab.)<\/li>\n<li>II Pracownia fizyczna<\/li>\n<li>Informatyka<\/li>\n<\/ul>\n<h2>Rok akademicki 2012\/2013:<\/h2>\n<ul>\n<li>Komputerowe metody obliczeniowe I<\/li>\n<li>II Pracownia fizyczna<\/li>\n<li>Podstawy fizyki fazy skondensowanej (lab.)<\/li>\n<li>Wst\u0119p do fizyki (\u0107w.)<\/li>\n<li>Wst\u0119p do fizyki (lab.)<\/li>\n<li>Narz\u0119dzia komputerowe<\/li>\n<li>Zaj\u0119cia wyr\u00f3wnawcze z fizyki<\/li>\n<\/ul>\n<h2>Rok akademicki 2011\/2012:<\/h2>\n<ul>\n<li>Podstawy fizyki cz\u0105stek elementarnych<\/li>\n<li>Metody komputerowe (ECDL)<\/li>\n<li>Elementy fizyki teoretycznej<\/li>\n<li>Technologia informacyjna<\/li>\n<li>Podstawy fizyki fazy skondensowanej<\/li>\n<li>Wst\u0119p do fizyki<\/li>\n<li>I pracownia fizyczna<\/li>\n<li>II pracownia fizyczna<\/li>\n<li>Termodynamika z elementami fizyki statystycznej <i>(zast\u0119pstwo)<\/i><\/li>\n<\/ul>\n<h2>Rok akademicki 2010\/2011:<\/h2>\n<ul>\n<li>Metody komputerowe (ECDL)<\/li>\n<li>Informatyka<\/li>\n<li>Budowa materii<\/li>\n<li>Podstawy fizyki fazy skondensowanej<\/li>\n<li>II pracownia fizyczna<\/li>\n<li>Zaj\u0119cia wyr\u00f3wnawcze z fizyki<\/li>\n<\/ul>\n<h2>Rok akademicki 2009\/2010:<\/h2>\n<ul>\n<li>Rachunek b\u0142\u0119du<\/li>\n<li>Metody opracowania wynik\u00f3w pomiarowych<\/li>\n<li>Fizyka &#8211; seminarium<\/li>\n<li>Budowa materii<\/li>\n<li>Termodynamika z elementami fizyki statystycznej<\/li>\n<li>Zaj\u0119cia wyr\u00f3wnawcze z fizyki<\/li>\n<\/ul>\n<h2>Rok akademicki 2008\/2009:<\/h2>\n<ul>\n<li>Podstawy fizyki fazy skondensowanej<\/li>\n<li>Rachunek b\u0142\u0119du<\/li>\n<li>Fizyka &#8211; seminarium<\/li>\n<li>Mechanika klasyczna i relatywistyczna<\/li>\n<li>Termodynamika z elementami fizyki statystycznej<\/li>\n<\/ul>\n<h2>Rok akademicki 2007\/2008:<\/h2>\n<ul>\n<li>Podstawy fizyki fazy skondensowanej<\/li>\n<li>Rachunek b\u0142\u0119du<\/li>\n<li>Informatyka<\/li>\n<li>Fizyka &#8211; seminarium<\/li>\n<li>III pracownia fizyczna<\/li>\n<\/ul>\n<h2>Rok akademicki 2006\/2007:<\/h2>\n<ul>\n<li>Podstawy fizyki fazy skondensowanej<\/li>\n<li>Programowanie w j\u0119zyku FORTRAN<\/li>\n<li>Programowanie w internecie<\/li>\n<li>Konwersatorium z fizyki<\/li>\n<li>Elektryczno\u015b\u0107 i magnetyzm<\/li>\n<li>Termodynamika z elementami fizyki statystycznej<\/li>\n<\/ul>\n<h2>Rok akademicki 2005\/2006:<\/h2>\n<ul>\n<li>Podstawy fizyki fazy skondensowanej<\/li>\n<li>Programowanie w j\u0119zyku FORTRAN<\/li>\n<li>Programowanie I<\/li>\n<li>I pracownia fizyczna<\/li>\n<li>Eksperyment fizyczny wspomagany komputerowo<\/li>\n<li>Programy aplikacyjne<\/li>\n<\/ul>\n<h2>Rok akademicki 2004\/2005:<\/h2>\n<ul>\n<li>Eksperyment fizyczny wspomagany komputerowo<\/li>\n<li>Programowanie w j\u0119zyku FORTRAN<\/li>\n<li>Programy aplikacyjne<\/li>\n<\/ul>\n","protected":false},"excerpt":{"rendered":"<p>Rok akademicki 2024\/2025: Budowa materii (wyk.) &#8211; w j\u0119zyku angielskim Budowa materii (kon.) Podstawy Absorpcyjnej i Emisyjnej Spektroskopii Promieniowania X (wyk. monograficzny) Rok akademicki 2023\/2024: Podstawy fizyki fazy skondensowanej (wyk.) &#8211; w j\u0119zyku angielskim Budowa materii (wyk.) &#8211; w j\u0119zyku angielskim Budowa materii (kon.) Rok akademicki 2022\/2023: Budowa materii (wyk.) &#8211; w j\u0119zyku angielskim Podstawy [&hellip;]<\/p>\n","protected":false},"author":25,"featured_media":0,"parent":0,"menu_order":8,"comment_status":"closed","ping_status":"closed","template":"","meta":{"site-sidebar-layout":"default","site-content-layout":"","ast-site-content-layout":"default","site-content-style":"default","site-sidebar-style":"default","ast-global-header-display":"","ast-banner-title-visibility":"","ast-main-header-display":"","ast-hfb-above-header-display":"","ast-hfb-below-header-display":"","ast-hfb-mobile-header-display":"","site-post-title":"","ast-breadcrumbs-content":"","ast-featured-img":"","footer-sml-layout":"","ast-disable-related-posts":"","theme-transparent-header-meta":"","adv-header-id-meta":"","stick-header-meta":"","header-above-stick-meta":"","header-main-stick-meta":"","header-below-stick-meta":"","astra-migrate-meta-layouts":"default","ast-page-background-enabled":"default","ast-page-background-meta":{"desktop":{"background-color":"var(--ast-global-color-4)","background-image":"","background-repeat":"repeat","background-position":"center center","background-size":"auto","background-attachment":"scroll","background-type":"","background-media":"","overlay-type":"","overlay-color":"","overlay-opacity":"","overlay-gradient":""},"tablet":{"background-color":"","background-image":"","background-repeat":"repeat","background-position":"center center","background-size":"auto","background-attachment":"scroll","background-type":"","background-media":"","overlay-type":"","overlay-color":"","overlay-opacity":"","overlay-gradient":""},"mobile":{"background-color":"","background-image":"","background-repeat":"repeat","background-position":"center center","background-size":"auto","background-attachment":"scroll","background-type":"","background-media":"","overlay-type":"","overlay-color":"","overlay-opacity":"","overlay-gradient":""}},"ast-content-background-meta":{"desktop":{"background-color":"var(--ast-global-color-5)","background-image":"","background-repeat":"repeat","background-position":"center center","background-size":"auto","background-attachment":"scroll","background-type":"","background-media":"","overlay-type":"","overlay-color":"","overlay-opacity":"","overlay-gradient":""},"tablet":{"background-color":"var(--ast-global-color-5)","background-image":"","background-repeat":"repeat","background-position":"center center","background-size":"auto","background-attachment":"scroll","background-type":"","background-media":"","overlay-type":"","overlay-color":"","overlay-opacity":"","overlay-gradient":""},"mobile":{"background-color":"var(--ast-global-color-5)","background-image":"","background-repeat":"repeat","background-position":"center center","background-size":"auto","background-attachment":"scroll","background-type":"","background-media":"","overlay-type":"","overlay-color":"","overlay-opacity":"","overlay-gradient":""}},"ngg_post_thumbnail":0,"footnotes":""},"class_list":["post-76","page","type-page","status-publish","hentry"],"_links":{"self":[{"href":"https:\/\/physics.uwb.edu.pl\/wf\/wolszewski\/wp-json\/wp\/v2\/pages\/76","targetHints":{"allow":["GET"]}}],"collection":[{"href":"https:\/\/physics.uwb.edu.pl\/wf\/wolszewski\/wp-json\/wp\/v2\/pages"}],"about":[{"href":"https:\/\/physics.uwb.edu.pl\/wf\/wolszewski\/wp-json\/wp\/v2\/types\/page"}],"author":[{"embeddable":true,"href":"https:\/\/physics.uwb.edu.pl\/wf\/wolszewski\/wp-json\/wp\/v2\/users\/25"}],"replies":[{"embeddable":true,"href":"https:\/\/physics.uwb.edu.pl\/wf\/wolszewski\/wp-json\/wp\/v2\/comments?post=76"}],"version-history":[{"count":13,"href":"https:\/\/physics.uwb.edu.pl\/wf\/wolszewski\/wp-json\/wp\/v2\/pages\/76\/revisions"}],"predecessor-version":[{"id":1716,"href":"https:\/\/physics.uwb.edu.pl\/wf\/wolszewski\/wp-json\/wp\/v2\/pages\/76\/revisions\/1716"}],"wp:attachment":[{"href":"https:\/\/physics.uwb.edu.pl\/wf\/wolszewski\/wp-json\/wp\/v2\/media?parent=76"}],"curies":[{"name":"wp","href":"https:\/\/api.w.org\/{rel}","templated":true}]}}