{"id":89,"date":"2019-05-22T17:49:37","date_gmt":"2019-05-22T17:49:37","guid":{"rendered":"http:\/\/physics.uwb.edu.pl\/wf\/wolszewski\/?page_id=89"},"modified":"2025-07-01T12:18:08","modified_gmt":"2025-07-01T12:18:08","slug":"zyciorys","status":"publish","type":"page","link":"https:\/\/physics.uwb.edu.pl\/wf\/wolszewski\/zyciorys\/","title":{"rendered":"Informacje podstawowe"},"content":{"rendered":"\n<h2 class=\"wp-block-heading\"><strong><em>Dane personalne:<\/em><\/strong><\/h2>\n\n\n\n<ul class=\"wp-block-list\">\n<li><b>Imi\u0119 i nazwisko:<\/b> Wojciech Olszewski<\/li>\n\n\n\n<li><b>Data urodzenia:<\/b> 09.01.1980<\/li>\n\n\n\n<li><b>Miejsce urodzenia:<\/b> Bia\u0142ystok<\/li>\n<\/ul>\n\n\n\n<h2 class=\"wp-block-heading\"><strong><em>Identyfikacja naukowa:<\/em><\/strong><\/h2>\n\n\n\n<ul class=\"wp-block-list\">\n<li><strong>ORCID ID:&nbsp;<a href=\"https:\/\/orcid.org\/0000-0003-1577-1919\">0000-0003-1577-1919<\/a><\/strong><\/li>\n\n\n\n<li><strong>Researcher ID:&nbsp;<a href=\"https:\/\/publons.com\/researcher\/2386756\/wojciech-olszewski\/\">I-1948-2015<\/a><\/strong><\/li>\n\n\n\n<li><strong>Scopus ID: <a href=\"https:\/\/www.scopus.com\/authid\/detail.uri?authorId=25724583800\">25724583800<\/a><\/strong><\/li>\n\n\n\n<li><strong>Ludzie Nauki: <a href=\"https:\/\/nauka-polska.pl\/#\/profile\/scientist?id=249252&amp;_k=v5obqs\">249252<\/a><\/strong><\/li>\n<\/ul>\n\n\n\n<h2 class=\"wp-block-heading\"><strong><em>Wykszta\u0142cenie:<\/em><\/strong><\/h2>\n\n\n\n<ul class=\"wp-block-list\">\n<li><strong>30.06.2025<\/strong> &#8211; uzyskanie stopnia naukowego dr hab. w dziedzinie nauk \u015bcis\u0142ych i przyrodniczych w dyscyplinie nauki fizyczne na podstawie cyklu siedmiu powi\u0105zanych tematycznie publikacji pt. &#8222;<em>Wp\u0142yw sztywno\u015bci wi\u0105za\u0144 oraz nieporz\u0105dku strukturalnego na w\u0142a\u015bciwo\u015bci materia\u0142\u00f3w wykorzystywanych w bateriach<\/em>&#8222;;<\/li>\n\n\n\n<li><strong>04.06.2013<\/strong> &#8211; obrona rozprawy doktorskiej <i>&#8222;Lokalna struktura jonu \u017celaza w wybranych elektrolitach oraz perspektywy ich zastosowa\u0144&#8221;<\/i> napisanej pod kierunkiem dr hab. Krzysztofa Szyma\u0144skiego, prof UwB;<\/li>\n\n\n\n<li><strong>2011 &#8211; 2012<\/strong> &#8211; Wy\u017csza Szko\u0142a Ekonomiczna w Bia\u0142ymstoku; studia podyplomowe &#8222;Zarz\u0105dzanie badaniami naukowymi i pracami rozwojowymi&#8221; (\u015bwiadectwo z ocen\u0105 bardzo dobr\u0105);<\/li>\n\n\n\n<li><strong>21.06.2004<\/strong> &#8211; obrona pracy magisterskiej <i>&#8222;Anizotropia absorpcji rezonansowej w monokrysztale MnFeCu&#8221;<\/i> napisanej pod kierunkiem dr hab. Krzysztofa Szyma\u0144skiego;<\/li>\n\n\n\n<li><strong>1999 &#8211; 2004<\/strong> &#8211; Uniwersytet w Bia\u0142ymstoku, Wydzia\u0142 Matematyczno &#8211; Fizyczny; studia na kierunku Fizyka (dyplom z ocen\u0105 bardzo dobr\u0105);<\/li>\n\n\n\n<li><strong>1995 &#8211; 1999<\/strong> &#8211; Liceum Og\u00f3lnokszta\u0142c\u0105ce nr I im. T. Ko\u015bciuszki w \u0141om\u017cy, klasa o profilu matematyczno &#8211; fizycznym;<\/li>\n\n\n\n<li><strong>1987 &#8211; 1995<\/strong> &#8211; Szko\u0142a Podstawowa nr II im. W. Broniewskiego w \u0141om\u017cy.<\/li>\n<\/ul>\n\n\n\n<h2 class=\"wp-block-heading\"><strong><em>Do\u015bwiadczenie zawodowe:<\/em><\/strong><\/h2>\n\n\n\n<ul class=\"wp-block-list\">\n<li><strong>od 01.10.2020<\/strong> &#8211; praca na stanowisku adiunkta na Wydziale Fizyki UwB;<\/li>\n\n\n\n<li><strong>03.03.2019 &#8211; 30.09.2020 <\/strong>&#8211; praca na stanowisku asystenta na Wydziale Fizyki UwB;<\/li>\n\n\n\n<li><strong>03.03.2014 &#8211; 02.03.2019<\/strong> &#8211; sta\u017c podoktorski w ALBA-CELLS Synchrotron Light Facility, Cerdanyola del Vall\u00e8s, Hiszpania;<\/li>\n\n\n\n<li><strong>21.02.2005 &#8211; 02.03.2014<\/strong> &#8211; praca na stanowisku asystenta na Wydziale Fizyki UwB.<\/li>\n<\/ul>\n","protected":false},"excerpt":{"rendered":"<p>Dane personalne: Identyfikacja naukowa: Wykszta\u0142cenie: Do\u015bwiadczenie zawodowe:<\/p>\n","protected":false},"author":25,"featured_media":0,"parent":0,"menu_order":0,"comment_status":"closed","ping_status":"closed","template":"","meta":{"site-sidebar-layout":"default","site-content-layout":"","ast-site-content-layout":"default","site-content-style":"default","site-sidebar-style":"default","ast-global-header-display":"","ast-banner-title-visibility":"","ast-main-header-display":"","ast-hfb-above-header-display":"","ast-hfb-below-header-display":"","ast-hfb-mobile-header-display":"","site-post-title":"","ast-breadcrumbs-content":"","ast-featured-img":"","footer-sml-layout":"","ast-disable-related-posts":"","theme-transparent-header-meta":"","adv-header-id-meta":"","stick-header-meta":"","header-above-stick-meta":"","header-main-stick-meta":"","header-below-stick-meta":"","astra-migrate-meta-layouts":"default","ast-page-background-enabled":"default","ast-page-background-meta":{"desktop":{"background-color":"var(--ast-global-color-4)","background-image":"","background-repeat":"repeat","background-position":"center center","background-size":"auto","background-attachment":"scroll","background-type":"","background-media":"","overlay-type":"","overlay-color":"","overlay-opacity":"","overlay-gradient":""},"tablet":{"background-color":"","background-image":"","background-repeat":"repeat","background-position":"center center","background-size":"auto","background-attachment":"scroll","background-type":"","background-media":"","overlay-type":"","overlay-color":"","overlay-opacity":"","overlay-gradient":""},"mobile":{"background-color":"","background-image":"","background-repeat":"repeat","background-position":"center center","background-size":"auto","background-attachment":"scroll","background-type":"","background-media":"","overlay-type":"","overlay-color":"","overlay-opacity":"","overlay-gradient":""}},"ast-content-background-meta":{"desktop":{"background-color":"var(--ast-global-color-5)","background-image":"","background-repeat":"repeat","background-position":"center center","background-size":"auto","background-attachment":"scroll","background-type":"","background-media":"","overlay-type":"","overlay-color":"","overlay-opacity":"","overlay-gradient":""},"tablet":{"background-color":"var(--ast-global-color-5)","background-image":"","background-repeat":"repeat","background-position":"center center","background-size":"auto","background-attachment":"scroll","background-type":"","background-media":"","overlay-type":"","overlay-color":"","overlay-opacity":"","overlay-gradient":""},"mobile":{"background-color":"var(--ast-global-color-5)","background-image":"","background-repeat":"repeat","background-position":"center center","background-size":"auto","background-attachment":"scroll","background-type":"","background-media":"","overlay-type":"","overlay-color":"","overlay-opacity":"","overlay-gradient":""}},"ngg_post_thumbnail":0,"footnotes":""},"class_list":["post-89","page","type-page","status-publish","hentry"],"_links":{"self":[{"href":"https:\/\/physics.uwb.edu.pl\/wf\/wolszewski\/wp-json\/wp\/v2\/pages\/89","targetHints":{"allow":["GET"]}}],"collection":[{"href":"https:\/\/physics.uwb.edu.pl\/wf\/wolszewski\/wp-json\/wp\/v2\/pages"}],"about":[{"href":"https:\/\/physics.uwb.edu.pl\/wf\/wolszewski\/wp-json\/wp\/v2\/types\/page"}],"author":[{"embeddable":true,"href":"https:\/\/physics.uwb.edu.pl\/wf\/wolszewski\/wp-json\/wp\/v2\/users\/25"}],"replies":[{"embeddable":true,"href":"https:\/\/physics.uwb.edu.pl\/wf\/wolszewski\/wp-json\/wp\/v2\/comments?post=89"}],"version-history":[{"count":17,"href":"https:\/\/physics.uwb.edu.pl\/wf\/wolszewski\/wp-json\/wp\/v2\/pages\/89\/revisions"}],"predecessor-version":[{"id":1742,"href":"https:\/\/physics.uwb.edu.pl\/wf\/wolszewski\/wp-json\/wp\/v2\/pages\/89\/revisions\/1742"}],"wp:attachment":[{"href":"https:\/\/physics.uwb.edu.pl\/wf\/wolszewski\/wp-json\/wp\/v2\/media?parent=89"}],"curies":[{"name":"wp","href":"https:\/\/api.w.org\/{rel}","templated":true}]}}